{"id":310,"date":"2025-02-27T13:50:47","date_gmt":"2025-02-27T16:50:47","guid":{"rendered":"https:\/\/projetos.uel.br\/praxis\/?page_id=310"},"modified":"2025-04-15T15:34:19","modified_gmt":"2025-04-15T18:34:19","slug":"quinta-canabica","status":"publish","type":"page","link":"https:\/\/projetos.uel.br\/praxis\/quinta-canabica\/","title":{"rendered":"Quinta Can\u00e1bica"},"content":{"rendered":"\n<p>Assim como a <strong><a href=\"https:\/\/projetos.uel.br\/praxis\/quarta-canabica\/\">Quarta Can\u00e1bica<\/a><\/strong>, o evento foi uma colabora\u00e7\u00e3o entre o Pr\u00e1xis Itinerante com a Associa\u00e7\u00e3o Cura em Flor, mas dessa vez a discuss\u00e3o foi sobre o uso terap\u00eautico da maconha e sobre a Lei 962\/2019, intitulada Lei P\u00e9tala, a qual pretende facilitar o acesso a medicamentos e produtos \u00e0 base de canabidiol (CBD) e tetrahidrocanabinol (THC) para tratamento de doen\u00e7as, s\u00edndromes e transtorno de sa\u00fade, mediante apresenta\u00e7\u00e3o de uma s\u00e9rie de documentos. O evento aconteceu em 23 de mar\u00e7o de 2023 e contou com a participa\u00e7\u00e3o de um dos autores da Lei P\u00e9tala, o Deputado Estadual Goura (PDT), e de profissionais da Associa\u00e7\u00e3o que compartilharam suas experi\u00eancias.<\/p>\n\n\n\n<figure class=\"wp-block-embed is-type-video is-provider-youtube wp-block-embed-youtube wp-embed-aspect-16-9 wp-has-aspect-ratio\"><div class=\"wp-block-embed__wrapper\">\n<iframe loading=\"lazy\" title=\"QUINTA CAN\u00c1BICA: O USO TERAP\u00caUTICO DA MACONHA E LEI P\u00c9TALA - CANNABIS MEDICINAL (LEI 21.364\/2023)\" width=\"500\" height=\"281\" src=\"https:\/\/www.youtube.com\/embed\/TpEXXFjAmc0?feature=oembed\" frameborder=\"0\" allow=\"accelerometer; autoplay; clipboard-write; encrypted-media; gyroscope; picture-in-picture; web-share\" referrerpolicy=\"strict-origin-when-cross-origin\" allowfullscreen><\/iframe>\n<\/div><\/figure>\n","protected":false},"excerpt":{"rendered":"<p>Assim como a Quarta Can\u00e1bica, o evento foi uma colabora\u00e7\u00e3o entre o Pr\u00e1xis Itinerante com a Associa\u00e7\u00e3o Cura em Flor, mas dessa vez a discuss\u00e3o foi sobre o uso terap\u00eautico da maconha e sobre a Lei 962\/2019, intitulada Lei P\u00e9tala, a qual pretende facilitar o acesso a medicamentos e produtos \u00e0 base de canabidiol (CBD) [&hellip;]<\/p>\n","protected":false},"author":10,"featured_media":0,"parent":0,"menu_order":0,"comment_status":"closed","ping_status":"closed","template":"","meta":{"_acf_changed":false,"footnotes":""},"class_list":["post-310","page","type-page","status-publish","hentry"],"acf":[],"_links":{"self":[{"href":"https:\/\/projetos.uel.br\/praxis\/wp-json\/wp\/v2\/pages\/310","targetHints":{"allow":["GET"]}}],"collection":[{"href":"https:\/\/projetos.uel.br\/praxis\/wp-json\/wp\/v2\/pages"}],"about":[{"href":"https:\/\/projetos.uel.br\/praxis\/wp-json\/wp\/v2\/types\/page"}],"author":[{"embeddable":true,"href":"https:\/\/projetos.uel.br\/praxis\/wp-json\/wp\/v2\/users\/10"}],"replies":[{"embeddable":true,"href":"https:\/\/projetos.uel.br\/praxis\/wp-json\/wp\/v2\/comments?post=310"}],"version-history":[{"count":4,"href":"https:\/\/projetos.uel.br\/praxis\/wp-json\/wp\/v2\/pages\/310\/revisions"}],"predecessor-version":[{"id":607,"href":"https:\/\/projetos.uel.br\/praxis\/wp-json\/wp\/v2\/pages\/310\/revisions\/607"}],"wp:attachment":[{"href":"https:\/\/projetos.uel.br\/praxis\/wp-json\/wp\/v2\/media?parent=310"}],"curies":[{"name":"wp","href":"https:\/\/api.w.org\/{rel}","templated":true}]}}

Quinta Canábica

<p>Assim como a <strong><a href="https://projetos.uel.br/praxis/quarta-canabica/">Quarta Canábica</a></strong>, o evento foi uma colaboração entre o Práxis Itinerante com a Associação Cura em Flor, mas dessa vez a discussão foi sobre o uso terapêutico da maconha e sobre a Lei 962/2019, intitulada Lei Pétala, a qual pretende facilitar o acesso a medicamentos e produtos à base de canabidiol (CBD) e tetrahidrocanabinol (THC) para tratamento de doenças, síndromes e transtorno de saúde, mediante apresentação de uma série de documentos. O evento aconteceu em 23 de março de 2023 e contou com a participação de um dos autores da Lei Pétala, o Deputado Estadual Goura (PDT), e de profissionais da Associação que compartilharam suas experiências.</p>



<figure class="wp-block-embed is-type-video is-provider-youtube wp-block-embed-youtube wp-embed-aspect-16-9 wp-has-aspect-ratio"><div class="wp-block-embed__wrapper">
<iframe loading="lazy" title="QUINTA CANÁBICA: O USO TERAPÊUTICO DA MACONHA E LEI PÉTALA - CANNABIS MEDICINAL (LEI 21.364/2023)" width="500" height="281" src="https://www.youtube.com/embed/TpEXXFjAmc0?feature=oembed" frameborder="0" allow="accelerometer; autoplay; clipboard-write; encrypted-media; gyroscope; picture-in-picture; web-share" referrerpolicy="strict-origin-when-cross-origin" allowfullscreen></iframe>
</div></figure>

<p>Assim como a Quarta Canábica, o evento foi uma colaboração entre o Práxis Itinerante com a Associação Cura em Flor, mas dessa vez a discussão foi sobre o uso terapêutico da maconha e sobre a Lei 962/2019, intitulada Lei Pétala, a qual pretende facilitar o acesso a medicamentos e produtos à base de canabidiol (CBD) [&hellip;]</p>
