{"id":309,"date":"2025-02-27T13:50:47","date_gmt":"2025-02-27T16:50:47","guid":{"rendered":"https:\/\/projetos.uel.br\/praxis\/?page_id=309"},"modified":"2025-04-16T17:54:43","modified_gmt":"2025-04-16T20:54:43","slug":"quarta-canabica","status":"publish","type":"page","link":"https:\/\/projetos.uel.br\/praxis\/quarta-canabica\/","title":{"rendered":"Quarta Can\u00e1bica"},"content":{"rendered":"\n<p>O <strong>Pr\u00e1xis Itinerante e a Associa\u00e7\u00e3o Cura em Flor<\/strong>, realizaram a Quarta Can\u00e1bica em comemora\u00e7\u00e3o aos 2 anos da Associa\u00e7\u00e3o, com participa\u00e7\u00e3o dos integrantes da associa\u00e7\u00e3o para um debate a respeito de temas relacionados \u00e0 cannabis medicinal e tamb\u00e9m uma retrospectiva dos dois anos de atua\u00e7\u00e3o.\u00a0<\/p>\n\n\n\n<p>O evento aconteceu no dia 14 de novembro de 2022 e teve transmiss\u00e3o ao vivo no YouTube do Pr\u00e1xis Itinerante.&nbsp;<\/p>\n\n\n\n<figure class=\"wp-block-embed is-type-video is-provider-youtube wp-block-embed-youtube wp-embed-aspect-16-9 wp-has-aspect-ratio\"><div class=\"wp-block-embed__wrapper\">\n<iframe loading=\"lazy\" title=\"Quarta Cann\u00e1bica - Comemora\u00e7\u00e3o aos 2 anos da Associa\u00e7\u00e3o Cura em Flor de Apoio \u00e0 Cannabis Medicinal\" width=\"500\" height=\"281\" src=\"https:\/\/www.youtube.com\/embed\/aTcfjS4J5J8?feature=oembed\" frameborder=\"0\" allow=\"accelerometer; autoplay; clipboard-write; encrypted-media; gyroscope; picture-in-picture; web-share\" referrerpolicy=\"strict-origin-when-cross-origin\" allowfullscreen><\/iframe>\n<\/div><\/figure>\n","protected":false},"excerpt":{"rendered":"<p>O Pr\u00e1xis Itinerante e a Associa\u00e7\u00e3o Cura em Flor, realizaram a Quarta Can\u00e1bica em comemora\u00e7\u00e3o aos 2 anos da Associa\u00e7\u00e3o, com participa\u00e7\u00e3o dos integrantes da associa\u00e7\u00e3o para um debate a respeito de temas relacionados \u00e0 cannabis medicinal e tamb\u00e9m uma retrospectiva dos dois anos de atua\u00e7\u00e3o.\u00a0 O evento aconteceu no dia 14 de novembro de [&hellip;]<\/p>\n","protected":false},"author":10,"featured_media":0,"parent":0,"menu_order":0,"comment_status":"closed","ping_status":"closed","template":"","meta":{"_acf_changed":false,"footnotes":""},"class_list":["post-309","page","type-page","status-publish","hentry"],"acf":[],"_links":{"self":[{"href":"https:\/\/projetos.uel.br\/praxis\/wp-json\/wp\/v2\/pages\/309","targetHints":{"allow":["GET"]}}],"collection":[{"href":"https:\/\/projetos.uel.br\/praxis\/wp-json\/wp\/v2\/pages"}],"about":[{"href":"https:\/\/projetos.uel.br\/praxis\/wp-json\/wp\/v2\/types\/page"}],"author":[{"embeddable":true,"href":"https:\/\/projetos.uel.br\/praxis\/wp-json\/wp\/v2\/users\/10"}],"replies":[{"embeddable":true,"href":"https:\/\/projetos.uel.br\/praxis\/wp-json\/wp\/v2\/comments?post=309"}],"version-history":[{"count":4,"href":"https:\/\/projetos.uel.br\/praxis\/wp-json\/wp\/v2\/pages\/309\/revisions"}],"predecessor-version":[{"id":682,"href":"https:\/\/projetos.uel.br\/praxis\/wp-json\/wp\/v2\/pages\/309\/revisions\/682"}],"wp:attachment":[{"href":"https:\/\/projetos.uel.br\/praxis\/wp-json\/wp\/v2\/media?parent=309"}],"curies":[{"name":"wp","href":"https:\/\/api.w.org\/{rel}","templated":true}]}}

Quarta Canábica

<p>O <strong>Práxis Itinerante e a Associação Cura em Flor</strong>, realizaram a Quarta Canábica em comemoração aos 2 anos da Associação, com participação dos integrantes da associação para um debate a respeito de temas relacionados à cannabis medicinal e também uma retrospectiva dos dois anos de atuação. </p>



<p>O evento aconteceu no dia 14 de novembro de 2022 e teve transmissão ao vivo no YouTube do Práxis Itinerante.&nbsp;</p>



<figure class="wp-block-embed is-type-video is-provider-youtube wp-block-embed-youtube wp-embed-aspect-16-9 wp-has-aspect-ratio"><div class="wp-block-embed__wrapper">
<iframe loading="lazy" title="Quarta Cannábica - Comemoração aos 2 anos da Associação Cura em Flor de Apoio à Cannabis Medicinal" width="500" height="281" src="https://www.youtube.com/embed/aTcfjS4J5J8?feature=oembed" frameborder="0" allow="accelerometer; autoplay; clipboard-write; encrypted-media; gyroscope; picture-in-picture; web-share" referrerpolicy="strict-origin-when-cross-origin" allowfullscreen></iframe>
</div></figure>

<p>O Práxis Itinerante e a Associação Cura em Flor, realizaram a Quarta Canábica em comemoração aos 2 anos da Associação, com participação dos integrantes da associação para um debate a respeito de temas relacionados à cannabis medicinal e também uma retrospectiva dos dois anos de atuação.  O evento aconteceu no dia 14 de novembro de [&hellip;]</p>
