{"id":308,"date":"2025-02-27T13:50:47","date_gmt":"2025-02-27T16:50:47","guid":{"rendered":"https:\/\/projetos.uel.br\/praxis\/?page_id=308"},"modified":"2025-04-23T15:42:15","modified_gmt":"2025-04-23T18:42:15","slug":"conferencia-internacional-democracia-e-acoes-golpistas-no-brasil-com-james-n-green","status":"publish","type":"page","link":"https:\/\/projetos.uel.br\/praxis\/conferencia-internacional-democracia-e-acoes-golpistas-no-brasil-com-james-n-green\/","title":{"rendered":"Confer\u00eancia Internacional \u201cDemocracia e a\u00e7\u00f5es golpistas no Brasil\u201d, com James N. Green."},"content":{"rendered":"\n<p>No dia 22 de agosto de 2022, o historiador estadunidense James Naylor Green, refer\u00eancia para os estudos latino-americanos, especificamente na hist\u00f3ria do Brasil e professor de Hist\u00f3ria da Am\u00e9rica Latina no Departamento de Hist\u00f3ria da Brown University, veio \u00e0 UEL participar da Confer\u00eancia Internacional: Democracia e A\u00e7\u00f5es Golpistas no Brasil.&nbsp;<\/p>\n\n\n\n<p>O evento contribuiu com o processo de populariza\u00e7\u00e3o do conhecimento, tanto acad\u00eamico quanto das institui\u00e7\u00f5es democr\u00e1ticas no Brasil, buscando favorecer o movimento de aproxima\u00e7\u00e3o da comunidade com a universidade. A realiza\u00e7\u00e3o aconteceu no Anfiteatro do Centro de Letras e Ci\u00eancias Humanas (CLCH) e teve seu in\u00edcio depois do show \u201cSamba da Democracia\u201d, com as cantoras londrinenses Silvia Borba e Cec\u00edlia Bandeira.<\/p>\n\n\n\n<p>Al\u00e9m do Pr\u00e1xis Itinerante, os associados do evento foram o Laborat\u00f3rio de Estudos sobre as Religi\u00f5es e Religiosidades (LEER), Coletivo Cidadania Brasileira de profissionais liberais de Londrina, Programa de P\u00f3s Gradua\u00e7\u00e3o de Sociologia (PPGSOC), Conselho Nacional de Desenvolvimento Cient\u00edfico e Tecnol\u00f3gico (CNPq) e Funda\u00e7\u00e3o Arauc\u00e1ria.&nbsp;<\/p>\n\n\n\n<div class=\"wp-block-columns is-layout-flex wp-container-core-columns-is-layout-9d6595d7 wp-block-columns-is-layout-flex\">\n<div class=\"wp-block-column is-layout-flow wp-block-column-is-layout-flow\">\n<div class=\"wp-block-columns is-layout-flex wp-container-core-columns-is-layout-9d6595d7 wp-block-columns-is-layout-flex\">\n<div class=\"wp-block-column is-layout-flow wp-block-column-is-layout-flow\"><div class=\"wp-block-image\">\n<figure class=\"aligncenter size-full\"><img loading=\"lazy\" decoding=\"async\" width=\"485\" height=\"606\" src=\"https:\/\/projetos.uel.br\/praxis\/wp-content\/uploads\/2025\/04\/Captura-de-tela-2025-04-08-175340-2.png\" alt=\"\" class=\"wp-image-575\" srcset=\"https:\/\/projetos.uel.br\/praxis\/wp-content\/uploads\/2025\/04\/Captura-de-tela-2025-04-08-175340-2.png 485w, https:\/\/projetos.uel.br\/praxis\/wp-content\/uploads\/2025\/04\/Captura-de-tela-2025-04-08-175340-2-240x300.png 240w\" sizes=\"auto, (max-width: 485px) 100vw, 485px\" \/><\/figure>\n<\/div><\/div>\n\n\n\n<div class=\"wp-block-column is-layout-flow wp-block-column-is-layout-flow\"><div class=\"wp-block-image\">\n<figure class=\"aligncenter size-full\"><img loading=\"lazy\" decoding=\"async\" width=\"484\" height=\"607\" src=\"https:\/\/projetos.uel.br\/praxis\/wp-content\/uploads\/2025\/04\/Captura-de-tela-2025-04-08-180028.png\" alt=\"\" class=\"wp-image-576\" srcset=\"https:\/\/projetos.uel.br\/praxis\/wp-content\/uploads\/2025\/04\/Captura-de-tela-2025-04-08-180028.png 484w, https:\/\/projetos.uel.br\/praxis\/wp-content\/uploads\/2025\/04\/Captura-de-tela-2025-04-08-180028-239x300.png 239w\" sizes=\"auto, (max-width: 484px) 100vw, 484px\" \/><\/figure>\n<\/div><\/div>\n<\/div>\n<\/div>\n<\/div>\n\n\n\n<figure class=\"wp-block-embed is-type-video is-provider-youtube wp-block-embed-youtube wp-embed-aspect-16-9 wp-has-aspect-ratio\"><div class=\"wp-block-embed__wrapper\">\n<iframe loading=\"lazy\" title=\"Confer\u00eancia Internacional &quot;Democracia e A\u00e7\u00f5es Golpistas no Brasil&quot; com James Green\" width=\"500\" height=\"281\" src=\"https:\/\/www.youtube.com\/embed\/6vkTfHRr54E?feature=oembed\" frameborder=\"0\" allow=\"accelerometer; autoplay; clipboard-write; encrypted-media; gyroscope; picture-in-picture; web-share\" referrerpolicy=\"strict-origin-when-cross-origin\" allowfullscreen><\/iframe>\n<\/div><\/figure>\n","protected":false},"excerpt":{"rendered":"<p>No dia 22 de agosto de 2022, o historiador estadunidense James Naylor Green, refer\u00eancia para os estudos latino-americanos, especificamente na hist\u00f3ria do Brasil e professor de Hist\u00f3ria da Am\u00e9rica Latina no Departamento de Hist\u00f3ria da Brown University, veio \u00e0 UEL participar da Confer\u00eancia Internacional: Democracia e A\u00e7\u00f5es Golpistas no Brasil.&nbsp; O evento contribuiu com o [&hellip;]<\/p>\n","protected":false},"author":10,"featured_media":0,"parent":0,"menu_order":0,"comment_status":"closed","ping_status":"closed","template":"","meta":{"_acf_changed":false,"footnotes":""},"class_list":["post-308","page","type-page","status-publish","hentry"],"acf":[],"_links":{"self":[{"href":"https:\/\/projetos.uel.br\/praxis\/wp-json\/wp\/v2\/pages\/308","targetHints":{"allow":["GET"]}}],"collection":[{"href":"https:\/\/projetos.uel.br\/praxis\/wp-json\/wp\/v2\/pages"}],"about":[{"href":"https:\/\/projetos.uel.br\/praxis\/wp-json\/wp\/v2\/types\/page"}],"author":[{"embeddable":true,"href":"https:\/\/projetos.uel.br\/praxis\/wp-json\/wp\/v2\/users\/10"}],"replies":[{"embeddable":true,"href":"https:\/\/projetos.uel.br\/praxis\/wp-json\/wp\/v2\/comments?post=308"}],"version-history":[{"count":5,"href":"https:\/\/projetos.uel.br\/praxis\/wp-json\/wp\/v2\/pages\/308\/revisions"}],"predecessor-version":[{"id":1039,"href":"https:\/\/projetos.uel.br\/praxis\/wp-json\/wp\/v2\/pages\/308\/revisions\/1039"}],"wp:attachment":[{"href":"https:\/\/projetos.uel.br\/praxis\/wp-json\/wp\/v2\/media?parent=308"}],"curies":[{"name":"wp","href":"https:\/\/api.w.org\/{rel}","templated":true}]}}

Conferência Internacional “Democracia e ações golpistas no Brasil”, com James N. Green.

<p>No dia 22 de agosto de 2022, o historiador estadunidense James Naylor Green, referência para os estudos latino-americanos, especificamente na história do Brasil e professor de História da América Latina no Departamento de História da Brown University, veio à UEL participar da Conferência Internacional: Democracia e Ações Golpistas no Brasil.&nbsp;</p>



<p>O evento contribuiu com o processo de popularização do conhecimento, tanto acadêmico quanto das instituições democráticas no Brasil, buscando favorecer o movimento de aproximação da comunidade com a universidade. A realização aconteceu no Anfiteatro do Centro de Letras e Ciências Humanas (CLCH) e teve seu início depois do show “Samba da Democracia”, com as cantoras londrinenses Silvia Borba e Cecília Bandeira.</p>



<p>Além do Práxis Itinerante, os associados do evento foram o Laboratório de Estudos sobre as Religiões e Religiosidades (LEER), Coletivo Cidadania Brasileira de profissionais liberais de Londrina, Programa de Pós Graduação de Sociologia (PPGSOC), Conselho Nacional de Desenvolvimento Científico e Tecnológico (CNPq) e Fundação Araucária.&nbsp;</p>



<div class="wp-block-columns is-layout-flex wp-container-core-columns-is-layout-9d6595d7 wp-block-columns-is-layout-flex">
<div class="wp-block-column is-layout-flow wp-block-column-is-layout-flow">
<div class="wp-block-columns is-layout-flex wp-container-core-columns-is-layout-9d6595d7 wp-block-columns-is-layout-flex">
<div class="wp-block-column is-layout-flow wp-block-column-is-layout-flow"><div class="wp-block-image">
<figure class="aligncenter size-full"><img loading="lazy" decoding="async" width="485" height="606" src="https://projetos.uel.br/praxis/wp-content/uploads/2025/04/Captura-de-tela-2025-04-08-175340-2.png" alt="" class="wp-image-575" srcset="https://projetos.uel.br/praxis/wp-content/uploads/2025/04/Captura-de-tela-2025-04-08-175340-2.png 485w, https://projetos.uel.br/praxis/wp-content/uploads/2025/04/Captura-de-tela-2025-04-08-175340-2-240x300.png 240w" sizes="auto, (max-width: 485px) 100vw, 485px" /></figure>
</div></div>



<div class="wp-block-column is-layout-flow wp-block-column-is-layout-flow"><div class="wp-block-image">
<figure class="aligncenter size-full"><img loading="lazy" decoding="async" width="484" height="607" src="https://projetos.uel.br/praxis/wp-content/uploads/2025/04/Captura-de-tela-2025-04-08-180028.png" alt="" class="wp-image-576" srcset="https://projetos.uel.br/praxis/wp-content/uploads/2025/04/Captura-de-tela-2025-04-08-180028.png 484w, https://projetos.uel.br/praxis/wp-content/uploads/2025/04/Captura-de-tela-2025-04-08-180028-239x300.png 239w" sizes="auto, (max-width: 484px) 100vw, 484px" /></figure>
</div></div>
</div>
</div>
</div>



<figure class="wp-block-embed is-type-video is-provider-youtube wp-block-embed-youtube wp-embed-aspect-16-9 wp-has-aspect-ratio"><div class="wp-block-embed__wrapper">
<iframe loading="lazy" title="Conferência Internacional &quot;Democracia e Ações Golpistas no Brasil&quot; com James Green" width="500" height="281" src="https://www.youtube.com/embed/6vkTfHRr54E?feature=oembed" frameborder="0" allow="accelerometer; autoplay; clipboard-write; encrypted-media; gyroscope; picture-in-picture; web-share" referrerpolicy="strict-origin-when-cross-origin" allowfullscreen></iframe>
</div></figure>

<p>No dia 22 de agosto de 2022, o historiador estadunidense James Naylor Green, referência para os estudos latino-americanos, especificamente na história do Brasil e professor de História da América Latina no Departamento de História da Brown University, veio à UEL participar da Conferência Internacional: Democracia e Ações Golpistas no Brasil.&nbsp; O evento contribuiu com o [&hellip;]</p>
