{"id":306,"date":"2025-02-27T13:50:47","date_gmt":"2025-02-27T16:50:47","guid":{"rendered":"https:\/\/projetos.uel.br\/praxis\/?page_id=306"},"modified":"2025-04-08T16:46:51","modified_gmt":"2025-04-08T19:46:51","slug":"jesse-de-souza-elite-do-atraso","status":"publish","type":"page","link":"https:\/\/projetos.uel.br\/praxis\/jesse-de-souza-elite-do-atraso\/","title":{"rendered":"Jess\u00e9 de Souza, Elite do Atraso"},"content":{"rendered":"\n<p>No dia 17 de setembro de 2018, Jess\u00e9 de Souza, escritor, cientista social, ex-presidente do IPEA (Instituto de Pesquisa Econ\u00f4mica Aplicada) e professor da Universidade Federal do ABC palestrou gratuitamente no Cine Teatro Ouro Verde, com base na sua obra, \u201cElite do Atraso\u201d, que aborda a crise brasileira, ra\u00edzes hist\u00f3ricas e sociais e suas implica\u00e7\u00f5es no futuro.<\/p>\n\n\n<div class=\"wp-block-image\">\n<figure class=\"aligncenter size-full\"><img loading=\"lazy\" decoding=\"async\" width=\"413\" height=\"310\" src=\"https:\/\/projetos.uel.br\/praxis\/wp-content\/uploads\/2025\/04\/Captura-de-tela-2025-04-08-163617-edited.png\" alt=\"Jesse de Souza\" class=\"wp-image-558\" srcset=\"https:\/\/projetos.uel.br\/praxis\/wp-content\/uploads\/2025\/04\/Captura-de-tela-2025-04-08-163617-edited.png 413w, https:\/\/projetos.uel.br\/praxis\/wp-content\/uploads\/2025\/04\/Captura-de-tela-2025-04-08-163617-edited-300x225.png 300w\" sizes=\"auto, (max-width: 413px) 100vw, 413px\" \/><figcaption class=\"wp-element-caption\">Jess\u00e9 de Souza<\/figcaption><\/figure>\n<\/div>\n\n\n<p>O p\u00fablico foi composto por mais de 750, com programa\u00e7\u00e3o aberta.&nbsp;<\/p>\n\n\n\n<p>Aconteceu tamb\u00e9m, uma performance teatral da Companhia dos Palha\u00e7os de Rua, com patroc\u00ednio da APP Sindicato Londrina, Sindicato dos Banc\u00e1rios de Londrina e Regi\u00e3o, Sinpro Londrina e Norte, Sinsa\u00fade, Sinttrol e Sintvest. Outras parcerias foram estabelecidas com a Assuel, Sindicato dos Empregados do Com\u00e9rcio, Sindicato dos Metal\u00fargicos, Sindicato dos Eletricit\u00e1rios (SINDEL) e STIA.<\/p>\n\n\n\n<figure class=\"wp-block-embed is-type-video is-provider-youtube wp-block-embed-youtube wp-embed-aspect-16-9 wp-has-aspect-ratio\"><div class=\"wp-block-embed__wrapper\">\n<iframe loading=\"lazy\" title=\"JESS\u00c9 SOUZA EM LONDRINA - Confer\u00eancia na \u00cdntegra\" width=\"500\" height=\"281\" src=\"https:\/\/www.youtube.com\/embed\/59INevdlrOg?feature=oembed\" frameborder=\"0\" allow=\"accelerometer; autoplay; clipboard-write; encrypted-media; gyroscope; picture-in-picture; web-share\" referrerpolicy=\"strict-origin-when-cross-origin\" allowfullscreen><\/iframe>\n<\/div><\/figure>\n","protected":false},"excerpt":{"rendered":"<p>No dia 17 de setembro de 2018, Jess\u00e9 de Souza, escritor, cientista social, ex-presidente do IPEA (Instituto de Pesquisa Econ\u00f4mica Aplicada) e professor da Universidade Federal do ABC palestrou gratuitamente no Cine Teatro Ouro Verde, com base na sua obra, \u201cElite do Atraso\u201d, que aborda a crise brasileira, ra\u00edzes hist\u00f3ricas e sociais e suas implica\u00e7\u00f5es [&hellip;]<\/p>\n","protected":false},"author":10,"featured_media":0,"parent":0,"menu_order":0,"comment_status":"closed","ping_status":"closed","template":"","meta":{"_acf_changed":false,"footnotes":""},"class_list":["post-306","page","type-page","status-publish","hentry"],"acf":[],"_links":{"self":[{"href":"https:\/\/projetos.uel.br\/praxis\/wp-json\/wp\/v2\/pages\/306","targetHints":{"allow":["GET"]}}],"collection":[{"href":"https:\/\/projetos.uel.br\/praxis\/wp-json\/wp\/v2\/pages"}],"about":[{"href":"https:\/\/projetos.uel.br\/praxis\/wp-json\/wp\/v2\/types\/page"}],"author":[{"embeddable":true,"href":"https:\/\/projetos.uel.br\/praxis\/wp-json\/wp\/v2\/users\/10"}],"replies":[{"embeddable":true,"href":"https:\/\/projetos.uel.br\/praxis\/wp-json\/wp\/v2\/comments?post=306"}],"version-history":[{"count":3,"href":"https:\/\/projetos.uel.br\/praxis\/wp-json\/wp\/v2\/pages\/306\/revisions"}],"predecessor-version":[{"id":560,"href":"https:\/\/projetos.uel.br\/praxis\/wp-json\/wp\/v2\/pages\/306\/revisions\/560"}],"wp:attachment":[{"href":"https:\/\/projetos.uel.br\/praxis\/wp-json\/wp\/v2\/media?parent=306"}],"curies":[{"name":"wp","href":"https:\/\/api.w.org\/{rel}","templated":true}]}}

Jessé de Souza, Elite do Atraso

<p>No dia 17 de setembro de 2018, Jessé de Souza, escritor, cientista social, ex-presidente do IPEA (Instituto de Pesquisa Econômica Aplicada) e professor da Universidade Federal do ABC palestrou gratuitamente no Cine Teatro Ouro Verde, com base na sua obra, “Elite do Atraso”, que aborda a crise brasileira, raízes históricas e sociais e suas implicações no futuro.</p>


<div class="wp-block-image">
<figure class="aligncenter size-full"><img loading="lazy" decoding="async" width="413" height="310" src="https://projetos.uel.br/praxis/wp-content/uploads/2025/04/Captura-de-tela-2025-04-08-163617-edited.png" alt="Jesse de Souza" class="wp-image-558" srcset="https://projetos.uel.br/praxis/wp-content/uploads/2025/04/Captura-de-tela-2025-04-08-163617-edited.png 413w, https://projetos.uel.br/praxis/wp-content/uploads/2025/04/Captura-de-tela-2025-04-08-163617-edited-300x225.png 300w" sizes="auto, (max-width: 413px) 100vw, 413px" /><figcaption class="wp-element-caption">Jessé de Souza</figcaption></figure>
</div>


<p>O público foi composto por mais de 750, com programação aberta.&nbsp;</p>



<p>Aconteceu também, uma performance teatral da Companhia dos Palhaços de Rua, com patrocínio da APP Sindicato Londrina, Sindicato dos Bancários de Londrina e Região, Sinpro Londrina e Norte, Sinsaúde, Sinttrol e Sintvest. Outras parcerias foram estabelecidas com a Assuel, Sindicato dos Empregados do Comércio, Sindicato dos Metalúrgicos, Sindicato dos Eletricitários (SINDEL) e STIA.</p>



<figure class="wp-block-embed is-type-video is-provider-youtube wp-block-embed-youtube wp-embed-aspect-16-9 wp-has-aspect-ratio"><div class="wp-block-embed__wrapper">
<iframe loading="lazy" title="JESSÉ SOUZA EM LONDRINA - Conferência na Íntegra" width="500" height="281" src="https://www.youtube.com/embed/59INevdlrOg?feature=oembed" frameborder="0" allow="accelerometer; autoplay; clipboard-write; encrypted-media; gyroscope; picture-in-picture; web-share" referrerpolicy="strict-origin-when-cross-origin" allowfullscreen></iframe>
</div></figure>

<p>No dia 17 de setembro de 2018, Jessé de Souza, escritor, cientista social, ex-presidente do IPEA (Instituto de Pesquisa Econômica Aplicada) e professor da Universidade Federal do ABC palestrou gratuitamente no Cine Teatro Ouro Verde, com base na sua obra, “Elite do Atraso”, que aborda a crise brasileira, raízes históricas e sociais e suas implicações [&hellip;]</p>
