{"id":302,"date":"2025-02-27T13:50:47","date_gmt":"2025-02-27T16:50:47","guid":{"rendered":"https:\/\/projetos.uel.br\/praxis\/?page_id=302"},"modified":"2025-04-22T15:10:59","modified_gmt":"2025-04-22T18:10:59","slug":"i-simposio-internacional-praxis-itinerante","status":"publish","type":"page","link":"https:\/\/projetos.uel.br\/praxis\/i-simposio-internacional-praxis-itinerante\/","title":{"rendered":"I Simp\u00f3sio Internacional Pr\u00e1xis Itinerante"},"content":{"rendered":"\n<p>O III Semin\u00e1rio Tem\u00e1tico do Pr\u00e1xis Itinerante: Diversidades, Pluralidades e Perspectivas em Debate e o I Simp\u00f3sio Internacional Pr\u00e1xis Itinerante: Juventudes e Diversidades aconteceram nos dias 20 e 22 de agosto de 2024, no no Anfiteatro Maior do CLCH, Centro de Letras e Ci\u00eancias Humanas. Atrav\u00e9s de mesas redondas, oficinas e grupos de trabalho, o evento procura desenvolver conversas sobre as diferentes formas de resist\u00eancia juvenil e as profundas desigualdades socioecon\u00f4micas. &nbsp;Contou com onze grupos de trabalho que trataram de diversas tem\u00e1ticas como: <em>Migra\u00e7\u00e3o, &nbsp;Interseccionalidades, Diversidades e Povos Origin\u00e1rios, Diversidades e Luta Anti-Capacitista, G\u00eanero, Sexualidade e Religi\u00f5es, Diversidades e Educa\u00e7\u00e3o, Cultura Popular\/Tradicional e Perif\u00e9rica, Diversidades e Estudos \u00c9tnico-Raciais (africanos e brasileiros), Diversidades entre Cannabis e Maconha, Os Estudos Japoneses no Brasil: uma \u00e1rea em crescimento, Empresariamento e Militariza\u00e7\u00e3o da educa\u00e7\u00e3o: cr\u00edtica, resist\u00eancia e defesa da escola p\u00fablica<\/em><\/p>\n\n\n\n<p>A realiza\u00e7\u00e3o teve a participa\u00e7\u00e3o de diversos estudiosos, como o professor Kaique Cardoso, da UBI, Universidade da Beira Interior, Portugal, e do tamb\u00e9m docente, Jos\u00e9 Francisco dos Santos, da UFOB, Universidade Federal do Oeste da Bahia, e convidados representantes do Poder Legislativo Estadual, como os deputados Renato Freitas e Ana J\u00falia Ribeiro e da presidente do APP &#8211; Sindicato dos Trabalhadores em Educa\u00e7\u00e3o P\u00fablica do Paran\u00e1, Walk\u00edria Oleg\u00e1rio Mazeto.<\/p>\n\n\n\n<p>As parcerias foram diversas, como Pr\u00f3-Reitoria de Extens\u00e3o, Cultura e Sociedade (Proex) da Funda\u00e7\u00e3o Arauc\u00e1ria (FA) e do Governo do Estado do Paran\u00e1, Centro de Letras e Ci\u00eancias Humanas (CLCH), o Projeto CLCH Cultural, Procult: Ruar entre Vilas, Grupo de Pesquisa SerSa\u00fade, Laborat\u00f3rio de Estudos sobre Religi\u00f5es e Religiosidades, Monkisu Cultural e House of Aurora e \u00e9 vinculado ao&nbsp; Programa Estadual Universidade Sem Fronteiras (USF).&nbsp;<\/p>\n\n\n\n<figure class=\"wp-block-embed is-type-video is-provider-youtube wp-block-embed-youtube wp-embed-aspect-16-9 wp-has-aspect-ratio\"><div class=\"wp-block-embed__wrapper\">\n<iframe loading=\"lazy\" title=\"MESA REDONDA: Privatiza\u00e7\u00e3o das Escolas P\u00fablicas da rede estadual do Paran\u00e1.\" width=\"500\" height=\"281\" src=\"https:\/\/www.youtube.com\/embed\/fIPH0JSFH1o?feature=oembed\" frameborder=\"0\" allow=\"accelerometer; autoplay; clipboard-write; encrypted-media; gyroscope; picture-in-picture; web-share\" referrerpolicy=\"strict-origin-when-cross-origin\" allowfullscreen><\/iframe>\n<\/div><\/figure>\n\n\n\n<figure class=\"wp-block-embed is-type-video is-provider-youtube wp-block-embed-youtube wp-embed-aspect-16-9 wp-has-aspect-ratio\"><div class=\"wp-block-embed__wrapper\">\n<iframe loading=\"lazy\" title=\"MESA DE ABERTURA: JUVENTUDES, DIREITOS E CONSERVADORISMO.\" width=\"500\" height=\"281\" src=\"https:\/\/www.youtube.com\/embed\/CbuUXm5PCM0?feature=oembed\" frameborder=\"0\" allow=\"accelerometer; autoplay; clipboard-write; encrypted-media; gyroscope; picture-in-picture; web-share\" referrerpolicy=\"strict-origin-when-cross-origin\" allowfullscreen><\/iframe>\n<\/div><\/figure>\n","protected":false},"excerpt":{"rendered":"<p>O III Semin\u00e1rio Tem\u00e1tico do Pr\u00e1xis Itinerante: Diversidades, Pluralidades e Perspectivas em Debate e o I Simp\u00f3sio Internacional Pr\u00e1xis Itinerante: Juventudes e Diversidades aconteceram nos dias 20 e 22 de agosto de 2024, no no Anfiteatro Maior do CLCH, Centro de Letras e Ci\u00eancias Humanas. Atrav\u00e9s de mesas redondas, oficinas e grupos de trabalho, o [&hellip;]<\/p>\n","protected":false},"author":10,"featured_media":0,"parent":0,"menu_order":0,"comment_status":"closed","ping_status":"closed","template":"","meta":{"_acf_changed":false,"footnotes":""},"class_list":["post-302","page","type-page","status-publish","hentry"],"acf":[],"_links":{"self":[{"href":"https:\/\/projetos.uel.br\/praxis\/wp-json\/wp\/v2\/pages\/302","targetHints":{"allow":["GET"]}}],"collection":[{"href":"https:\/\/projetos.uel.br\/praxis\/wp-json\/wp\/v2\/pages"}],"about":[{"href":"https:\/\/projetos.uel.br\/praxis\/wp-json\/wp\/v2\/types\/page"}],"author":[{"embeddable":true,"href":"https:\/\/projetos.uel.br\/praxis\/wp-json\/wp\/v2\/users\/10"}],"replies":[{"embeddable":true,"href":"https:\/\/projetos.uel.br\/praxis\/wp-json\/wp\/v2\/comments?post=302"}],"version-history":[{"count":5,"href":"https:\/\/projetos.uel.br\/praxis\/wp-json\/wp\/v2\/pages\/302\/revisions"}],"predecessor-version":[{"id":970,"href":"https:\/\/projetos.uel.br\/praxis\/wp-json\/wp\/v2\/pages\/302\/revisions\/970"}],"wp:attachment":[{"href":"https:\/\/projetos.uel.br\/praxis\/wp-json\/wp\/v2\/media?parent=302"}],"curies":[{"name":"wp","href":"https:\/\/api.w.org\/{rel}","templated":true}]}}

I Simpósio Internacional Práxis Itinerante

<p>O III Seminário Temático do Práxis Itinerante: Diversidades, Pluralidades e Perspectivas em Debate e o I Simpósio Internacional Práxis Itinerante: Juventudes e Diversidades aconteceram nos dias 20 e 22 de agosto de 2024, no no Anfiteatro Maior do CLCH, Centro de Letras e Ciências Humanas. Através de mesas redondas, oficinas e grupos de trabalho, o evento procura desenvolver conversas sobre as diferentes formas de resistência juvenil e as profundas desigualdades socioeconômicas. &nbsp;Contou com onze grupos de trabalho que trataram de diversas temáticas como: <em>Migração, &nbsp;Interseccionalidades, Diversidades e Povos Originários, Diversidades e Luta Anti-Capacitista, Gênero, Sexualidade e Religiões, Diversidades e Educação, Cultura Popular/Tradicional e Periférica, Diversidades e Estudos Étnico-Raciais (africanos e brasileiros), Diversidades entre Cannabis e Maconha, Os Estudos Japoneses no Brasil: uma área em crescimento, Empresariamento e Militarização da educação: crítica, resistência e defesa da escola pública</em></p>



<p>A realização teve a participação de diversos estudiosos, como o professor Kaique Cardoso, da UBI, Universidade da Beira Interior, Portugal, e do também docente, José Francisco dos Santos, da UFOB, Universidade Federal do Oeste da Bahia, e convidados representantes do Poder Legislativo Estadual, como os deputados Renato Freitas e Ana Júlia Ribeiro e da presidente do APP &#8211; Sindicato dos Trabalhadores em Educação Pública do Paraná, Walkíria Olegário Mazeto.</p>



<p>As parcerias foram diversas, como Pró-Reitoria de Extensão, Cultura e Sociedade (Proex) da Fundação Araucária (FA) e do Governo do Estado do Paraná, Centro de Letras e Ciências Humanas (CLCH), o Projeto CLCH Cultural, Procult: Ruar entre Vilas, Grupo de Pesquisa SerSaúde, Laboratório de Estudos sobre Religiões e Religiosidades, Monkisu Cultural e House of Aurora e é vinculado ao&nbsp; Programa Estadual Universidade Sem Fronteiras (USF).&nbsp;</p>



<figure class="wp-block-embed is-type-video is-provider-youtube wp-block-embed-youtube wp-embed-aspect-16-9 wp-has-aspect-ratio"><div class="wp-block-embed__wrapper">
<iframe loading="lazy" title="MESA REDONDA: Privatização das Escolas Públicas da rede estadual do Paraná." width="500" height="281" src="https://www.youtube.com/embed/fIPH0JSFH1o?feature=oembed" frameborder="0" allow="accelerometer; autoplay; clipboard-write; encrypted-media; gyroscope; picture-in-picture; web-share" referrerpolicy="strict-origin-when-cross-origin" allowfullscreen></iframe>
</div></figure>



<figure class="wp-block-embed is-type-video is-provider-youtube wp-block-embed-youtube wp-embed-aspect-16-9 wp-has-aspect-ratio"><div class="wp-block-embed__wrapper">
<iframe loading="lazy" title="MESA DE ABERTURA: JUVENTUDES, DIREITOS E CONSERVADORISMO." width="500" height="281" src="https://www.youtube.com/embed/CbuUXm5PCM0?feature=oembed" frameborder="0" allow="accelerometer; autoplay; clipboard-write; encrypted-media; gyroscope; picture-in-picture; web-share" referrerpolicy="strict-origin-when-cross-origin" allowfullscreen></iframe>
</div></figure>

<p>O III Seminário Temático do Práxis Itinerante: Diversidades, Pluralidades e Perspectivas em Debate e o I Simpósio Internacional Práxis Itinerante: Juventudes e Diversidades aconteceram nos dias 20 e 22 de agosto de 2024, no no Anfiteatro Maior do CLCH, Centro de Letras e Ciências Humanas. Através de mesas redondas, oficinas e grupos de trabalho, o [&hellip;]</p>
