{"id":178,"date":"2025-02-27T12:13:44","date_gmt":"2025-02-27T15:13:44","guid":{"rendered":"https:\/\/projetos.uel.br\/praxis\/?page_id=178"},"modified":"2025-04-28T14:58:05","modified_gmt":"2025-04-28T17:58:05","slug":"o-praxis-2","status":"publish","type":"page","link":"https:\/\/projetos.uel.br\/praxis\/o-praxis-2\/","title":{"rendered":"Quem somos"},"content":{"rendered":"\n<figure class=\"wp-block-image size-full\"><img loading=\"lazy\" decoding=\"async\" width=\"1024\" height=\"273\" src=\"https:\/\/projetos.uel.br\/praxis\/wp-content\/uploads\/2025\/04\/wallpaper-3-1024x273-1.png\" alt=\"\" class=\"wp-image-400\" srcset=\"https:\/\/projetos.uel.br\/praxis\/wp-content\/uploads\/2025\/04\/wallpaper-3-1024x273-1.png 1024w, https:\/\/projetos.uel.br\/praxis\/wp-content\/uploads\/2025\/04\/wallpaper-3-1024x273-1-300x80.png 300w, https:\/\/projetos.uel.br\/praxis\/wp-content\/uploads\/2025\/04\/wallpaper-3-1024x273-1-768x205.png 768w\" sizes=\"auto, (max-width: 1024px) 100vw, 1024px\" \/><\/figure>\n\n\n\n<figure class=\"wp-block-audio aligncenter\"><audio controls src=\"https:\/\/projetos.uel.br\/praxis\/wp-content\/uploads\/2025\/04\/AUDIO-SITE.mp3\"><\/audio><\/figure>\n\n\n\n<p>O Programa de extens\u00e3o Pr\u00e1xis Itinerante, do curso de Ci\u00eancias Sociais do Centro de Letras e Ci\u00eancias Humanas (CLCH) na Universidade Estadual de Londrina, visa, por meio de atividades, apresentar novas perspectivas \u00e0s juventudes e popula\u00e7\u00f5es em situa\u00e7\u00e3o de vulnerabilidade social.&nbsp;&nbsp;<\/p>\n\n\n\n<p>O Programa desenvolve atrav\u00e9s de a\u00e7\u00f5es interdisciplinares oficinas de sensibiliza\u00e7\u00e3o, aulas, cursos e outras realiza\u00e7\u00f5es que procuram valorizar a educa\u00e7\u00e3o, a cidadania e os Direitos Humanos. Um dos objetivos \u00e9 interromper ciclos de baixa escolaridade, a alta taxa de evas\u00e3o e condi\u00e7\u00f5es sociais prec\u00e1rias, uma vez que ao adentrar na Universidade P\u00fablica a\/o jovem poder\u00e1 acessar bens simb\u00f3licos e culturais que antes lhe eram inacess\u00edveis.&nbsp;<\/p>\n\n\n\n<p>O Pr\u00e1xis Itinerante tamb\u00e9m corrobora na valoriza\u00e7\u00e3o e democratiza\u00e7\u00e3o cultural, com visibilidade de atividades culturais desenvolvidas por\/para pessoas pretas, pardas e amarelas, ind\u00edgenas, pessoas com defici\u00eancias e pessoas trans (transexuais, travestis, transmasculines, transg\u00eaneros, n\u00e3o-bin\u00e1rios).<\/p>\n\n\n\n<p><strong>Principais a\u00e7\u00f5es<\/strong><\/p>\n\n\n\n<p>O primeiro eixo de a\u00e7\u00f5es estimula por meio de aulas e oficinas a organiza\u00e7\u00e3o de grupos de estudos nas escolas p\u00fablicas e oferta \u00e0s\/aos suas\/seus egressas\/os que estejam vinculadas\/os aos cursinhos pr\u00e9-vestibulares populares ou ao Curso Especial Pr\u00e9-Vestibular, CEPV\/UEL, uma complementa\u00e7\u00e3o que promova suas capacidades e protagonismos, possibilitando tamb\u00e9m uma supera\u00e7\u00e3o das estruturas e limita\u00e7\u00f5es impostas, como sociais e educacionais que as\/os impedem de dar continuidade em suas trajet\u00f3rias de estudo ou acesso ao Ensino Superior e Tecnol\u00f3gico p\u00fablicos.&nbsp;<\/p>\n\n\n\n<p>O segundo prisma de atua\u00e7\u00e3o organiza e implementa atividades de oficinas, mini-cursos, aulas, grupos de debates ou rodas de conversas \u00e0s popula\u00e7\u00f5es em situa\u00e7\u00f5es de vulnerabilidade, tais como: em situa\u00e7\u00e3o de rua; \u00e1reas de expans\u00e3o urbana; dependentes qu\u00edmicos; em assentamentos urbanos ou rurais; crian\u00e7as e adolescentes v\u00edtimas de viol\u00eancia, institucionalizadas ou em conflito com a lei; popula\u00e7\u00e3o LGBTQIAPN+, especialmente pessoas trans, como transg\u00eaneros, transexuais, travestis, transmasculines e n\u00e3o bin\u00e1ries; imigrantes e refugiados; e pessoas com defici\u00eancia, implementando uma forma\u00e7\u00e3o complementar que possibilite a conquista de direitos, a consci\u00eancia pol\u00edtica e social no meio em que est\u00e3o inseridas\/os.&nbsp;<\/p>\n\n\n\n<p>Dessa forma, os estudos e a educa\u00e7\u00e3o s\u00e3o vistos como uma via eficaz e consistente para a supera\u00e7\u00e3o da pobreza, das desigualdades e como possibilidade para ascens\u00e3o material, cultural e intelectual, fortalecendo o protagonismo das popula\u00e7\u00f5es em situa\u00e7\u00e3o de vulnerabilidade e consolidando pol\u00edticas p\u00fablicas.<\/p>\n\n\n\n<p>Confira um pouco da hist\u00f3ria do Programa e suas principais a\u00e7\u00f5es relatadas pelo coordenador, Prof. Dr.\u00a0Fabio Lanza:<\/p>\n\n\n\n<figure class=\"wp-block-audio\"><audio controls src=\"https:\/\/projetos.uel.br\/praxis\/wp-content\/uploads\/2025\/04\/AUDIO-LNZAA.mp3\"><\/audio><\/figure>\n","protected":false},"excerpt":{"rendered":"<p>O Programa de extens\u00e3o Pr\u00e1xis Itinerante, do curso de Ci\u00eancias Sociais do Centro de Letras e Ci\u00eancias Humanas (CLCH) na Universidade Estadual de Londrina, visa, por meio de atividades, apresentar novas perspectivas \u00e0s juventudes e popula\u00e7\u00f5es em situa\u00e7\u00e3o de vulnerabilidade social.&nbsp;&nbsp; O Programa desenvolve atrav\u00e9s de a\u00e7\u00f5es interdisciplinares oficinas de sensibiliza\u00e7\u00e3o, aulas, cursos e outras [&hellip;]<\/p>\n","protected":false},"author":10,"featured_media":0,"parent":0,"menu_order":0,"comment_status":"closed","ping_status":"closed","template":"","meta":{"_acf_changed":false,"footnotes":""},"class_list":["post-178","page","type-page","status-publish","hentry"],"acf":[],"_links":{"self":[{"href":"https:\/\/projetos.uel.br\/praxis\/wp-json\/wp\/v2\/pages\/178","targetHints":{"allow":["GET"]}}],"collection":[{"href":"https:\/\/projetos.uel.br\/praxis\/wp-json\/wp\/v2\/pages"}],"about":[{"href":"https:\/\/projetos.uel.br\/praxis\/wp-json\/wp\/v2\/types\/page"}],"author":[{"embeddable":true,"href":"https:\/\/projetos.uel.br\/praxis\/wp-json\/wp\/v2\/users\/10"}],"replies":[{"embeddable":true,"href":"https:\/\/projetos.uel.br\/praxis\/wp-json\/wp\/v2\/comments?post=178"}],"version-history":[{"count":8,"href":"https:\/\/projetos.uel.br\/praxis\/wp-json\/wp\/v2\/pages\/178\/revisions"}],"predecessor-version":[{"id":1204,"href":"https:\/\/projetos.uel.br\/praxis\/wp-json\/wp\/v2\/pages\/178\/revisions\/1204"}],"wp:attachment":[{"href":"https:\/\/projetos.uel.br\/praxis\/wp-json\/wp\/v2\/media?parent=178"}],"curies":[{"name":"wp","href":"https:\/\/api.w.org\/{rel}","templated":true}]}}

<figure class="wp-block-image size-full"><img loading="lazy" decoding="async" width="1024" height="273" src="https://projetos.uel.br/praxis/wp-content/uploads/2025/04/wallpaper-3-1024x273-1.png" alt="" class="wp-image-400" srcset="https://projetos.uel.br/praxis/wp-content/uploads/2025/04/wallpaper-3-1024x273-1.png 1024w, https://projetos.uel.br/praxis/wp-content/uploads/2025/04/wallpaper-3-1024x273-1-300x80.png 300w, https://projetos.uel.br/praxis/wp-content/uploads/2025/04/wallpaper-3-1024x273-1-768x205.png 768w" sizes="auto, (max-width: 1024px) 100vw, 1024px" /></figure>



<figure class="wp-block-audio aligncenter"><audio controls src="https://projetos.uel.br/praxis/wp-content/uploads/2025/04/AUDIO-SITE.mp3"></audio></figure>



<p>O Programa de extensão Práxis Itinerante, do curso de Ciências Sociais do Centro de Letras e Ciências Humanas (CLCH) na Universidade Estadual de Londrina, visa, por meio de atividades, apresentar novas perspectivas às juventudes e populações em situação de vulnerabilidade social.&nbsp;&nbsp;</p>



<p>O Programa desenvolve através de ações interdisciplinares oficinas de sensibilização, aulas, cursos e outras realizações que procuram valorizar a educação, a cidadania e os Direitos Humanos. Um dos objetivos é interromper ciclos de baixa escolaridade, a alta taxa de evasão e condições sociais precárias, uma vez que ao adentrar na Universidade Pública a/o jovem poderá acessar bens simbólicos e culturais que antes lhe eram inacessíveis.&nbsp;</p>



<p>O Práxis Itinerante também corrobora na valorização e democratização cultural, com visibilidade de atividades culturais desenvolvidas por/para pessoas pretas, pardas e amarelas, indígenas, pessoas com deficiências e pessoas trans (transexuais, travestis, transmasculines, transgêneros, não-binários).</p>



<p><strong>Principais ações</strong></p>



<p>O primeiro eixo de ações estimula por meio de aulas e oficinas a organização de grupos de estudos nas escolas públicas e oferta às/aos suas/seus egressas/os que estejam vinculadas/os aos cursinhos pré-vestibulares populares ou ao Curso Especial Pré-Vestibular, CEPV/UEL, uma complementação que promova suas capacidades e protagonismos, possibilitando também uma superação das estruturas e limitações impostas, como sociais e educacionais que as/os impedem de dar continuidade em suas trajetórias de estudo ou acesso ao Ensino Superior e Tecnológico públicos.&nbsp;</p>



<p>O segundo prisma de atuação organiza e implementa atividades de oficinas, mini-cursos, aulas, grupos de debates ou rodas de conversas às populações em situações de vulnerabilidade, tais como: em situação de rua; áreas de expansão urbana; dependentes químicos; em assentamentos urbanos ou rurais; crianças e adolescentes vítimas de violência, institucionalizadas ou em conflito com a lei; população LGBTQIAPN+, especialmente pessoas trans, como transgêneros, transexuais, travestis, transmasculines e não bináries; imigrantes e refugiados; e pessoas com deficiência, implementando uma formação complementar que possibilite a conquista de direitos, a consciência política e social no meio em que estão inseridas/os.&nbsp;</p>



<p>Dessa forma, os estudos e a educação são vistos como uma via eficaz e consistente para a superação da pobreza, das desigualdades e como possibilidade para ascensão material, cultural e intelectual, fortalecendo o protagonismo das populações em situação de vulnerabilidade e consolidando políticas públicas.</p>



<p>Confira um pouco da história do Programa e suas principais ações relatadas pelo coordenador, Prof. Dr. Fabio Lanza:</p>



<figure class="wp-block-audio"><audio controls src="https://projetos.uel.br/praxis/wp-content/uploads/2025/04/AUDIO-LNZAA.mp3"></audio></figure>

<p>O Programa de extensão Práxis Itinerante, do curso de Ciências Sociais do Centro de Letras e Ciências Humanas (CLCH) na Universidade Estadual de Londrina, visa, por meio de atividades, apresentar novas perspectivas às juventudes e populações em situação de vulnerabilidade social.&nbsp;&nbsp; O Programa desenvolve através de ações interdisciplinares oficinas de sensibilização, aulas, cursos e outras [&hellip;]</p>
