{"id":1508,"date":"2025-05-27T16:56:13","date_gmt":"2025-05-27T19:56:13","guid":{"rendered":"https:\/\/projetos.uel.br\/praxis\/?page_id=1508"},"modified":"2025-05-27T18:11:05","modified_gmt":"2025-05-27T21:11:05","slug":"cine-praxis","status":"publish","type":"page","link":"https:\/\/projetos.uel.br\/praxis\/cine-praxis\/","title":{"rendered":"Cine Pr\u00e1xis"},"content":{"rendered":"\n<p>No dia 22 de maio de 2025, o Programa de Extens\u00e3o Pr\u00e1xis Itinerante promoveu uma a\u00e7\u00e3o especial de socioeduca\u00e7\u00e3o e debate, com a exibi\u00e7\u00e3o do filme <em>Ainda Estou Aqui<\/em> e a exposi\u00e7\u00e3o <em>P\u00e1ginas de Luta<\/em>, no Anfiteatro do CESA, na UEL. Uma iniciativa que uniu arte, hist\u00f3ria e reflex\u00e3o para fortalecer o pensamento cr\u00edtico e os valores democr\u00e1ticos, com participa\u00e7\u00e3o especial dos jovens da, Escola Profissional e Social do Menor de Londrina, EPESMEL.<\/p>\n\n\n<div class=\"wp-block-image\">\n<figure class=\"aligncenter size-large is-resized\"><img loading=\"lazy\" decoding=\"async\" width=\"836\" height=\"1024\" src=\"https:\/\/projetos.uel.br\/praxis\/wp-content\/uploads\/2025\/05\/image-3-836x1024.png\" alt=\"\" class=\"wp-image-1707\" style=\"width:306px;height:auto\" srcset=\"https:\/\/projetos.uel.br\/praxis\/wp-content\/uploads\/2025\/05\/image-3-836x1024.png 836w, https:\/\/projetos.uel.br\/praxis\/wp-content\/uploads\/2025\/05\/image-3-245x300.png 245w, https:\/\/projetos.uel.br\/praxis\/wp-content\/uploads\/2025\/05\/image-3-768x941.png 768w, https:\/\/projetos.uel.br\/praxis\/wp-content\/uploads\/2025\/05\/image-3.png 1073w\" sizes=\"auto, (max-width: 836px) 100vw, 836px\" \/><figcaption class=\"wp-element-caption\">Design de Alexsander Barbosa<\/figcaption><\/figure>\n<\/div>\n\n\n<p>O p\u00fablico visitou a exposi\u00e7\u00e3o<a href=\"https:\/\/operobal.uel.br\/ensino\/2025\/03\/10\/exposicao-aborda-trajetoria-do-jornal-brasil-mulher-criado-em-londrina-na-decada-de-1970\/\">&nbsp;<strong>P\u00e1ginas de Luta \u2013 O Jornal Brasil Mulher e a Resist\u00eancia Feminina em Londrina<\/strong><\/a>, com curadoria da cientista social&nbsp;<strong>L\u00edvia Campanheli<\/strong>. A mostra destaca o papel hist\u00f3rico do Jornal Brasil Mulher, fundado em Londrina, como uma das principais vozes da resist\u00eancia feminina durante o regime militar. A exposi\u00e7\u00e3o re\u00fane documentos in\u00e9ditos do Servi\u00e7o Nacional de Informa\u00e7\u00f5es (SNI), oriundos da pesquisa vinculada ao projeto \u201cOs documentos in\u00e9ditos dos arquivos do SNI (Paran\u00e1-BR), do Projeto Opening The Archives e CIA (EUA)\u201d, com apoio do CNPq e da Funda\u00e7\u00e3o Arauc\u00e1ria.<\/p>\n\n\n\n<p>O filme&nbsp;<a href=\"https:\/\/pt.wikipedia.org\/wiki\/Ainda_Estou_Aqui_(filme_de_2024)\"><strong>Ainda Estou Aqui<\/strong><\/a>, dirigido por Walter Salles e vencedor do Oscar de Melhor Filme Internacional narra a hist\u00f3ria da fam\u00edlia Paiva \u2013 Rubens, Eunice e seus cinco filhos, no in\u00edcio da d\u00e9cada de 1970, em um Brasil que enfrentava o endurecimento da ditadura militar. Um dia, Rubens Paiva \u00e9 levado por militares \u00e0 paisana e desaparece. Eunice \u2013 cuja busca pela verdade sobre o destino de seu marido se estenderia por d\u00e9cadas \u2013 \u00e9 obrigada a se reinventar e tra\u00e7ar um novo futuro para si e seus filhos.<\/p>\n\n\n\n<p>A a\u00e7\u00e3o foi aberta para toda comunidade interna e externa da Universidade Estadual de Londrina.<\/p>\n\n\n\n<figure class=\"wp-block-gallery has-nested-images columns-default is-cropped wp-block-gallery-1 is-layout-flex wp-block-gallery-is-layout-flex\">\n<figure class=\"wp-block-image size-large\"><img loading=\"lazy\" decoding=\"async\" width=\"1024\" height=\"683\" data-id=\"1507\" src=\"https:\/\/projetos.uel.br\/praxis\/wp-content\/uploads\/2025\/05\/35-IMG_9414-1024x683.jpg\" alt=\"\" class=\"wp-image-1507\" srcset=\"https:\/\/projetos.uel.br\/praxis\/wp-content\/uploads\/2025\/05\/35-IMG_9414-1024x683.jpg 1024w, https:\/\/projetos.uel.br\/praxis\/wp-content\/uploads\/2025\/05\/35-IMG_9414-300x200.jpg 300w, https:\/\/projetos.uel.br\/praxis\/wp-content\/uploads\/2025\/05\/35-IMG_9414-768x512.jpg 768w, https:\/\/projetos.uel.br\/praxis\/wp-content\/uploads\/2025\/05\/35-IMG_9414-1536x1024.jpg 1536w, https:\/\/projetos.uel.br\/praxis\/wp-content\/uploads\/2025\/05\/35-IMG_9414-2048x1366.jpg 2048w\" sizes=\"auto, (max-width: 1024px) 100vw, 1024px\" \/><\/figure>\n\n\n\n<figure class=\"wp-block-image size-large\"><img loading=\"lazy\" decoding=\"async\" width=\"1024\" height=\"683\" data-id=\"1484\" src=\"https:\/\/projetos.uel.br\/praxis\/wp-content\/uploads\/2025\/05\/5-IMG_9350-1024x683.jpg\" alt=\"\" class=\"wp-image-1484\" srcset=\"https:\/\/projetos.uel.br\/praxis\/wp-content\/uploads\/2025\/05\/5-IMG_9350-1024x683.jpg 1024w, https:\/\/projetos.uel.br\/praxis\/wp-content\/uploads\/2025\/05\/5-IMG_9350-300x200.jpg 300w, https:\/\/projetos.uel.br\/praxis\/wp-content\/uploads\/2025\/05\/5-IMG_9350-768x512.jpg 768w, https:\/\/projetos.uel.br\/praxis\/wp-content\/uploads\/2025\/05\/5-IMG_9350-1536x1024.jpg 1536w, https:\/\/projetos.uel.br\/praxis\/wp-content\/uploads\/2025\/05\/5-IMG_9350-2048x1366.jpg 2048w\" sizes=\"auto, (max-width: 1024px) 100vw, 1024px\" \/><\/figure>\n\n\n\n<figure class=\"wp-block-image size-large\"><img loading=\"lazy\" decoding=\"async\" width=\"1024\" height=\"683\" data-id=\"1485\" src=\"https:\/\/projetos.uel.br\/praxis\/wp-content\/uploads\/2025\/05\/6-IMG_9354-1024x683.jpg\" alt=\"\" class=\"wp-image-1485\" srcset=\"https:\/\/projetos.uel.br\/praxis\/wp-content\/uploads\/2025\/05\/6-IMG_9354-1024x683.jpg 1024w, https:\/\/projetos.uel.br\/praxis\/wp-content\/uploads\/2025\/05\/6-IMG_9354-300x200.jpg 300w, https:\/\/projetos.uel.br\/praxis\/wp-content\/uploads\/2025\/05\/6-IMG_9354-768x512.jpg 768w, https:\/\/projetos.uel.br\/praxis\/wp-content\/uploads\/2025\/05\/6-IMG_9354-1536x1024.jpg 1536w, https:\/\/projetos.uel.br\/praxis\/wp-content\/uploads\/2025\/05\/6-IMG_9354-2048x1366.jpg 2048w\" sizes=\"auto, (max-width: 1024px) 100vw, 1024px\" \/><\/figure>\n\n\n\n<figure class=\"wp-block-image size-large\"><img loading=\"lazy\" decoding=\"async\" width=\"1024\" height=\"683\" data-id=\"1482\" src=\"https:\/\/projetos.uel.br\/praxis\/wp-content\/uploads\/2025\/05\/1-IMG_9340-1024x683.jpg\" alt=\"\" class=\"wp-image-1482\" srcset=\"https:\/\/projetos.uel.br\/praxis\/wp-content\/uploads\/2025\/05\/1-IMG_9340-1024x683.jpg 1024w, https:\/\/projetos.uel.br\/praxis\/wp-content\/uploads\/2025\/05\/1-IMG_9340-300x200.jpg 300w, https:\/\/projetos.uel.br\/praxis\/wp-content\/uploads\/2025\/05\/1-IMG_9340-768x512.jpg 768w, https:\/\/projetos.uel.br\/praxis\/wp-content\/uploads\/2025\/05\/1-IMG_9340-1536x1024.jpg 1536w, https:\/\/projetos.uel.br\/praxis\/wp-content\/uploads\/2025\/05\/1-IMG_9340-2048x1366.jpg 2048w\" sizes=\"auto, (max-width: 1024px) 100vw, 1024px\" \/><\/figure>\n\n\n\n<figure class=\"wp-block-image size-large\"><img loading=\"lazy\" decoding=\"async\" width=\"1024\" height=\"683\" data-id=\"1486\" src=\"https:\/\/projetos.uel.br\/praxis\/wp-content\/uploads\/2025\/05\/7-IMG_9357-1024x683.jpg\" alt=\"\" class=\"wp-image-1486\" srcset=\"https:\/\/projetos.uel.br\/praxis\/wp-content\/uploads\/2025\/05\/7-IMG_9357-1024x683.jpg 1024w, https:\/\/projetos.uel.br\/praxis\/wp-content\/uploads\/2025\/05\/7-IMG_9357-300x200.jpg 300w, https:\/\/projetos.uel.br\/praxis\/wp-content\/uploads\/2025\/05\/7-IMG_9357-768x512.jpg 768w, https:\/\/projetos.uel.br\/praxis\/wp-content\/uploads\/2025\/05\/7-IMG_9357-1536x1024.jpg 1536w, https:\/\/projetos.uel.br\/praxis\/wp-content\/uploads\/2025\/05\/7-IMG_9357-2048x1366.jpg 2048w\" sizes=\"auto, (max-width: 1024px) 100vw, 1024px\" \/><\/figure>\n\n\n\n<figure class=\"wp-block-image size-large\"><img loading=\"lazy\" decoding=\"async\" width=\"1024\" height=\"683\" data-id=\"1493\" src=\"https:\/\/projetos.uel.br\/praxis\/wp-content\/uploads\/2025\/05\/18-IMG_9386-1024x683.jpg\" alt=\"\" class=\"wp-image-1493\" srcset=\"https:\/\/projetos.uel.br\/praxis\/wp-content\/uploads\/2025\/05\/18-IMG_9386-1024x683.jpg 1024w, https:\/\/projetos.uel.br\/praxis\/wp-content\/uploads\/2025\/05\/18-IMG_9386-300x200.jpg 300w, https:\/\/projetos.uel.br\/praxis\/wp-content\/uploads\/2025\/05\/18-IMG_9386-768x512.jpg 768w, https:\/\/projetos.uel.br\/praxis\/wp-content\/uploads\/2025\/05\/18-IMG_9386-1536x1024.jpg 1536w, https:\/\/projetos.uel.br\/praxis\/wp-content\/uploads\/2025\/05\/18-IMG_9386-2048x1366.jpg 2048w\" sizes=\"auto, (max-width: 1024px) 100vw, 1024px\" \/><\/figure>\n\n\n\n<figure class=\"wp-block-image size-large\"><img loading=\"lazy\" decoding=\"async\" width=\"1024\" height=\"683\" data-id=\"1492\" src=\"https:\/\/projetos.uel.br\/praxis\/wp-content\/uploads\/2025\/05\/17-IMG_9385-1024x683.jpg\" alt=\"\" class=\"wp-image-1492\" srcset=\"https:\/\/projetos.uel.br\/praxis\/wp-content\/uploads\/2025\/05\/17-IMG_9385-1024x683.jpg 1024w, https:\/\/projetos.uel.br\/praxis\/wp-content\/uploads\/2025\/05\/17-IMG_9385-300x200.jpg 300w, https:\/\/projetos.uel.br\/praxis\/wp-content\/uploads\/2025\/05\/17-IMG_9385-768x512.jpg 768w, https:\/\/projetos.uel.br\/praxis\/wp-content\/uploads\/2025\/05\/17-IMG_9385-1536x1024.jpg 1536w, https:\/\/projetos.uel.br\/praxis\/wp-content\/uploads\/2025\/05\/17-IMG_9385-2048x1366.jpg 2048w\" sizes=\"auto, (max-width: 1024px) 100vw, 1024px\" \/><\/figure>\n\n\n\n<figure class=\"wp-block-image size-large\"><img loading=\"lazy\" decoding=\"async\" width=\"1024\" height=\"683\" data-id=\"1491\" src=\"https:\/\/projetos.uel.br\/praxis\/wp-content\/uploads\/2025\/05\/15-IMG_9383-1024x683.jpg\" alt=\"\" class=\"wp-image-1491\" srcset=\"https:\/\/projetos.uel.br\/praxis\/wp-content\/uploads\/2025\/05\/15-IMG_9383-1024x683.jpg 1024w, https:\/\/projetos.uel.br\/praxis\/wp-content\/uploads\/2025\/05\/15-IMG_9383-300x200.jpg 300w, https:\/\/projetos.uel.br\/praxis\/wp-content\/uploads\/2025\/05\/15-IMG_9383-768x512.jpg 768w, https:\/\/projetos.uel.br\/praxis\/wp-content\/uploads\/2025\/05\/15-IMG_9383-1536x1024.jpg 1536w, https:\/\/projetos.uel.br\/praxis\/wp-content\/uploads\/2025\/05\/15-IMG_9383-2048x1366.jpg 2048w\" sizes=\"auto, (max-width: 1024px) 100vw, 1024px\" \/><\/figure>\n\n\n\n<figure class=\"wp-block-image size-large\"><img loading=\"lazy\" decoding=\"async\" width=\"1024\" height=\"683\" data-id=\"1490\" src=\"https:\/\/projetos.uel.br\/praxis\/wp-content\/uploads\/2025\/05\/13-IMG_9380-1024x683.jpg\" alt=\"\" class=\"wp-image-1490\" srcset=\"https:\/\/projetos.uel.br\/praxis\/wp-content\/uploads\/2025\/05\/13-IMG_9380-1024x683.jpg 1024w, https:\/\/projetos.uel.br\/praxis\/wp-content\/uploads\/2025\/05\/13-IMG_9380-300x200.jpg 300w, https:\/\/projetos.uel.br\/praxis\/wp-content\/uploads\/2025\/05\/13-IMG_9380-768x512.jpg 768w, https:\/\/projetos.uel.br\/praxis\/wp-content\/uploads\/2025\/05\/13-IMG_9380-1536x1024.jpg 1536w, https:\/\/projetos.uel.br\/praxis\/wp-content\/uploads\/2025\/05\/13-IMG_9380-2048x1365.jpg 2048w\" sizes=\"auto, (max-width: 1024px) 100vw, 1024px\" \/><\/figure>\n\n\n\n<figure class=\"wp-block-image size-large\"><img loading=\"lazy\" decoding=\"async\" width=\"1024\" height=\"683\" data-id=\"1489\" src=\"https:\/\/projetos.uel.br\/praxis\/wp-content\/uploads\/2025\/05\/12-IMG_9379-1024x683.jpg\" alt=\"\" class=\"wp-image-1489\" srcset=\"https:\/\/projetos.uel.br\/praxis\/wp-content\/uploads\/2025\/05\/12-IMG_9379-1024x683.jpg 1024w, https:\/\/projetos.uel.br\/praxis\/wp-content\/uploads\/2025\/05\/12-IMG_9379-300x200.jpg 300w, https:\/\/projetos.uel.br\/praxis\/wp-content\/uploads\/2025\/05\/12-IMG_9379-768x512.jpg 768w, https:\/\/projetos.uel.br\/praxis\/wp-content\/uploads\/2025\/05\/12-IMG_9379-1536x1024.jpg 1536w, https:\/\/projetos.uel.br\/praxis\/wp-content\/uploads\/2025\/05\/12-IMG_9379-2048x1366.jpg 2048w\" sizes=\"auto, (max-width: 1024px) 100vw, 1024px\" \/><\/figure>\n\n\n\n<figure class=\"wp-block-image size-large\"><img loading=\"lazy\" decoding=\"async\" width=\"1024\" height=\"683\" data-id=\"1488\" src=\"https:\/\/projetos.uel.br\/praxis\/wp-content\/uploads\/2025\/05\/11-IMG_9367-1024x683.jpg\" alt=\"\" class=\"wp-image-1488\" srcset=\"https:\/\/projetos.uel.br\/praxis\/wp-content\/uploads\/2025\/05\/11-IMG_9367-1024x683.jpg 1024w, https:\/\/projetos.uel.br\/praxis\/wp-content\/uploads\/2025\/05\/11-IMG_9367-300x200.jpg 300w, https:\/\/projetos.uel.br\/praxis\/wp-content\/uploads\/2025\/05\/11-IMG_9367-768x512.jpg 768w, https:\/\/projetos.uel.br\/praxis\/wp-content\/uploads\/2025\/05\/11-IMG_9367-1536x1024.jpg 1536w, https:\/\/projetos.uel.br\/praxis\/wp-content\/uploads\/2025\/05\/11-IMG_9367-2048x1366.jpg 2048w\" sizes=\"auto, (max-width: 1024px) 100vw, 1024px\" \/><\/figure>\n\n\n\n<figure class=\"wp-block-image size-large\"><img loading=\"lazy\" decoding=\"async\" width=\"683\" height=\"1024\" data-id=\"1487\" src=\"https:\/\/projetos.uel.br\/praxis\/wp-content\/uploads\/2025\/05\/9-IMG_9359-683x1024.jpg\" alt=\"\" class=\"wp-image-1487\" srcset=\"https:\/\/projetos.uel.br\/praxis\/wp-content\/uploads\/2025\/05\/9-IMG_9359-683x1024.jpg 683w, https:\/\/projetos.uel.br\/praxis\/wp-content\/uploads\/2025\/05\/9-IMG_9359-200x300.jpg 200w, https:\/\/projetos.uel.br\/praxis\/wp-content\/uploads\/2025\/05\/9-IMG_9359-768x1152.jpg 768w, https:\/\/projetos.uel.br\/praxis\/wp-content\/uploads\/2025\/05\/9-IMG_9359-1024x1536.jpg 1024w, https:\/\/projetos.uel.br\/praxis\/wp-content\/uploads\/2025\/05\/9-IMG_9359-1366x2048.jpg 1366w, https:\/\/projetos.uel.br\/praxis\/wp-content\/uploads\/2025\/05\/9-IMG_9359-scaled.jpg 1707w\" sizes=\"auto, (max-width: 683px) 100vw, 683px\" \/><\/figure>\n\n\n\n<figure class=\"wp-block-image size-large\"><img loading=\"lazy\" decoding=\"async\" width=\"1024\" height=\"683\" data-id=\"1494\" src=\"https:\/\/projetos.uel.br\/praxis\/wp-content\/uploads\/2025\/05\/19-IMG_9389-1024x683.jpg\" alt=\"\" class=\"wp-image-1494\" srcset=\"https:\/\/projetos.uel.br\/praxis\/wp-content\/uploads\/2025\/05\/19-IMG_9389-1024x683.jpg 1024w, https:\/\/projetos.uel.br\/praxis\/wp-content\/uploads\/2025\/05\/19-IMG_9389-300x200.jpg 300w, https:\/\/projetos.uel.br\/praxis\/wp-content\/uploads\/2025\/05\/19-IMG_9389-768x512.jpg 768w, https:\/\/projetos.uel.br\/praxis\/wp-content\/uploads\/2025\/05\/19-IMG_9389-1536x1024.jpg 1536w, https:\/\/projetos.uel.br\/praxis\/wp-content\/uploads\/2025\/05\/19-IMG_9389-2048x1366.jpg 2048w\" sizes=\"auto, (max-width: 1024px) 100vw, 1024px\" \/><\/figure>\n\n\n\n<figure class=\"wp-block-image size-large\"><img loading=\"lazy\" decoding=\"async\" width=\"1024\" height=\"683\" data-id=\"1495\" src=\"https:\/\/projetos.uel.br\/praxis\/wp-content\/uploads\/2025\/05\/21-IMG_9398-1024x683.jpg\" alt=\"\" class=\"wp-image-1495\" srcset=\"https:\/\/projetos.uel.br\/praxis\/wp-content\/uploads\/2025\/05\/21-IMG_9398-1024x683.jpg 1024w, https:\/\/projetos.uel.br\/praxis\/wp-content\/uploads\/2025\/05\/21-IMG_9398-300x200.jpg 300w, https:\/\/projetos.uel.br\/praxis\/wp-content\/uploads\/2025\/05\/21-IMG_9398-768x512.jpg 768w, https:\/\/projetos.uel.br\/praxis\/wp-content\/uploads\/2025\/05\/21-IMG_9398-1536x1024.jpg 1536w, https:\/\/projetos.uel.br\/praxis\/wp-content\/uploads\/2025\/05\/21-IMG_9398-2048x1366.jpg 2048w\" sizes=\"auto, (max-width: 1024px) 100vw, 1024px\" \/><\/figure>\n\n\n\n<figure class=\"wp-block-image size-large\"><img loading=\"lazy\" decoding=\"async\" width=\"1024\" height=\"683\" data-id=\"1496\" src=\"https:\/\/projetos.uel.br\/praxis\/wp-content\/uploads\/2025\/05\/22-IMG_9399-1024x683.jpg\" alt=\"\" class=\"wp-image-1496\" srcset=\"https:\/\/projetos.uel.br\/praxis\/wp-content\/uploads\/2025\/05\/22-IMG_9399-1024x683.jpg 1024w, https:\/\/projetos.uel.br\/praxis\/wp-content\/uploads\/2025\/05\/22-IMG_9399-300x200.jpg 300w, https:\/\/projetos.uel.br\/praxis\/wp-content\/uploads\/2025\/05\/22-IMG_9399-768x512.jpg 768w, https:\/\/projetos.uel.br\/praxis\/wp-content\/uploads\/2025\/05\/22-IMG_9399-1536x1024.jpg 1536w, https:\/\/projetos.uel.br\/praxis\/wp-content\/uploads\/2025\/05\/22-IMG_9399-2048x1366.jpg 2048w\" sizes=\"auto, (max-width: 1024px) 100vw, 1024px\" \/><\/figure>\n\n\n\n<figure class=\"wp-block-image size-large\"><img loading=\"lazy\" decoding=\"async\" width=\"1024\" height=\"683\" data-id=\"1497\" src=\"https:\/\/projetos.uel.br\/praxis\/wp-content\/uploads\/2025\/05\/23-IMG_9402-1024x683.jpg\" alt=\"\" class=\"wp-image-1497\" srcset=\"https:\/\/projetos.uel.br\/praxis\/wp-content\/uploads\/2025\/05\/23-IMG_9402-1024x683.jpg 1024w, https:\/\/projetos.uel.br\/praxis\/wp-content\/uploads\/2025\/05\/23-IMG_9402-300x200.jpg 300w, https:\/\/projetos.uel.br\/praxis\/wp-content\/uploads\/2025\/05\/23-IMG_9402-768x512.jpg 768w, https:\/\/projetos.uel.br\/praxis\/wp-content\/uploads\/2025\/05\/23-IMG_9402-1536x1024.jpg 1536w, https:\/\/projetos.uel.br\/praxis\/wp-content\/uploads\/2025\/05\/23-IMG_9402-2048x1366.jpg 2048w\" sizes=\"auto, (max-width: 1024px) 100vw, 1024px\" \/><\/figure>\n\n\n\n<figure class=\"wp-block-image size-large\"><img loading=\"lazy\" decoding=\"async\" width=\"1024\" height=\"683\" data-id=\"1499\" src=\"https:\/\/projetos.uel.br\/praxis\/wp-content\/uploads\/2025\/05\/26-IMG_9405-1024x683.jpg\" alt=\"\" class=\"wp-image-1499\" srcset=\"https:\/\/projetos.uel.br\/praxis\/wp-content\/uploads\/2025\/05\/26-IMG_9405-1024x683.jpg 1024w, https:\/\/projetos.uel.br\/praxis\/wp-content\/uploads\/2025\/05\/26-IMG_9405-300x200.jpg 300w, https:\/\/projetos.uel.br\/praxis\/wp-content\/uploads\/2025\/05\/26-IMG_9405-768x512.jpg 768w, https:\/\/projetos.uel.br\/praxis\/wp-content\/uploads\/2025\/05\/26-IMG_9405-1536x1024.jpg 1536w, https:\/\/projetos.uel.br\/praxis\/wp-content\/uploads\/2025\/05\/26-IMG_9405-2048x1366.jpg 2048w\" sizes=\"auto, (max-width: 1024px) 100vw, 1024px\" \/><\/figure>\n\n\n\n<figure class=\"wp-block-image size-large\"><img loading=\"lazy\" decoding=\"async\" width=\"1024\" height=\"683\" data-id=\"1500\" src=\"https:\/\/projetos.uel.br\/praxis\/wp-content\/uploads\/2025\/05\/27-IMG_9406-1024x683.jpg\" alt=\"\" class=\"wp-image-1500\" srcset=\"https:\/\/projetos.uel.br\/praxis\/wp-content\/uploads\/2025\/05\/27-IMG_9406-1024x683.jpg 1024w, https:\/\/projetos.uel.br\/praxis\/wp-content\/uploads\/2025\/05\/27-IMG_9406-300x200.jpg 300w, https:\/\/projetos.uel.br\/praxis\/wp-content\/uploads\/2025\/05\/27-IMG_9406-768x512.jpg 768w, https:\/\/projetos.uel.br\/praxis\/wp-content\/uploads\/2025\/05\/27-IMG_9406-1536x1024.jpg 1536w, https:\/\/projetos.uel.br\/praxis\/wp-content\/uploads\/2025\/05\/27-IMG_9406-2048x1366.jpg 2048w\" sizes=\"auto, (max-width: 1024px) 100vw, 1024px\" \/><\/figure>\n\n\n\n<figure class=\"wp-block-image size-large\"><img loading=\"lazy\" decoding=\"async\" width=\"1024\" height=\"683\" data-id=\"1498\" src=\"https:\/\/projetos.uel.br\/praxis\/wp-content\/uploads\/2025\/05\/24-IMG_9403-1024x683.jpg\" alt=\"\" class=\"wp-image-1498\" srcset=\"https:\/\/projetos.uel.br\/praxis\/wp-content\/uploads\/2025\/05\/24-IMG_9403-1024x683.jpg 1024w, https:\/\/projetos.uel.br\/praxis\/wp-content\/uploads\/2025\/05\/24-IMG_9403-300x200.jpg 300w, https:\/\/projetos.uel.br\/praxis\/wp-content\/uploads\/2025\/05\/24-IMG_9403-768x512.jpg 768w, https:\/\/projetos.uel.br\/praxis\/wp-content\/uploads\/2025\/05\/24-IMG_9403-1536x1024.jpg 1536w, https:\/\/projetos.uel.br\/praxis\/wp-content\/uploads\/2025\/05\/24-IMG_9403-2048x1366.jpg 2048w\" sizes=\"auto, (max-width: 1024px) 100vw, 1024px\" \/><\/figure>\n\n\n\n<figure class=\"wp-block-image size-large\"><img loading=\"lazy\" decoding=\"async\" width=\"1024\" height=\"683\" data-id=\"1504\" src=\"https:\/\/projetos.uel.br\/praxis\/wp-content\/uploads\/2025\/05\/32-IMG_9411-1024x683.jpg\" alt=\"\" class=\"wp-image-1504\" srcset=\"https:\/\/projetos.uel.br\/praxis\/wp-content\/uploads\/2025\/05\/32-IMG_9411-1024x683.jpg 1024w, https:\/\/projetos.uel.br\/praxis\/wp-content\/uploads\/2025\/05\/32-IMG_9411-300x200.jpg 300w, https:\/\/projetos.uel.br\/praxis\/wp-content\/uploads\/2025\/05\/32-IMG_9411-768x512.jpg 768w, https:\/\/projetos.uel.br\/praxis\/wp-content\/uploads\/2025\/05\/32-IMG_9411-1536x1024.jpg 1536w, https:\/\/projetos.uel.br\/praxis\/wp-content\/uploads\/2025\/05\/32-IMG_9411-2048x1366.jpg 2048w\" sizes=\"auto, (max-width: 1024px) 100vw, 1024px\" \/><\/figure>\n\n\n\n<figure class=\"wp-block-image size-large\"><img loading=\"lazy\" decoding=\"async\" width=\"1024\" height=\"683\" data-id=\"1503\" src=\"https:\/\/projetos.uel.br\/praxis\/wp-content\/uploads\/2025\/05\/31-IMG_9410-1024x683.jpg\" alt=\"\" class=\"wp-image-1503\" srcset=\"https:\/\/projetos.uel.br\/praxis\/wp-content\/uploads\/2025\/05\/31-IMG_9410-1024x683.jpg 1024w, https:\/\/projetos.uel.br\/praxis\/wp-content\/uploads\/2025\/05\/31-IMG_9410-300x200.jpg 300w, https:\/\/projetos.uel.br\/praxis\/wp-content\/uploads\/2025\/05\/31-IMG_9410-768x512.jpg 768w, https:\/\/projetos.uel.br\/praxis\/wp-content\/uploads\/2025\/05\/31-IMG_9410-1536x1024.jpg 1536w, https:\/\/projetos.uel.br\/praxis\/wp-content\/uploads\/2025\/05\/31-IMG_9410-2048x1366.jpg 2048w\" sizes=\"auto, (max-width: 1024px) 100vw, 1024px\" \/><\/figure>\n\n\n\n<figure class=\"wp-block-image size-large\"><img loading=\"lazy\" decoding=\"async\" width=\"1024\" height=\"683\" data-id=\"1502\" src=\"https:\/\/projetos.uel.br\/praxis\/wp-content\/uploads\/2025\/05\/29-IMG_9408-1024x683.jpg\" alt=\"\" class=\"wp-image-1502\" srcset=\"https:\/\/projetos.uel.br\/praxis\/wp-content\/uploads\/2025\/05\/29-IMG_9408-1024x683.jpg 1024w, https:\/\/projetos.uel.br\/praxis\/wp-content\/uploads\/2025\/05\/29-IMG_9408-300x200.jpg 300w, https:\/\/projetos.uel.br\/praxis\/wp-content\/uploads\/2025\/05\/29-IMG_9408-768x512.jpg 768w, https:\/\/projetos.uel.br\/praxis\/wp-content\/uploads\/2025\/05\/29-IMG_9408-1536x1024.jpg 1536w, https:\/\/projetos.uel.br\/praxis\/wp-content\/uploads\/2025\/05\/29-IMG_9408-2048x1366.jpg 2048w\" sizes=\"auto, (max-width: 1024px) 100vw, 1024px\" \/><\/figure>\n\n\n\n<figure class=\"wp-block-image size-large\"><img loading=\"lazy\" decoding=\"async\" width=\"1024\" height=\"683\" data-id=\"1501\" src=\"https:\/\/projetos.uel.br\/praxis\/wp-content\/uploads\/2025\/05\/28-IMG_9407-1024x683.jpg\" alt=\"\" class=\"wp-image-1501\" srcset=\"https:\/\/projetos.uel.br\/praxis\/wp-content\/uploads\/2025\/05\/28-IMG_9407-1024x683.jpg 1024w, https:\/\/projetos.uel.br\/praxis\/wp-content\/uploads\/2025\/05\/28-IMG_9407-300x200.jpg 300w, https:\/\/projetos.uel.br\/praxis\/wp-content\/uploads\/2025\/05\/28-IMG_9407-768x512.jpg 768w, https:\/\/projetos.uel.br\/praxis\/wp-content\/uploads\/2025\/05\/28-IMG_9407-1536x1024.jpg 1536w, https:\/\/projetos.uel.br\/praxis\/wp-content\/uploads\/2025\/05\/28-IMG_9407-2048x1366.jpg 2048w\" sizes=\"auto, (max-width: 1024px) 100vw, 1024px\" \/><\/figure>\n<\/figure>\n\n\n\n<p>Fotos de Alexsander Barbosa e Tiago Daniel<\/p>\n","protected":false},"excerpt":{"rendered":"<p>No dia 22 de maio de 2025, o Programa de Extens\u00e3o Pr\u00e1xis Itinerante promoveu uma a\u00e7\u00e3o especial de socioeduca\u00e7\u00e3o e debate, com a exibi\u00e7\u00e3o do filme Ainda Estou Aqui e a exposi\u00e7\u00e3o P\u00e1ginas de Luta, no Anfiteatro do CESA, na UEL. Uma iniciativa que uniu arte, hist\u00f3ria e reflex\u00e3o para fortalecer o pensamento cr\u00edtico e [&hellip;]<\/p>\n","protected":false},"author":12,"featured_media":1506,"parent":0,"menu_order":0,"comment_status":"closed","ping_status":"closed","template":"","meta":{"_acf_changed":false,"footnotes":""},"class_list":["post-1508","page","type-page","status-publish","has-post-thumbnail","hentry"],"acf":[],"_links":{"self":[{"href":"https:\/\/projetos.uel.br\/praxis\/wp-json\/wp\/v2\/pages\/1508","targetHints":{"allow":["GET"]}}],"collection":[{"href":"https:\/\/projetos.uel.br\/praxis\/wp-json\/wp\/v2\/pages"}],"about":[{"href":"https:\/\/projetos.uel.br\/praxis\/wp-json\/wp\/v2\/types\/page"}],"author":[{"embeddable":true,"href":"https:\/\/projetos.uel.br\/praxis\/wp-json\/wp\/v2\/users\/12"}],"replies":[{"embeddable":true,"href":"https:\/\/projetos.uel.br\/praxis\/wp-json\/wp\/v2\/comments?post=1508"}],"version-history":[{"count":5,"href":"https:\/\/projetos.uel.br\/praxis\/wp-json\/wp\/v2\/pages\/1508\/revisions"}],"predecessor-version":[{"id":1710,"href":"https:\/\/projetos.uel.br\/praxis\/wp-json\/wp\/v2\/pages\/1508\/revisions\/1710"}],"wp:featuredmedia":[{"embeddable":true,"href":"https:\/\/projetos.uel.br\/praxis\/wp-json\/wp\/v2\/media\/1506"}],"wp:attachment":[{"href":"https:\/\/projetos.uel.br\/praxis\/wp-json\/wp\/v2\/media?parent=1508"}],"curies":[{"name":"wp","href":"https:\/\/api.w.org\/{rel}","templated":true}]}}