{"id":1436,"date":"2025-05-21T17:21:01","date_gmt":"2025-05-21T20:21:01","guid":{"rendered":"https:\/\/projetos.uel.br\/praxis\/?page_id=1436"},"modified":"2026-02-25T19:53:06","modified_gmt":"2026-02-25T22:53:06","slug":"colegio-profa-lucia-barros","status":"publish","type":"page","link":"https:\/\/projetos.uel.br\/praxis\/colegio-profa-lucia-barros\/","title":{"rendered":"Col\u00e9gio Profa. Lucia Barros"},"content":{"rendered":"\n<figure class=\"wp-block-image size-large\"><img loading=\"lazy\" decoding=\"async\" width=\"1024\" height=\"427\" src=\"https:\/\/projetos.uel.br\/praxis\/wp-content\/uploads\/2025\/05\/capa-site-1024x427.png\" alt=\"\" class=\"wp-image-1441\" srcset=\"https:\/\/projetos.uel.br\/praxis\/wp-content\/uploads\/2025\/05\/capa-site-1024x427.png 1024w, https:\/\/projetos.uel.br\/praxis\/wp-content\/uploads\/2025\/05\/capa-site-300x125.png 300w, https:\/\/projetos.uel.br\/praxis\/wp-content\/uploads\/2025\/05\/capa-site-768x320.png 768w, https:\/\/projetos.uel.br\/praxis\/wp-content\/uploads\/2025\/05\/capa-site-1536x640.png 1536w, https:\/\/projetos.uel.br\/praxis\/wp-content\/uploads\/2025\/05\/capa-site.png 1920w\" sizes=\"auto, (max-width: 1024px) 100vw, 1024px\" \/><\/figure>\n\n\n\n<p><strong>\u00c9 com grande alegria que anunciamos o retorno das atividades do Cursinho Pr\u00e1xis Itinerante!<\/strong><\/p>\n\n\n\n<p>As aulas ter\u00e3o in\u00edcio no dia&nbsp;<strong>16 de mar\u00e7o, \u00e0s 19h, no Col\u00e9gio Profa. Lucia Barros Lisboa<\/strong>, localizado na Zona Norte de Londrina.<\/p>\n\n\n\n<p><strong>ATEN\u00c7\u00c3O:<\/strong>&nbsp;As vagas para esta turma j\u00e1 foram preenchidas, e no momento estamos com lista de espera.<\/p>\n\n\n\n<p>Para entrar na lista de espera, \u00e9 necess\u00e1rio preencher o formul\u00e1rio no link abaixo:<\/p>\n\n\n\n<p><a href=\"https:\/\/docs.google.com\/forms\/d\/e\/1FAIpQLSfI4D-EyCO78zKPPtad83Hhmm3Mbcd3CCZGP-v7yoyJGukC7Q\/viewform\">Formul\u00e1rio \u2013 Lista de Espera<\/a><\/p>\n\n\n\n<p>Assim que surgirem novas vagas, entraremos em contato com as pessoas da lista, seguindo a ordem de inscri\u00e7\u00e3o.<\/p>\n\n\n\n<p>Para garantir sua inscri\u00e7\u00e3o no futuro, j\u00e1 v\u00e1 preparando os seguintes documentos:<\/p>\n\n\n\n<ul class=\"wp-block-list\">\n<li>Comprovante de resid\u00eancia;<\/li>\n\n\n\n<li>RG e CPF do(a) estudante e do(a) respons\u00e1vel;<\/li>\n\n\n\n<li>C\u00f3pia de documento que comprove o v\u00ednculo familiar com o(a) respons\u00e1vel legal do comprovante de resid\u00eancia (ex.: certid\u00e3o de nascimento);<\/li>\n\n\n\n<li>N\u00famero de Identifica\u00e7\u00e3o Social (NIS), caso possua.<\/li>\n<\/ul>\n\n\n\n<p>Como consultar o NIS:<\/p>\n\n\n\n<ol class=\"wp-block-list\">\n<li>Acesse a loja de aplicativos do seu celular;<\/li>\n\n\n\n<li>Baixe o app Meu Cad\u00danico;<\/li>\n\n\n\n<li>Fa\u00e7a login com seu CPF e conta Gov.br;<\/li>\n\n\n\n<li>V\u00e1 at\u00e9 \u201cConsulta simples\u201d e selecione \u201cRespons\u00e1vel familiar\u201d;<\/li>\n\n\n\n<li>Clique na seta para baixo e visualize seus dados, incluindo o n\u00famero do NIS.<\/li>\n<\/ol>\n\n\n\n<p><strong>D\u00favidas? Fale com a gente pelo e-mail: cursinho.praxis@uel.br<\/strong><\/p>\n\n\n\n<p>At\u00e9 breve!<\/p>\n\n\n\n<figure class=\"wp-block-image size-large\"><img loading=\"lazy\" decoding=\"async\" width=\"1024\" height=\"131\" src=\"https:\/\/projetos.uel.br\/praxis\/wp-content\/uploads\/2025\/05\/logos-capa-1-1024x131.png\" alt=\"\" class=\"wp-image-1389\" srcset=\"https:\/\/projetos.uel.br\/praxis\/wp-content\/uploads\/2025\/05\/logos-capa-1-1024x131.png 1024w, https:\/\/projetos.uel.br\/praxis\/wp-content\/uploads\/2025\/05\/logos-capa-1-300x38.png 300w, https:\/\/projetos.uel.br\/praxis\/wp-content\/uploads\/2025\/05\/logos-capa-1-768x98.png 768w, https:\/\/projetos.uel.br\/praxis\/wp-content\/uploads\/2025\/05\/logos-capa-1-1536x196.png 1536w, https:\/\/projetos.uel.br\/praxis\/wp-content\/uploads\/2025\/05\/logos-capa-1.png 1920w\" sizes=\"auto, (max-width: 1024px) 100vw, 1024px\" \/><\/figure>\n","protected":false},"excerpt":{"rendered":"<p>\u00c9 com grande alegria que anunciamos o retorno das atividades do Cursinho Pr\u00e1xis Itinerante! As aulas ter\u00e3o in\u00edcio no dia&nbsp;16 de mar\u00e7o, \u00e0s 19h, no Col\u00e9gio Profa. Lucia Barros Lisboa, localizado na Zona Norte de Londrina. ATEN\u00c7\u00c3O:&nbsp;As vagas para esta turma j\u00e1 foram preenchidas, e no momento estamos com lista de espera. Para entrar na [&hellip;]<\/p>\n","protected":false},"author":10,"featured_media":0,"parent":0,"menu_order":0,"comment_status":"closed","ping_status":"closed","template":"","meta":{"_acf_changed":false,"footnotes":""},"class_list":["post-1436","page","type-page","status-publish","hentry"],"acf":[],"_links":{"self":[{"href":"https:\/\/projetos.uel.br\/praxis\/wp-json\/wp\/v2\/pages\/1436","targetHints":{"allow":["GET"]}}],"collection":[{"href":"https:\/\/projetos.uel.br\/praxis\/wp-json\/wp\/v2\/pages"}],"about":[{"href":"https:\/\/projetos.uel.br\/praxis\/wp-json\/wp\/v2\/types\/page"}],"author":[{"embeddable":true,"href":"https:\/\/projetos.uel.br\/praxis\/wp-json\/wp\/v2\/users\/10"}],"replies":[{"embeddable":true,"href":"https:\/\/projetos.uel.br\/praxis\/wp-json\/wp\/v2\/comments?post=1436"}],"version-history":[{"count":8,"href":"https:\/\/projetos.uel.br\/praxis\/wp-json\/wp\/v2\/pages\/1436\/revisions"}],"predecessor-version":[{"id":1857,"href":"https:\/\/projetos.uel.br\/praxis\/wp-json\/wp\/v2\/pages\/1436\/revisions\/1857"}],"wp:attachment":[{"href":"https:\/\/projetos.uel.br\/praxis\/wp-json\/wp\/v2\/media?parent=1436"}],"curies":[{"name":"wp","href":"https:\/\/api.w.org\/{rel}","templated":true}]}}

Colégio Profa. Lucia Barros

<figure class="wp-block-image size-large"><img loading="lazy" decoding="async" width="1024" height="427" src="https://projetos.uel.br/praxis/wp-content/uploads/2025/05/capa-site-1024x427.png" alt="" class="wp-image-1441" srcset="https://projetos.uel.br/praxis/wp-content/uploads/2025/05/capa-site-1024x427.png 1024w, https://projetos.uel.br/praxis/wp-content/uploads/2025/05/capa-site-300x125.png 300w, https://projetos.uel.br/praxis/wp-content/uploads/2025/05/capa-site-768x320.png 768w, https://projetos.uel.br/praxis/wp-content/uploads/2025/05/capa-site-1536x640.png 1536w, https://projetos.uel.br/praxis/wp-content/uploads/2025/05/capa-site.png 1920w" sizes="auto, (max-width: 1024px) 100vw, 1024px" /></figure>



<p><strong>É com grande alegria que anunciamos o retorno das atividades do Cursinho Práxis Itinerante!</strong></p>



<p>As aulas terão início no dia&nbsp;<strong>16 de março, às 19h, no Colégio Profa. Lucia Barros Lisboa</strong>, localizado na Zona Norte de Londrina.</p>



<p><strong>ATENÇÃO:</strong>&nbsp;As vagas para esta turma já foram preenchidas, e no momento estamos com lista de espera.</p>



<p>Para entrar na lista de espera, é necessário preencher o formulário no link abaixo:</p>



<p><a href="https://docs.google.com/forms/d/e/1FAIpQLSfI4D-EyCO78zKPPtad83Hhmm3Mbcd3CCZGP-v7yoyJGukC7Q/viewform">Formulário – Lista de Espera</a></p>



<p>Assim que surgirem novas vagas, entraremos em contato com as pessoas da lista, seguindo a ordem de inscrição.</p>



<p>Para garantir sua inscrição no futuro, já vá preparando os seguintes documentos:</p>



<ul class="wp-block-list">
<li>Comprovante de residência;</li>



<li>RG e CPF do(a) estudante e do(a) responsável;</li>



<li>Cópia de documento que comprove o vínculo familiar com o(a) responsável legal do comprovante de residência (ex.: certidão de nascimento);</li>



<li>Número de Identificação Social (NIS), caso possua.</li>
</ul>



<p>Como consultar o NIS:</p>



<ol class="wp-block-list">
<li>Acesse a loja de aplicativos do seu celular;</li>



<li>Baixe o app Meu CadÚnico;</li>



<li>Faça login com seu CPF e conta Gov.br;</li>



<li>Vá até “Consulta simples” e selecione “Responsável familiar”;</li>



<li>Clique na seta para baixo e visualize seus dados, incluindo o número do NIS.</li>
</ol>



<p><strong>Dúvidas? Fale com a gente pelo e-mail: cursinho.praxis@uel.br</strong></p>



<p>Até breve!</p>



<figure class="wp-block-image size-large"><img loading="lazy" decoding="async" width="1024" height="131" src="https://projetos.uel.br/praxis/wp-content/uploads/2025/05/logos-capa-1-1024x131.png" alt="" class="wp-image-1389" srcset="https://projetos.uel.br/praxis/wp-content/uploads/2025/05/logos-capa-1-1024x131.png 1024w, https://projetos.uel.br/praxis/wp-content/uploads/2025/05/logos-capa-1-300x38.png 300w, https://projetos.uel.br/praxis/wp-content/uploads/2025/05/logos-capa-1-768x98.png 768w, https://projetos.uel.br/praxis/wp-content/uploads/2025/05/logos-capa-1-1536x196.png 1536w, https://projetos.uel.br/praxis/wp-content/uploads/2025/05/logos-capa-1.png 1920w" sizes="auto, (max-width: 1024px) 100vw, 1024px" /></figure>

<p>É com grande alegria que anunciamos o retorno das atividades do Cursinho Práxis Itinerante! As aulas terão início no dia&nbsp;16 de março, às 19h, no Colégio Profa. Lucia Barros Lisboa, localizado na Zona Norte de Londrina. ATENÇÃO:&nbsp;As vagas para esta turma já foram preenchidas, e no momento estamos com lista de espera. Para entrar na [&hellip;]</p>
