{"id":1362,"date":"2025-05-15T15:07:38","date_gmt":"2025-05-15T18:07:38","guid":{"rendered":"https:\/\/projetos.uel.br\/praxis\/?page_id=1362"},"modified":"2026-02-25T19:52:27","modified_gmt":"2026-02-25T22:52:27","slug":"inscricao-alunos","status":"publish","type":"page","link":"https:\/\/projetos.uel.br\/praxis\/inscricao-alunos\/","title":{"rendered":"Col\u00e9gio Albino Feij\u00f3 Sanches"},"content":{"rendered":"\n<figure class=\"wp-block-image size-large\"><img loading=\"lazy\" decoding=\"async\" width=\"1024\" height=\"320\" src=\"https:\/\/projetos.uel.br\/praxis\/wp-content\/uploads\/2025\/05\/capa-cursinho-2-1024x320.png\" alt=\"\" class=\"wp-image-1393\" srcset=\"https:\/\/projetos.uel.br\/praxis\/wp-content\/uploads\/2025\/05\/capa-cursinho-2-1024x320.png 1024w, https:\/\/projetos.uel.br\/praxis\/wp-content\/uploads\/2025\/05\/capa-cursinho-2-300x94.png 300w, https:\/\/projetos.uel.br\/praxis\/wp-content\/uploads\/2025\/05\/capa-cursinho-2-768x240.png 768w, https:\/\/projetos.uel.br\/praxis\/wp-content\/uploads\/2025\/05\/capa-cursinho-2-1536x480.png 1536w, https:\/\/projetos.uel.br\/praxis\/wp-content\/uploads\/2025\/05\/capa-cursinho-2.png 1920w\" sizes=\"auto, (max-width: 1024px) 100vw, 1024px\" \/><\/figure>\n\n\n\n<p><strong>\u00c9 com grande alegria que anunciamos o retorno das atividades do Cursinho Pr\u00e1xis Itinerante!<\/strong><\/p>\n\n\n\n<p>As aulas ter\u00e3o in\u00edcio no dia <strong>16 de mar\u00e7o, \u00e0s 19h, no Col\u00e9gio Albino Feij\u00f3 Sanches<\/strong>, localizado na Zona Sul de Londrina.<\/p>\n\n\n\n<p><strong>ATEN\u00c7\u00c3O:<\/strong> As vagas para esta turma j\u00e1 foram preenchidas, e no momento estamos com lista de espera.<\/p>\n\n\n\n<p>Para entrar na lista de espera, \u00e9 necess\u00e1rio preencher o formul\u00e1rio no link abaixo:<\/p>\n\n\n\n<p><a href=\"https:\/\/docs.google.com\/forms\/d\/e\/1FAIpQLSdmHa9Ul3spEuuVIfgY-s67qD-A3j1CTu463GjK4Ui47S-xJA\/viewform\" data-type=\"link\" data-id=\"https:\/\/docs.google.com\/forms\/d\/e\/1FAIpQLSdmHa9Ul3spEuuVIfgY-s67qD-A3j1CTu463GjK4Ui47S-xJA\/viewform\">Formul\u00e1rio \u2013 Lista de Espera<\/a><\/p>\n\n\n\n<p>Assim que surgirem novas vagas, entraremos em contato com as pessoas da lista, seguindo a ordem de inscri\u00e7\u00e3o.<\/p>\n\n\n\n<p>Para garantir sua inscri\u00e7\u00e3o no futuro, j\u00e1 v\u00e1 preparando os seguintes documentos:<\/p>\n\n\n\n<ul class=\"wp-block-list\">\n<li>Comprovante de resid\u00eancia;<\/li>\n\n\n\n<li>RG e CPF do(a) estudante e do(a) respons\u00e1vel;<\/li>\n\n\n\n<li>C\u00f3pia de documento que comprove o v\u00ednculo familiar com o(a) respons\u00e1vel legal do comprovante de resid\u00eancia (ex.: certid\u00e3o de nascimento);<\/li>\n\n\n\n<li>N\u00famero de Identifica\u00e7\u00e3o Social (NIS), caso possua.<\/li>\n<\/ul>\n\n\n\n<p>Como consultar o NIS:<\/p>\n\n\n\n<ol class=\"wp-block-list\">\n<li>Acesse a loja de aplicativos do seu celular;<\/li>\n\n\n\n<li>Baixe o app Meu Cad\u00danico;<\/li>\n\n\n\n<li>Fa\u00e7a login com seu CPF e conta Gov.br;<\/li>\n\n\n\n<li>V\u00e1 at\u00e9 \u201cConsulta simples\u201d e selecione \u201cRespons\u00e1vel familiar\u201d;<\/li>\n\n\n\n<li>Clique na seta para baixo e visualize seus dados, incluindo o n\u00famero do NIS.<\/li>\n<\/ol>\n\n\n\n<p><strong>D\u00favidas? Fale com a gente pelo e-mail: cursinho.praxis@uel.br<\/strong><\/p>\n\n\n\n<p>At\u00e9 breve!<\/p>\n\n\n\n<p><\/p>\n\n\n\n<figure class=\"wp-block-image size-large\"><img loading=\"lazy\" decoding=\"async\" width=\"1024\" height=\"131\" src=\"https:\/\/projetos.uel.br\/praxis\/wp-content\/uploads\/2025\/05\/logos-capa-1-1024x131.png\" alt=\"\" class=\"wp-image-1389\" srcset=\"https:\/\/projetos.uel.br\/praxis\/wp-content\/uploads\/2025\/05\/logos-capa-1-1024x131.png 1024w, https:\/\/projetos.uel.br\/praxis\/wp-content\/uploads\/2025\/05\/logos-capa-1-300x38.png 300w, https:\/\/projetos.uel.br\/praxis\/wp-content\/uploads\/2025\/05\/logos-capa-1-768x98.png 768w, https:\/\/projetos.uel.br\/praxis\/wp-content\/uploads\/2025\/05\/logos-capa-1-1536x196.png 1536w, https:\/\/projetos.uel.br\/praxis\/wp-content\/uploads\/2025\/05\/logos-capa-1.png 1920w\" sizes=\"auto, (max-width: 1024px) 100vw, 1024px\" \/><\/figure>\n\n\n\n<p><\/p>\n","protected":false},"excerpt":{"rendered":"<p>\u00c9 com grande alegria que anunciamos o retorno das atividades do Cursinho Pr\u00e1xis Itinerante! As aulas ter\u00e3o in\u00edcio no dia 16 de mar\u00e7o, \u00e0s 19h, no Col\u00e9gio Albino Feij\u00f3 Sanches, localizado na Zona Sul de Londrina. ATEN\u00c7\u00c3O: As vagas para esta turma j\u00e1 foram preenchidas, e no momento estamos com lista de espera. Para entrar [&hellip;]<\/p>\n","protected":false},"author":10,"featured_media":0,"parent":0,"menu_order":0,"comment_status":"closed","ping_status":"closed","template":"page-templates\/template-menu-blocks.php","meta":{"_acf_changed":false,"footnotes":""},"class_list":["post-1362","page","type-page","status-publish","hentry"],"acf":[],"_links":{"self":[{"href":"https:\/\/projetos.uel.br\/praxis\/wp-json\/wp\/v2\/pages\/1362","targetHints":{"allow":["GET"]}}],"collection":[{"href":"https:\/\/projetos.uel.br\/praxis\/wp-json\/wp\/v2\/pages"}],"about":[{"href":"https:\/\/projetos.uel.br\/praxis\/wp-json\/wp\/v2\/types\/page"}],"author":[{"embeddable":true,"href":"https:\/\/projetos.uel.br\/praxis\/wp-json\/wp\/v2\/users\/10"}],"replies":[{"embeddable":true,"href":"https:\/\/projetos.uel.br\/praxis\/wp-json\/wp\/v2\/comments?post=1362"}],"version-history":[{"count":19,"href":"https:\/\/projetos.uel.br\/praxis\/wp-json\/wp\/v2\/pages\/1362\/revisions"}],"predecessor-version":[{"id":1849,"href":"https:\/\/projetos.uel.br\/praxis\/wp-json\/wp\/v2\/pages\/1362\/revisions\/1849"}],"wp:attachment":[{"href":"https:\/\/projetos.uel.br\/praxis\/wp-json\/wp\/v2\/media?parent=1362"}],"curies":[{"name":"wp","href":"https:\/\/api.w.org\/{rel}","templated":true}]}}

Colégio Albino Feijó Sanches

<figure class="wp-block-image size-large"><img loading="lazy" decoding="async" width="1024" height="320" src="https://projetos.uel.br/praxis/wp-content/uploads/2025/05/capa-cursinho-2-1024x320.png" alt="" class="wp-image-1393" srcset="https://projetos.uel.br/praxis/wp-content/uploads/2025/05/capa-cursinho-2-1024x320.png 1024w, https://projetos.uel.br/praxis/wp-content/uploads/2025/05/capa-cursinho-2-300x94.png 300w, https://projetos.uel.br/praxis/wp-content/uploads/2025/05/capa-cursinho-2-768x240.png 768w, https://projetos.uel.br/praxis/wp-content/uploads/2025/05/capa-cursinho-2-1536x480.png 1536w, https://projetos.uel.br/praxis/wp-content/uploads/2025/05/capa-cursinho-2.png 1920w" sizes="auto, (max-width: 1024px) 100vw, 1024px" /></figure>



<p><strong>É com grande alegria que anunciamos o retorno das atividades do Cursinho Práxis Itinerante!</strong></p>



<p>As aulas terão início no dia <strong>16 de março, às 19h, no Colégio Albino Feijó Sanches</strong>, localizado na Zona Sul de Londrina.</p>



<p><strong>ATENÇÃO:</strong> As vagas para esta turma já foram preenchidas, e no momento estamos com lista de espera.</p>



<p>Para entrar na lista de espera, é necessário preencher o formulário no link abaixo:</p>



<p><a href="https://docs.google.com/forms/d/e/1FAIpQLSdmHa9Ul3spEuuVIfgY-s67qD-A3j1CTu463GjK4Ui47S-xJA/viewform" data-type="link" data-id="https://docs.google.com/forms/d/e/1FAIpQLSdmHa9Ul3spEuuVIfgY-s67qD-A3j1CTu463GjK4Ui47S-xJA/viewform">Formulário – Lista de Espera</a></p>



<p>Assim que surgirem novas vagas, entraremos em contato com as pessoas da lista, seguindo a ordem de inscrição.</p>



<p>Para garantir sua inscrição no futuro, já vá preparando os seguintes documentos:</p>



<ul class="wp-block-list">
<li>Comprovante de residência;</li>



<li>RG e CPF do(a) estudante e do(a) responsável;</li>



<li>Cópia de documento que comprove o vínculo familiar com o(a) responsável legal do comprovante de residência (ex.: certidão de nascimento);</li>



<li>Número de Identificação Social (NIS), caso possua.</li>
</ul>



<p>Como consultar o NIS:</p>



<ol class="wp-block-list">
<li>Acesse a loja de aplicativos do seu celular;</li>



<li>Baixe o app Meu CadÚnico;</li>



<li>Faça login com seu CPF e conta Gov.br;</li>



<li>Vá até “Consulta simples” e selecione “Responsável familiar”;</li>



<li>Clique na seta para baixo e visualize seus dados, incluindo o número do NIS.</li>
</ol>



<p><strong>Dúvidas? Fale com a gente pelo e-mail: cursinho.praxis@uel.br</strong></p>



<p>Até breve!</p>



<p></p>



<figure class="wp-block-image size-large"><img loading="lazy" decoding="async" width="1024" height="131" src="https://projetos.uel.br/praxis/wp-content/uploads/2025/05/logos-capa-1-1024x131.png" alt="" class="wp-image-1389" srcset="https://projetos.uel.br/praxis/wp-content/uploads/2025/05/logos-capa-1-1024x131.png 1024w, https://projetos.uel.br/praxis/wp-content/uploads/2025/05/logos-capa-1-300x38.png 300w, https://projetos.uel.br/praxis/wp-content/uploads/2025/05/logos-capa-1-768x98.png 768w, https://projetos.uel.br/praxis/wp-content/uploads/2025/05/logos-capa-1-1536x196.png 1536w, https://projetos.uel.br/praxis/wp-content/uploads/2025/05/logos-capa-1.png 1920w" sizes="auto, (max-width: 1024px) 100vw, 1024px" /></figure>



<p></p>

<p>É com grande alegria que anunciamos o retorno das atividades do Cursinho Práxis Itinerante! As aulas terão início no dia 16 de março, às 19h, no Colégio Albino Feijó Sanches, localizado na Zona Sul de Londrina. ATENÇÃO: As vagas para esta turma já foram preenchidas, e no momento estamos com lista de espera. Para entrar [&hellip;]</p>
