{"id":1358,"date":"2025-05-15T15:04:07","date_gmt":"2025-05-15T18:04:07","guid":{"rendered":"https:\/\/projetos.uel.br\/praxis\/?page_id=1358"},"modified":"2026-02-25T19:29:13","modified_gmt":"2026-02-25T22:29:13","slug":"selecao-professores","status":"publish","type":"page","link":"https:\/\/projetos.uel.br\/praxis\/selecao-professores\/","title":{"rendered":"Sele\u00e7\u00e3o Professores Cursinho Pr\u00e1xis Itinerante"},"content":{"rendered":"<div class=\"wp-block-image\">\n<figure class=\"aligncenter size-large\"><img loading=\"lazy\" decoding=\"async\" width=\"1024\" height=\"320\" src=\"https:\/\/projetos.uel.br\/praxis\/wp-content\/uploads\/2025\/05\/capa-silide-2-1024x320.png\" alt=\"\" class=\"wp-image-1395\" srcset=\"https:\/\/projetos.uel.br\/praxis\/wp-content\/uploads\/2025\/05\/capa-silide-2-1024x320.png 1024w, https:\/\/projetos.uel.br\/praxis\/wp-content\/uploads\/2025\/05\/capa-silide-2-300x94.png 300w, https:\/\/projetos.uel.br\/praxis\/wp-content\/uploads\/2025\/05\/capa-silide-2-768x240.png 768w, https:\/\/projetos.uel.br\/praxis\/wp-content\/uploads\/2025\/05\/capa-silide-2-1536x480.png 1536w, https:\/\/projetos.uel.br\/praxis\/wp-content\/uploads\/2025\/05\/capa-silide-2.png 1920w\" sizes=\"auto, (max-width: 1024px) 100vw, 1024px\" \/><\/figure>\n<\/div>\n\n\n<h2 class=\"wp-block-heading has-cinza-claro-color has-cinza-escuro-background-color has-text-color has-background has-link-color wp-elements-8350c486154ee03a79fe660e21c035ef\">Seja muito bem-vinde! <\/h2>\n\n\n\n<p class=\"has-cinza-escuro-color has-text-color has-link-color wp-elements-d823635adfb473cd03fad6867b657b08\"><strong>\u00c9 uma alegria contar com a sua presen\u00e7a nesta jornada de aprendizado e colabora\u00e7\u00e3o.<\/strong><\/p>\n\n\n\n<p>Este processo seletivo \u00e9 voltado para <strong>colaboradores externos e estudantes de gradua\u00e7\u00e3o interessados em atuar no Cursinho Popular Pr\u00e1xis Itinerante<\/strong>, uma iniciativa vinculada ao Programa de Extens\u00e3o Estadual com apoio da Secretaria da Ci\u00eancia, Tecnologia e Ensino Superior (SETI), da Pr\u00f3-Reitoria de Extens\u00e3o, Cultura e Sociedade (PROEX-UEL), da Secretaria Estadual de Educa\u00e7\u00e3o do Paran\u00e1 (SEED-PR) e o Programa Pr\u00e1xis Itinerante.<\/p>\n\n\n\n<p>\u00c9 fundamental destacar que esta atua\u00e7\u00e3o tem <strong>car\u00e1ter volunt\u00e1rio e n\u00e3o ser\u00e1 remunerada<\/strong>, n\u00e3o gerando qualquer tipo de v\u00ednculo empregat\u00edcio ou obriga\u00e7\u00e3o contratual. Todas as eventuais despesas decorrentes da participa\u00e7\u00e3o devem ser assumidas pelo pr\u00f3prio educador(a).<\/p>\n\n\n\n<p>O educador(a) volunt\u00e1rio(a) atuar\u00e1 diretamente nas atividades pedag\u00f3gicas do cursinho, no<strong> per\u00edodo noturno <\/strong>(das 19h \u00e0s 22h30), no <strong>Col\u00e9gio Estadual Albino Feij\u00f3 Sanches e\/ou no Col\u00e9gio Estadual Professora L\u00facia Barros Lisboa.<\/strong><\/p>\n\n\n\n<p><a href=\"https:\/\/docs.google.com\/forms\/d\/e\/1FAIpQLScLRxymAY_UZ99wzPxLX1OX1UYWSQUvfcuxM2numnytCZAgIA\/viewform\" data-type=\"link\" data-id=\"https:\/\/docs.google.com\/forms\/d\/e\/1FAIpQLScLRxymAY_UZ99wzPxLX1OX1UYWSQUvfcuxM2numnytCZAgIA\/viewform\">Inscreva-se aqui!<\/a><\/p>\n\n\n\n<p class=\"has-cinza-escuro-color has-text-color has-link-color wp-elements-424f1941ecb78881bf37c515dd7158db\">Esperamos voc\u00ea!<\/p>\n\n\n\n<p><\/p>\n","protected":false},"excerpt":{"rendered":"<p>Seja muito bem-vinde! \u00c9 uma alegria contar com a sua presen\u00e7a nesta jornada de aprendizado e colabora\u00e7\u00e3o. Este processo seletivo \u00e9 voltado para colaboradores externos e estudantes de gradua\u00e7\u00e3o interessados em atuar no Cursinho Popular Pr\u00e1xis Itinerante, uma iniciativa vinculada ao Programa de Extens\u00e3o Estadual com apoio da Secretaria da Ci\u00eancia, Tecnologia e Ensino Superior [&hellip;]<\/p>\n","protected":false},"author":10,"featured_media":1366,"parent":0,"menu_order":0,"comment_status":"closed","ping_status":"closed","template":"page-templates\/template-menu-blocks.php","meta":{"_acf_changed":false,"footnotes":""},"class_list":["post-1358","page","type-page","status-publish","has-post-thumbnail","hentry"],"acf":[],"_links":{"self":[{"href":"https:\/\/projetos.uel.br\/praxis\/wp-json\/wp\/v2\/pages\/1358","targetHints":{"allow":["GET"]}}],"collection":[{"href":"https:\/\/projetos.uel.br\/praxis\/wp-json\/wp\/v2\/pages"}],"about":[{"href":"https:\/\/projetos.uel.br\/praxis\/wp-json\/wp\/v2\/types\/page"}],"author":[{"embeddable":true,"href":"https:\/\/projetos.uel.br\/praxis\/wp-json\/wp\/v2\/users\/10"}],"replies":[{"embeddable":true,"href":"https:\/\/projetos.uel.br\/praxis\/wp-json\/wp\/v2\/comments?post=1358"}],"version-history":[{"count":14,"href":"https:\/\/projetos.uel.br\/praxis\/wp-json\/wp\/v2\/pages\/1358\/revisions"}],"predecessor-version":[{"id":1853,"href":"https:\/\/projetos.uel.br\/praxis\/wp-json\/wp\/v2\/pages\/1358\/revisions\/1853"}],"wp:featuredmedia":[{"embeddable":true,"href":"https:\/\/projetos.uel.br\/praxis\/wp-json\/wp\/v2\/media\/1366"}],"wp:attachment":[{"href":"https:\/\/projetos.uel.br\/praxis\/wp-json\/wp\/v2\/media?parent=1358"}],"curies":[{"name":"wp","href":"https:\/\/api.w.org\/{rel}","templated":true}]}}

Seleção Professores Cursinho Práxis Itinerante

<div class="wp-block-image">
<figure class="aligncenter size-large"><img loading="lazy" decoding="async" width="1024" height="320" src="https://projetos.uel.br/praxis/wp-content/uploads/2025/05/capa-silide-2-1024x320.png" alt="" class="wp-image-1395" srcset="https://projetos.uel.br/praxis/wp-content/uploads/2025/05/capa-silide-2-1024x320.png 1024w, https://projetos.uel.br/praxis/wp-content/uploads/2025/05/capa-silide-2-300x94.png 300w, https://projetos.uel.br/praxis/wp-content/uploads/2025/05/capa-silide-2-768x240.png 768w, https://projetos.uel.br/praxis/wp-content/uploads/2025/05/capa-silide-2-1536x480.png 1536w, https://projetos.uel.br/praxis/wp-content/uploads/2025/05/capa-silide-2.png 1920w" sizes="auto, (max-width: 1024px) 100vw, 1024px" /></figure>
</div>


<h2 class="wp-block-heading has-cinza-claro-color has-cinza-escuro-background-color has-text-color has-background has-link-color wp-elements-8350c486154ee03a79fe660e21c035ef">Seja muito bem-vinde! </h2>



<p class="has-cinza-escuro-color has-text-color has-link-color wp-elements-d823635adfb473cd03fad6867b657b08"><strong>É uma alegria contar com a sua presença nesta jornada de aprendizado e colaboração.</strong></p>



<p>Este processo seletivo é voltado para <strong>colaboradores externos e estudantes de graduação interessados em atuar no Cursinho Popular Práxis Itinerante</strong>, uma iniciativa vinculada ao Programa de Extensão Estadual com apoio da Secretaria da Ciência, Tecnologia e Ensino Superior (SETI), da Pró-Reitoria de Extensão, Cultura e Sociedade (PROEX-UEL), da Secretaria Estadual de Educação do Paraná (SEED-PR) e o Programa Práxis Itinerante.</p>



<p>É fundamental destacar que esta atuação tem <strong>caráter voluntário e não será remunerada</strong>, não gerando qualquer tipo de vínculo empregatício ou obrigação contratual. Todas as eventuais despesas decorrentes da participação devem ser assumidas pelo próprio educador(a).</p>



<p>O educador(a) voluntário(a) atuará diretamente nas atividades pedagógicas do cursinho, no<strong> período noturno </strong>(das 19h às 22h30), no <strong>Colégio Estadual Albino Feijó Sanches e/ou no Colégio Estadual Professora Lúcia Barros Lisboa.</strong></p>



<p><a href="https://docs.google.com/forms/d/e/1FAIpQLScLRxymAY_UZ99wzPxLX1OX1UYWSQUvfcuxM2numnytCZAgIA/viewform" data-type="link" data-id="https://docs.google.com/forms/d/e/1FAIpQLScLRxymAY_UZ99wzPxLX1OX1UYWSQUvfcuxM2numnytCZAgIA/viewform">Inscreva-se aqui!</a></p>



<p class="has-cinza-escuro-color has-text-color has-link-color wp-elements-424f1941ecb78881bf37c515dd7158db">Esperamos você!</p>



<p></p>

<p>Seja muito bem-vinde! É uma alegria contar com a sua presença nesta jornada de aprendizado e colaboração. Este processo seletivo é voltado para colaboradores externos e estudantes de graduação interessados em atuar no Cursinho Popular Práxis Itinerante, uma iniciativa vinculada ao Programa de Extensão Estadual com apoio da Secretaria da Ciência, Tecnologia e Ensino Superior [&hellip;]</p>
