{"id":1205,"date":"2025-04-28T15:04:58","date_gmt":"2025-04-28T18:04:58","guid":{"rendered":"https:\/\/projetos.uel.br\/praxis\/?page_id=1205"},"modified":"2025-04-30T16:33:11","modified_gmt":"2025-04-30T19:33:11","slug":"popularizacao-da-ciencia","status":"publish","type":"page","link":"https:\/\/projetos.uel.br\/praxis\/popularizacao-da-ciencia\/","title":{"rendered":"Populariza\u00e7\u00e3o da Ci\u00eancia"},"content":{"rendered":"\n<p>Este \u00e9 um compilado de todas as produ\u00e7\u00f5es acad\u00eamicas, produ\u00e7\u00f5es art\u00edsticas e intera\u00e7\u00f5es com a m\u00eddia publicados referentes ao Pr\u00e1xis Itinerante e suas atividades, sendo assim, um reflexo de como o programa atinge a comunidade londrinense, popularizando a ci\u00eancia, promovendo educa\u00e7\u00e3o e democratizando a cultura.<\/p>\n","protected":false},"excerpt":{"rendered":"<p>Este \u00e9 um compilado de todas as produ\u00e7\u00f5es acad\u00eamicas, produ\u00e7\u00f5es art\u00edsticas e intera\u00e7\u00f5es com a m\u00eddia publicados referentes ao Pr\u00e1xis Itinerante e suas atividades, sendo assim, um reflexo de como o programa atinge a comunidade londrinense, popularizando a ci\u00eancia, promovendo educa\u00e7\u00e3o e democratizando a cultura.<\/p>\n","protected":false},"author":12,"featured_media":0,"parent":0,"menu_order":0,"comment_status":"closed","ping_status":"closed","template":"","meta":{"_acf_changed":false,"footnotes":""},"class_list":["post-1205","page","type-page","status-publish","hentry"],"acf":[],"_links":{"self":[{"href":"https:\/\/projetos.uel.br\/praxis\/wp-json\/wp\/v2\/pages\/1205","targetHints":{"allow":["GET"]}}],"collection":[{"href":"https:\/\/projetos.uel.br\/praxis\/wp-json\/wp\/v2\/pages"}],"about":[{"href":"https:\/\/projetos.uel.br\/praxis\/wp-json\/wp\/v2\/types\/page"}],"author":[{"embeddable":true,"href":"https:\/\/projetos.uel.br\/praxis\/wp-json\/wp\/v2\/users\/12"}],"replies":[{"embeddable":true,"href":"https:\/\/projetos.uel.br\/praxis\/wp-json\/wp\/v2\/comments?post=1205"}],"version-history":[{"count":3,"href":"https:\/\/projetos.uel.br\/praxis\/wp-json\/wp\/v2\/pages\/1205\/revisions"}],"predecessor-version":[{"id":1269,"href":"https:\/\/projetos.uel.br\/praxis\/wp-json\/wp\/v2\/pages\/1205\/revisions\/1269"}],"wp:attachment":[{"href":"https:\/\/projetos.uel.br\/praxis\/wp-json\/wp\/v2\/media?parent=1205"}],"curies":[{"name":"wp","href":"https:\/\/api.w.org\/{rel}","templated":true}]}}