{"id":1087,"date":"2025-04-23T18:12:01","date_gmt":"2025-04-23T21:12:01","guid":{"rendered":"https:\/\/projetos.uel.br\/praxis\/?page_id=1087"},"modified":"2025-04-23T18:18:39","modified_gmt":"2025-04-23T21:18:39","slug":"exposicao-juventudes-e-participacao","status":"publish","type":"page","link":"https:\/\/projetos.uel.br\/praxis\/exposicao-juventudes-e-participacao\/","title":{"rendered":"Exposi\u00e7\u00e3o e Document\u00e1rio &#8220;Juventudes e Participa\u00e7\u00e3o&#8221;"},"content":{"rendered":"\n<p>A exposi\u00e7\u00e3o e o document\u00e1rio \u201cJuventudes e Participa\u00e7\u00e3o\u201d foram elaborados pelos estudantes part\u00edcipes do Laborat\u00f3rio de Estudos sobre as Religi\u00f5es e Religiosidades (LEER) em parceria com o Pr\u00e1xis Itinerante, a partir da pesquisa dos documentos in\u00e9ditos do SNI e dos arquivos do \u201cOpening the Archives\u201d da Brown University e da CIA.                                                                                    O evento traz ao p\u00fablico documentos in\u00e9ditos produzidos por agentes do estado brasileiro e agentes vinculados aos Estados Unidos que investigaram e colaboraram com o silenciamento de cidad\u00e3os brasileiros, movimentos sociais e de todos aqueles que sofreram persegui\u00e7\u00e3o e repress\u00e3o durante o per\u00edodo da ditadura militar no Brasil. A finalidade do evento foi disponibilizar \u00e0 popula\u00e7\u00e3o registros que apontam a participa\u00e7\u00e3o de jovens e do movimento estudantil do Paran\u00e1 na resist\u00eancia aos anos de chumbo.<\/p>\n\n\n\n<p>Reliza\u00e7\u00e3o do Pr\u00e1xis Itinerante, Laborat\u00f3rio de Estudos sobre as Religi\u00f5es e Religiosidades (LEER), Programa de P\u00f3s Gradua\u00e7\u00e3o em Sociologia, CNPq e Funda\u00e7\u00e3o Arauc\u00e1ria.<\/p>\n\n\n\n<figure class=\"wp-block-embed is-type-video is-provider-youtube wp-block-embed-youtube wp-embed-aspect-16-9 wp-has-aspect-ratio\"><div class=\"wp-block-embed__wrapper\">\n<iframe loading=\"lazy\" title=\"Juventudes e Participa\u00e7\u00e3o\" width=\"500\" height=\"281\" src=\"https:\/\/www.youtube.com\/embed\/bb3tp1FsIxw?feature=oembed\" frameborder=\"0\" allow=\"accelerometer; autoplay; clipboard-write; encrypted-media; gyroscope; picture-in-picture; web-share\" referrerpolicy=\"strict-origin-when-cross-origin\" allowfullscreen><\/iframe>\n<\/div><\/figure>\n\n\n\n<figure class=\"wp-block-embed is-type-video is-provider-youtube wp-block-embed-youtube wp-embed-aspect-16-9 wp-has-aspect-ratio\"><div class=\"wp-block-embed__wrapper\">\n<iframe loading=\"lazy\" title=\"Lan\u00e7amento da Exposi\u00e7\u00e3o &quot;JUVENTUDES E PARTICIPA\u00c7\u00c3O&quot; - Apoio: CNPq\/Funda\u00e7\u00e3o Arauc\u00e1ria\" width=\"500\" height=\"281\" src=\"https:\/\/www.youtube.com\/embed\/giQRJ8hoc7Y?feature=oembed\" frameborder=\"0\" allow=\"accelerometer; autoplay; clipboard-write; encrypted-media; gyroscope; picture-in-picture; web-share\" referrerpolicy=\"strict-origin-when-cross-origin\" allowfullscreen><\/iframe>\n<\/div><\/figure>\n","protected":false},"excerpt":{"rendered":"<p>A exposi\u00e7\u00e3o e o document\u00e1rio \u201cJuventudes e Participa\u00e7\u00e3o\u201d foram elaborados pelos estudantes part\u00edcipes do Laborat\u00f3rio de Estudos sobre as Religi\u00f5es e Religiosidades (LEER) em parceria com o Pr\u00e1xis Itinerante, a partir da pesquisa dos documentos in\u00e9ditos do SNI e dos arquivos do \u201cOpening the Archives\u201d da Brown University e da CIA. O evento traz ao [&hellip;]<\/p>\n","protected":false},"author":12,"featured_media":0,"parent":0,"menu_order":0,"comment_status":"closed","ping_status":"closed","template":"","meta":{"_acf_changed":false,"footnotes":""},"class_list":["post-1087","page","type-page","status-publish","hentry"],"acf":[],"_links":{"self":[{"href":"https:\/\/projetos.uel.br\/praxis\/wp-json\/wp\/v2\/pages\/1087","targetHints":{"allow":["GET"]}}],"collection":[{"href":"https:\/\/projetos.uel.br\/praxis\/wp-json\/wp\/v2\/pages"}],"about":[{"href":"https:\/\/projetos.uel.br\/praxis\/wp-json\/wp\/v2\/types\/page"}],"author":[{"embeddable":true,"href":"https:\/\/projetos.uel.br\/praxis\/wp-json\/wp\/v2\/users\/12"}],"replies":[{"embeddable":true,"href":"https:\/\/projetos.uel.br\/praxis\/wp-json\/wp\/v2\/comments?post=1087"}],"version-history":[{"count":4,"href":"https:\/\/projetos.uel.br\/praxis\/wp-json\/wp\/v2\/pages\/1087\/revisions"}],"predecessor-version":[{"id":1093,"href":"https:\/\/projetos.uel.br\/praxis\/wp-json\/wp\/v2\/pages\/1087\/revisions\/1093"}],"wp:attachment":[{"href":"https:\/\/projetos.uel.br\/praxis\/wp-json\/wp\/v2\/media?parent=1087"}],"curies":[{"name":"wp","href":"https:\/\/api.w.org\/{rel}","templated":true}]}}

Exposição e Documentário &#8220;Juventudes e Participação&#8221;

<p>A exposição e o documentário “Juventudes e Participação” foram elaborados pelos estudantes partícipes do Laboratório de Estudos sobre as Religiões e Religiosidades (LEER) em parceria com o Práxis Itinerante, a partir da pesquisa dos documentos inéditos do SNI e dos arquivos do “Opening the Archives” da Brown University e da CIA.                                                                                    O evento traz ao público documentos inéditos produzidos por agentes do estado brasileiro e agentes vinculados aos Estados Unidos que investigaram e colaboraram com o silenciamento de cidadãos brasileiros, movimentos sociais e de todos aqueles que sofreram perseguição e repressão durante o período da ditadura militar no Brasil. A finalidade do evento foi disponibilizar à população registros que apontam a participação de jovens e do movimento estudantil do Paraná na resistência aos anos de chumbo.</p>



<p>Relização do Práxis Itinerante, Laboratório de Estudos sobre as Religiões e Religiosidades (LEER), Programa de Pós Graduação em Sociologia, CNPq e Fundação Araucária.</p>



<figure class="wp-block-embed is-type-video is-provider-youtube wp-block-embed-youtube wp-embed-aspect-16-9 wp-has-aspect-ratio"><div class="wp-block-embed__wrapper">
<iframe loading="lazy" title="Juventudes e Participação" width="500" height="281" src="https://www.youtube.com/embed/bb3tp1FsIxw?feature=oembed" frameborder="0" allow="accelerometer; autoplay; clipboard-write; encrypted-media; gyroscope; picture-in-picture; web-share" referrerpolicy="strict-origin-when-cross-origin" allowfullscreen></iframe>
</div></figure>



<figure class="wp-block-embed is-type-video is-provider-youtube wp-block-embed-youtube wp-embed-aspect-16-9 wp-has-aspect-ratio"><div class="wp-block-embed__wrapper">
<iframe loading="lazy" title="Lançamento da Exposição &quot;JUVENTUDES E PARTICIPAÇÃO&quot; - Apoio: CNPq/Fundação Araucária" width="500" height="281" src="https://www.youtube.com/embed/giQRJ8hoc7Y?feature=oembed" frameborder="0" allow="accelerometer; autoplay; clipboard-write; encrypted-media; gyroscope; picture-in-picture; web-share" referrerpolicy="strict-origin-when-cross-origin" allowfullscreen></iframe>
</div></figure>

<p>A exposição e o documentário “Juventudes e Participação” foram elaborados pelos estudantes partícipes do Laboratório de Estudos sobre as Religiões e Religiosidades (LEER) em parceria com o Práxis Itinerante, a partir da pesquisa dos documentos inéditos do SNI e dos arquivos do “Opening the Archives” da Brown University e da CIA. O evento traz ao [&hellip;]</p>
