{"id":1077,"date":"2025-04-23T17:19:45","date_gmt":"2025-04-23T20:19:45","guid":{"rendered":"https:\/\/projetos.uel.br\/praxis\/?page_id=1077"},"modified":"2025-04-24T15:23:34","modified_gmt":"2025-04-24T18:23:34","slug":"pop-rua","status":"publish","type":"page","link":"https:\/\/projetos.uel.br\/praxis\/pop-rua\/","title":{"rendered":"POP Rua"},"content":{"rendered":"\n<p>O POP Rua foi criado em 2018, a partir de uma demanda apresentada pela 24\u00aa Promotoria de Justi\u00e7a da Comarca de Londrina, com atribui\u00e7\u00f5es na defesa da sa\u00fade p\u00fablica e prote\u00e7\u00e3o aos direitos humanos. O trabalho de monitoramento e acompanhamento da pol\u00edtica municipal de atendimento \u00e0 popula\u00e7\u00e3o em situa\u00e7\u00e3o de rua vinha exigindo dados atualizados sobre a quantidade de pessoas que vivem nessa condi\u00e7\u00e3o em Londrina, bem como elementos acerca das estrat\u00e9gias de sobreviv\u00eancia dessa popula\u00e7\u00e3o, de modo a tornar poss\u00edvel a avalia\u00e7\u00e3o daquela pol\u00edtica p\u00fablica. Desta forma, foram realizados treinamentos e capacita\u00e7\u00f5es com profissionais e discentes da Universidade Estadual de Londrina, que atuaram como entrevistadores da popula\u00e7\u00e3o. <a href=\"https:\/\/anais.uel.br\/portal\/index.php\/praxis\/article\/view\/4462\" data-type=\"link\" data-id=\"https:\/\/anais.uel.br\/portal\/index.php\/praxis\/article\/view\/4462\">Confira a pesquisa nos Anais do Pr\u00e1xis Itinerante.<\/a> <\/p>\n\n\n<div class=\"wp-block-image\">\n<figure class=\"aligncenter size-large\"><img loading=\"lazy\" decoding=\"async\" width=\"725\" height=\"486\" src=\"https:\/\/projetos.uel.br\/praxis\/wp-content\/uploads\/2025\/04\/xkfja.png\" alt=\"\" class=\"wp-image-1082\" srcset=\"https:\/\/projetos.uel.br\/praxis\/wp-content\/uploads\/2025\/04\/xkfja.png 725w, https:\/\/projetos.uel.br\/praxis\/wp-content\/uploads\/2025\/04\/xkfja-300x201.png 300w\" sizes=\"auto, (max-width: 725px) 100vw, 725px\" \/><\/figure>\n<\/div>\n\n\n<p>Em 2019, o evento teve como objetivo promover a conscientiza\u00e7\u00e3o e a reflex\u00e3o sobre a import\u00e2ncia das diversidades, valorizando a pluralidade de identidades, experi\u00eancias e perspectivas, por meio de discuss\u00f5es e debates a \u00e2mbito nacional e o interc\u00e2mbio de ideias sobre temas urgentes relacionados aos povos origin\u00e1rios, acessibilidade, g\u00eanero, comunidade LGBTQIAP+, cultura popular e perif\u00e9ricas, interseccionalidades, rela\u00e7\u00f5es etnicorraciais e migra\u00e7\u00e3o. Ao promover a inclus\u00e3o de diferentes participantes e desconstruir estere\u00f3tipos, o objetivo era a forma\u00e7\u00e3o de cidad\u00e3os conscientes, cr\u00edticos e comprometidos com a constru\u00e7\u00e3o de uma sociedade mais justa, igualit\u00e1ria e que respeite as diferen\u00e7as, preparados para enfrentar os desafios do mundo contempor\u00e2neo marcado pela diversidade cultural e pela globaliza\u00e7\u00e3o. <a href=\"https:\/\/anais.uel.br\/portal\/index.php\/praxis\/issue\/view\/76\" data-type=\"link\" data-id=\"https:\/\/anais.uel.br\/portal\/index.php\/praxis\/issue\/view\/76\">Mais informa\u00e7\u00f5es nos Anais do Pr\u00e1xis Itinerante. <\/a><\/p>\n\n\n\n<p>No ano de 2020, o Pr\u00e1xis Itinerante, realizou a pesquisa \u201cPOP Rua\u201d, com pessoas em situa\u00e7\u00e3o de rua, em parceria com o Minist\u00e9rio P\u00fablico de Londrina, Defensoria P\u00fablica, Secretaria Municipal de Assist\u00eancia, da Prefeitura de Londrina, e Unopar. O levantamento de 2019, identificou 930 pessoas em situa\u00e7\u00e3o de rua. Sendo assim, o evento visou capacitar os participantes em rela\u00e7\u00e3o aos direitos e formas de consolidar a cidadania das pessoas em situa\u00e7\u00e3o de rua.                                 Com a mesa-redonda \u201cExperi\u00eancias e novas perspectivas para a situa\u00e7\u00e3o de rua\u201d, convidados de diversas partes do pa\u00eds apresentaram projetos e programas de pol\u00edticas p\u00fablicas efetivos para o prefeito reeleito em Londrina, na \u00e9poca, Marcelo Belinati.                                                                                                                                                                                                          A mesa-redonda teve como convidados lideran\u00e7as ligadas \u00e0 promo\u00e7\u00e3o dos diretos e da sa\u00fade das pessoas em situa\u00e7\u00e3o de rua. S\u00e3o eles: Leonildo Monteiro, coordenador do Movimento Nacional da Popula\u00e7\u00e3o de Rua e presidente do Instituto Nacional de Direitos Humanos da Popula\u00e7\u00e3o de Rua (INRua); Ant\u00f4nio Vitor Barbosa de Almeida, defensor p\u00fablico do Paran\u00e1 e integrante do projeto Defensores nas Ruas, em Curitiba; Daniel Ara\u00fajo dos Santos, psic\u00f3logo e atuante no cuidado em sa\u00fade \u00e0 pessoa em situa\u00e7\u00e3o de rua e interlocu\u00e7\u00e3o com a redu\u00e7\u00e3o de danos em Caxias do Sul (Rio Grande do Sul); Julia Ramalho, assistente social e atuante no Projeto Porta Aberta para o Trabalho (POT), em S\u00e3o Paulo; &nbsp;Silvio Ribeiro, membro do Projeto Brisa \u2013 Saraus Art\u00edsticos, da Funcart Londrina; e Leonardo Aparecido Gomes, representante do Movimento Nacional da Popula\u00e7\u00e3o de Rua, atuante em Londrina.<\/p>\n\n\n\n<p>Foi uma realiza\u00e7\u00e3o do Pr\u00e1xis Itinerante, Centro de Apoio t\u00e9cnico \u00e0 Execu\u00e7\u00e3o (CAEX), Defensoria P\u00fablica do Estado do Paran\u00e1, Universidade Estadual de Londrina, Secretaria Municipal de Assist\u00eancia Social&nbsp; e a Universidade do Norte do Paran\u00e1 (UNOPAR).&nbsp;<br><\/p>\n\n\n\n<figure class=\"wp-block-embed is-type-video is-provider-youtube wp-block-embed-youtube wp-embed-aspect-16-9 wp-has-aspect-ratio\"><div class=\"wp-block-embed__wrapper\">\n<iframe loading=\"lazy\" title=\"II Semin\u00e1rio Tem\u00e1tico Pr\u00e1xis Itinerante POP RUA (2020)\" width=\"500\" height=\"281\" src=\"https:\/\/www.youtube.com\/embed\/PxQNRCcfj6Q?feature=oembed\" frameborder=\"0\" allow=\"accelerometer; autoplay; clipboard-write; encrypted-media; gyroscope; picture-in-picture; web-share\" referrerpolicy=\"strict-origin-when-cross-origin\" allowfullscreen><\/iframe>\n<\/div><\/figure>\n\n\n\n<figure class=\"wp-block-embed is-type-video is-provider-youtube wp-block-embed-youtube wp-embed-aspect-16-9 wp-has-aspect-ratio\"><div class=\"wp-block-embed__wrapper\">\n<iframe loading=\"lazy\" title=\"II Semin\u00e1rio Tem\u00e1tico Pr\u00e1xis Itinerante POP RUA (2020) (Parte II)\" width=\"500\" height=\"281\" src=\"https:\/\/www.youtube.com\/embed\/ksWXE8AcULU?feature=oembed\" frameborder=\"0\" allow=\"accelerometer; autoplay; clipboard-write; encrypted-media; gyroscope; picture-in-picture; web-share\" referrerpolicy=\"strict-origin-when-cross-origin\" allowfullscreen><\/iframe>\n<\/div><\/figure>\n\n\n\n<p><\/p>\n","protected":false},"excerpt":{"rendered":"<p>O POP Rua foi criado em 2018, a partir de uma demanda apresentada pela 24\u00aa Promotoria de Justi\u00e7a da Comarca de Londrina, com atribui\u00e7\u00f5es na defesa da sa\u00fade p\u00fablica e prote\u00e7\u00e3o aos direitos humanos. O trabalho de monitoramento e acompanhamento da pol\u00edtica municipal de atendimento \u00e0 popula\u00e7\u00e3o em situa\u00e7\u00e3o de rua vinha exigindo dados atualizados [&hellip;]<\/p>\n","protected":false},"author":12,"featured_media":0,"parent":0,"menu_order":0,"comment_status":"closed","ping_status":"closed","template":"","meta":{"_acf_changed":false,"footnotes":""},"class_list":["post-1077","page","type-page","status-publish","hentry"],"acf":[],"_links":{"self":[{"href":"https:\/\/projetos.uel.br\/praxis\/wp-json\/wp\/v2\/pages\/1077","targetHints":{"allow":["GET"]}}],"collection":[{"href":"https:\/\/projetos.uel.br\/praxis\/wp-json\/wp\/v2\/pages"}],"about":[{"href":"https:\/\/projetos.uel.br\/praxis\/wp-json\/wp\/v2\/types\/page"}],"author":[{"embeddable":true,"href":"https:\/\/projetos.uel.br\/praxis\/wp-json\/wp\/v2\/users\/12"}],"replies":[{"embeddable":true,"href":"https:\/\/projetos.uel.br\/praxis\/wp-json\/wp\/v2\/comments?post=1077"}],"version-history":[{"count":7,"href":"https:\/\/projetos.uel.br\/praxis\/wp-json\/wp\/v2\/pages\/1077\/revisions"}],"predecessor-version":[{"id":1097,"href":"https:\/\/projetos.uel.br\/praxis\/wp-json\/wp\/v2\/pages\/1077\/revisions\/1097"}],"wp:attachment":[{"href":"https:\/\/projetos.uel.br\/praxis\/wp-json\/wp\/v2\/media?parent=1077"}],"curies":[{"name":"wp","href":"https:\/\/api.w.org\/{rel}","templated":true}]}}

<p>O POP Rua foi criado em 2018, a partir de uma demanda apresentada pela 24ª Promotoria de Justiça da Comarca de Londrina, com atribuições na defesa da saúde pública e proteção aos direitos humanos. O trabalho de monitoramento e acompanhamento da política municipal de atendimento à população em situação de rua vinha exigindo dados atualizados sobre a quantidade de pessoas que vivem nessa condição em Londrina, bem como elementos acerca das estratégias de sobrevivência dessa população, de modo a tornar possível a avaliação daquela política pública. Desta forma, foram realizados treinamentos e capacitações com profissionais e discentes da Universidade Estadual de Londrina, que atuaram como entrevistadores da população. <a href="https://anais.uel.br/portal/index.php/praxis/article/view/4462" data-type="link" data-id="https://anais.uel.br/portal/index.php/praxis/article/view/4462">Confira a pesquisa nos Anais do Práxis Itinerante.</a> </p>


<div class="wp-block-image">
<figure class="aligncenter size-large"><img loading="lazy" decoding="async" width="725" height="486" src="https://projetos.uel.br/praxis/wp-content/uploads/2025/04/xkfja.png" alt="" class="wp-image-1082" srcset="https://projetos.uel.br/praxis/wp-content/uploads/2025/04/xkfja.png 725w, https://projetos.uel.br/praxis/wp-content/uploads/2025/04/xkfja-300x201.png 300w" sizes="auto, (max-width: 725px) 100vw, 725px" /></figure>
</div>


<p>Em 2019, o evento teve como objetivo promover a conscientização e a reflexão sobre a importância das diversidades, valorizando a pluralidade de identidades, experiências e perspectivas, por meio de discussões e debates a âmbito nacional e o intercâmbio de ideias sobre temas urgentes relacionados aos povos originários, acessibilidade, gênero, comunidade LGBTQIAP+, cultura popular e periféricas, interseccionalidades, relações etnicorraciais e migração. Ao promover a inclusão de diferentes participantes e desconstruir estereótipos, o objetivo era a formação de cidadãos conscientes, críticos e comprometidos com a construção de uma sociedade mais justa, igualitária e que respeite as diferenças, preparados para enfrentar os desafios do mundo contemporâneo marcado pela diversidade cultural e pela globalização. <a href="https://anais.uel.br/portal/index.php/praxis/issue/view/76" data-type="link" data-id="https://anais.uel.br/portal/index.php/praxis/issue/view/76">Mais informações nos Anais do Práxis Itinerante. </a></p>



<p>No ano de 2020, o Práxis Itinerante, realizou a pesquisa “POP Rua”, com pessoas em situação de rua, em parceria com o Ministério Público de Londrina, Defensoria Pública, Secretaria Municipal de Assistência, da Prefeitura de Londrina, e Unopar. O levantamento de 2019, identificou 930 pessoas em situação de rua. Sendo assim, o evento visou capacitar os participantes em relação aos direitos e formas de consolidar a cidadania das pessoas em situação de rua.                                 Com a mesa-redonda “Experiências e novas perspectivas para a situação de rua”, convidados de diversas partes do país apresentaram projetos e programas de políticas públicas efetivos para o prefeito reeleito em Londrina, na época, Marcelo Belinati.                                                                                                                                                                                                          A mesa-redonda teve como convidados lideranças ligadas à promoção dos diretos e da saúde das pessoas em situação de rua. São eles: Leonildo Monteiro, coordenador do Movimento Nacional da População de Rua e presidente do Instituto Nacional de Direitos Humanos da População de Rua (INRua); Antônio Vitor Barbosa de Almeida, defensor público do Paraná e integrante do projeto Defensores nas Ruas, em Curitiba; Daniel Araújo dos Santos, psicólogo e atuante no cuidado em saúde à pessoa em situação de rua e interlocução com a redução de danos em Caxias do Sul (Rio Grande do Sul); Julia Ramalho, assistente social e atuante no Projeto Porta Aberta para o Trabalho (POT), em São Paulo; &nbsp;Silvio Ribeiro, membro do Projeto Brisa – Saraus Artísticos, da Funcart Londrina; e Leonardo Aparecido Gomes, representante do Movimento Nacional da População de Rua, atuante em Londrina.</p>



<p>Foi uma realização do Práxis Itinerante, Centro de Apoio técnico à Execução (CAEX), Defensoria Pública do Estado do Paraná, Universidade Estadual de Londrina, Secretaria Municipal de Assistência Social&nbsp; e a Universidade do Norte do Paraná (UNOPAR).&nbsp;<br></p>



<figure class="wp-block-embed is-type-video is-provider-youtube wp-block-embed-youtube wp-embed-aspect-16-9 wp-has-aspect-ratio"><div class="wp-block-embed__wrapper">
<iframe loading="lazy" title="II Seminário Temático Práxis Itinerante POP RUA (2020)" width="500" height="281" src="https://www.youtube.com/embed/PxQNRCcfj6Q?feature=oembed" frameborder="0" allow="accelerometer; autoplay; clipboard-write; encrypted-media; gyroscope; picture-in-picture; web-share" referrerpolicy="strict-origin-when-cross-origin" allowfullscreen></iframe>
</div></figure>



<figure class="wp-block-embed is-type-video is-provider-youtube wp-block-embed-youtube wp-embed-aspect-16-9 wp-has-aspect-ratio"><div class="wp-block-embed__wrapper">
<iframe loading="lazy" title="II Seminário Temático Práxis Itinerante POP RUA (2020) (Parte II)" width="500" height="281" src="https://www.youtube.com/embed/ksWXE8AcULU?feature=oembed" frameborder="0" allow="accelerometer; autoplay; clipboard-write; encrypted-media; gyroscope; picture-in-picture; web-share" referrerpolicy="strict-origin-when-cross-origin" allowfullscreen></iframe>
</div></figure>



<p></p>

<p>O POP Rua foi criado em 2018, a partir de uma demanda apresentada pela 24ª Promotoria de Justiça da Comarca de Londrina, com atribuições na defesa da saúde pública e proteção aos direitos humanos. O trabalho de monitoramento e acompanhamento da política municipal de atendimento à população em situação de rua vinha exigindo dados atualizados [&hellip;]</p>
