{"id":528,"date":"2025-07-25T14:54:05","date_gmt":"2025-07-25T17:54:05","guid":{"rendered":"https:\/\/projetos.uel.br\/ontemehoje\/?page_id=528"},"modified":"2025-10-09T18:33:10","modified_gmt":"2025-10-09T21:33:10","slug":"quem-somos","status":"publish","type":"page","link":"https:\/\/projetos.uel.br\/ontemehoje\/quem-somos\/","title":{"rendered":"Quem Somos"},"content":{"rendered":"\n<style>\n  .mosaico-grid {\n    display: grid;\n    grid-template-columns: repeat(auto-fill, minmax(120px, 1fr));\n  }\n\n  .mosaico-item {\n    position: relative;\n    cursor: pointer;\n    overflow: hidden;\n  }\n\n  .mosaico-item img {\n    width: 100%;\n    aspect-ratio: 1 \/ 1;\n    object-fit: cover;\n    display: block;\n    border-radius: 0;\n  }\n\n  .mosaico-caption {\n    position: absolute;\n    bottom: 0;\n    background: rgba(0,0,0,0.6);\n    color: white;\n    width: 100%;\n    text-align: center;\n    font-size: 14px;\n    opacity: 0;\n    transition: opacity 0.3s;\n    padding: 5px 0;\n  }\n\n  .mosaico-item:hover .mosaico-caption {\n    opacity: 1;\n  }\n\n  .modal-mosaico {\n    display: none;\n    position: fixed;\n    z-index: 9999;\n    left: 0;\n    top: 0;\n    width: 100%;\n    height: 100%;\n    background-color: rgba(0,0,0,0.8);\n    justify-content: center;\n    align-items: center;\n  }\n\n  .modal-content-mosaico {\n    background: white;\n    padding: 20px;\n    max-width: 600px;\n    width: 100%;\n    text-align: center;\n    border-radius: 8px;\n    position: relative;\n  }\n\n  .modal-content-mosaico img {\n    max-width: 60%;\n    height: auto;\n    border-radius: 2px;\n    margin-bottom: 5px\n  }\n\n  .close-modal {\n    position: absolute;\n    top: 0px;\n    right: 14px;\n    font-size: 25px;\n    cursor: pointer;\n    color: #333;\n  }\n<\/style>\n\n<div class=\"mosaico-grid\">\n  <div class=\"mosaico-item\" onclick=\"abrirModal('https:\/\/projetos.uel.br\/ontemehoje\/wp-content\/uploads\/2025\/07\/IMG_7653-scaled.jpg', 'Ana Beatriz Ribeiro', 'Tenho 19 anos, e sou de Corn\u00e9lio Proc\u00f3pio. Fiquei interessada no projeto, porque no in\u00edcio da gradua\u00e7\u00e3o queria saber mais de fotografia, e outro ponto foi conhecer mais de Londrina, afinal n\u00e3o sou da cidade.')\">\n    <img decoding=\"async\" src=\"https:\/\/projetos.uel.br\/ontemehoje\/wp-content\/uploads\/2025\/07\/IMG_7653-scaled.jpg\" alt=\"Imagem 1\">\n    <div class=\"mosaico-caption\">Ana Beatriz Ribeiro<\/div>\n  <\/div>\n\n  <div class=\"mosaico-item\" onclick=\"abrirModal('https:\/\/projetos.uel.br\/ontemehoje\/wp-content\/uploads\/2025\/07\/IMG_7652.jpg', 'Maria Luisa Hoffmann', 'Para al\u00e9m da import\u00e2ncia hist\u00f3rica, desenvolvemos o projeto para compartilhar o amor que temos pela fotografia e, quem sabe, contagiar os alunos, torcendo para que sigam fotografando a cidade e o mundo.')\">\n    <img decoding=\"async\" src=\"https:\/\/projetos.uel.br\/ontemehoje\/wp-content\/uploads\/2025\/07\/IMG_7652.jpg\" alt=\"Imagem 2\">\n    <div class=\"mosaico-caption\">Maria Luisa Hoffmann<\/div>\n  <\/div>\n    \n    <div class=\"mosaico-item\" onclick=\"abrirModal('https:\/\/projetos.uel.br\/ontemehoje\/wp-content\/uploads\/2025\/07\/IMG_7651.jpg', 'Manoel Neto', 'Sou um rapaz latino-americano qualquer, estudante de jornalismo e mestrando em filosofia. Movido pela mais pura curiosidade, me meti nesse projeto em busca de conhecer mais do passado londrinense, e tamb\u00e9m pelas horas ofertadas, mas isso n\u00e3o vem ao caso.')\">\n    <img decoding=\"async\" src=\"https:\/\/projetos.uel.br\/ontemehoje\/wp-content\/uploads\/2025\/07\/IMG_7651.jpg\" alt=\"Imagem 3\">\n    <div class=\"mosaico-caption\">Manoel Neto<\/div>\n  <\/div>\n\n    <div class=\"mosaico-item\" onclick=\"abrirModal('https:\/\/projetos.uel.br\/ontemehoje\/wp-content\/uploads\/2025\/07\/MG_9850-scaled.jpg', 'Matheus Barreira', 'Eu sou estudante de jornalismo no 3\u00b0 ano. Entrei no projeto pois me interesso por fotografia e pela hist\u00f3ria de uma cidade t\u00e3o rica como Londrina, ent\u00e3o a iniciativa era unir o \u00fatil ao agrad\u00e1vel.')\">\n    <img decoding=\"async\" src=\"https:\/\/projetos.uel.br\/ontemehoje\/wp-content\/uploads\/2025\/07\/MG_9850-scaled.jpg\" alt=\"Imagem 4\">\n    <div class=\"mosaico-caption\">Matheus Barreira<\/div>\n  <\/div>\n\n    <div class=\"mosaico-item\" onclick=\"abrirModal('https:\/\/projetos.uel.br\/ontemehoje\/wp-content\/uploads\/2025\/07\/MG_9933-scaled.jpg', 'Rebeca Mercuri', 'Eu sou estudante do 3\u00ba ano de jornalismo. Entrei no projeto pois sou apaixonada por fotografia, foi uma experi\u00eancia muito legal colocar ela em pr\u00e1tica para retratar Londrina atualmente.')\">\n    <img decoding=\"async\" src=\"https:\/\/projetos.uel.br\/ontemehoje\/wp-content\/uploads\/2025\/07\/MG_9933-scaled.jpg\" alt=\"Imagem 5\">\n    <div class=\"mosaico-caption\">Rebeca Mercuri<\/div>\n  <\/div>\n\n    <div class=\"mosaico-item\" onclick=\"abrirModal('https:\/\/projetos.uel.br\/ontemehoje\/wp-content\/uploads\/2025\/07\/MG_9892-scaled.jpg', 'Laura Gon\u00e7alves ', 'Tenho 20 anos e vim da cidade de Assis para fazer jornalismo aqui na UEL. Me interessei pelo projeto, pois, logo no come\u00e7o do curso me identifiquei com fotografia, e como n\u00e3o sou de Londrina vi uma oportunidade em conhecer mais a cidade atrav\u00e9s dele.')\">\n    <img decoding=\"async\" src=\"https:\/\/projetos.uel.br\/ontemehoje\/wp-content\/uploads\/2025\/07\/MG_9892-scaled.jpg\" alt=\"Imagem 6\">\n    <div class=\"mosaico-caption\">Laura Gon\u00e7alves <\/div>\n  <\/div>\n\n    <div class=\"mosaico-item\" onclick=\"abrirModal('https:\/\/projetos.uel.br\/ontemehoje\/wp-content\/uploads\/2025\/07\/MG_9869-scaled.jpg', 'Isadora Foglia', 'Eu sou estudante de jornalismo do 2\u00b0 ano. Entrei no projeto para aprimorar e enriquecer minhas habilidades e conhecimentos sobre fotografia.')\">\n    <img decoding=\"async\" src=\"https:\/\/projetos.uel.br\/ontemehoje\/wp-content\/uploads\/2025\/07\/MG_9869-scaled.jpg\" alt=\"Imagem 7\">\n    <div class=\"mosaico-caption\">Isadora Foglia<\/div>\n  <\/div>\n\n    <div class=\"mosaico-item\" onclick=\"abrirModal('https:\/\/projetos.uel.br\/ontemehoje\/wp-content\/uploads\/2025\/07\/MG_9852-scaled.jpg', 'Vit\u00f3ria Fernandes', 'Sou estudante de jornalismo do 2\u00b0Ano. Decidi entrar no projeto, por ter curiosidade em conhecer e aprender mais sobre a hist\u00f3ria de Londrina.')\">\n    <img decoding=\"async\" src=\"https:\/\/projetos.uel.br\/ontemehoje\/wp-content\/uploads\/2025\/07\/MG_9852-scaled.jpg\" alt=\"Imagem 8\">\n    <div class=\"mosaico-caption\">Vit\u00f3ria Fernandes<\/div>\n  <\/div>\n\n    <div class=\"mosaico-item\" onclick=\"abrirModal('https:\/\/projetos.uel.br\/ontemehoje\/wp-content\/uploads\/2025\/07\/MG_9873-scaled.jpg', 'Rebeca Felisberto', 'Sou estudante de Jornalismo do 2\u00ba ano. Entrei no projeto porque queria aprender mais sobre fotografia e sobre a paisagem de Londrina, al\u00e9m de explorar novas formas de contar hist\u00f3rias da cidade.')\">\n    <img decoding=\"async\" src=\"https:\/\/projetos.uel.br\/ontemehoje\/wp-content\/uploads\/2025\/07\/MG_9873-scaled.jpg\" alt=\"Imagem 9\">\n    <div class=\"mosaico-caption\">Rebeca Felisberto<\/div>\n  <\/div>\n\n    <div class=\"mosaico-item\" onclick=\"abrirModal('https:\/\/projetos.uel.br\/ontemehoje\/wp-content\/uploads\/2025\/07\/MG_9863-scaled.jpg', 'Maria Luiza Garcia', 'Eu sou estudante de jornalismo do 2\u00ba ano. O projeto me chamou aten\u00e7\u00e3o porque, desde crian\u00e7a, sempre gostei de ver fotografias antigas da cidade.')\">\n    <img decoding=\"async\" src=\"https:\/\/projetos.uel.br\/ontemehoje\/wp-content\/uploads\/2025\/07\/MG_9863-scaled.jpg\" alt=\"Imagem 10\">\n    <div class=\"mosaico-caption\">Maria Luiza Garcia<\/div>\n  <\/div>\n\n    <div class=\"mosaico-item\" onclick=\"abrirModal('https:\/\/projetos.uel.br\/ontemehoje\/wp-content\/uploads\/2025\/07\/MG_9854-scaled.jpg', 'Pedro Rodrigues', 'Eu sou estudante do 2\u00ba ano de jornalismo. Entrei no projeto porque queria melhorar minha fotografia e ter mais oportunidades para fotografar.')\">\n    <img decoding=\"async\" src=\"https:\/\/projetos.uel.br\/ontemehoje\/wp-content\/uploads\/2025\/07\/MG_9854-scaled.jpg\" alt=\"Imagem 11\">\n    <div class=\"mosaico-caption\">Pedro Rodrigues<\/div>\n  <\/div>\n\n    <div class=\"mosaico-item\" onclick=\"abrirModal('https:\/\/projetos.uel.br\/ontemehoje\/wp-content\/uploads\/2025\/07\/MG_9846-scaled.jpg', 'Mariana Oenning', 'Estudante de jornalismo do 2\u00b0 ano. Entrei no projeto pois sou apaixonada por hist\u00f3ria, e com ele, pude conhecer a hist\u00f3ria da cidade de Londrina')\">\n    <img decoding=\"async\" src=\"https:\/\/projetos.uel.br\/ontemehoje\/wp-content\/uploads\/2025\/07\/MG_9846-scaled.jpg\" alt=\"Imagem 12\">\n    <div class=\"mosaico-caption\">Mariana Oenning<\/div>\n  <\/div>\n\n    <div class=\"mosaico-item\" onclick=\"abrirModal('https:\/\/projetos.uel.br\/ontemehoje\/wp-content\/uploads\/2025\/07\/MG_9908-scaled.jpg', 'Ana Beatriz Leite', 'Estou no terceiro ano do curso de Jornalismo na UEL. Desde o in\u00edcio da gradua\u00e7\u00e3o desenvolvi um grande interesse pela fotografia e, quando surgiu um projeto voltado para essa \u00e1rea, logo me envolvi e tive oportunidade de aprender muito sobre o processo de pesquisa')\">\n    <img decoding=\"async\" src=\"https:\/\/projetos.uel.br\/ontemehoje\/wp-content\/uploads\/2025\/07\/MG_9908-scaled.jpg\" alt=\"Imagem 13\">\n    <div class=\"mosaico-caption\">Ana Beatriz Leite<\/div>\n  <\/div>\n\n    <div class=\"mosaico-item\" onclick=\"abrirModal('https:\/\/projetos.uel.br\/ontemehoje\/wp-content\/uploads\/2025\/07\/MG_9944-scaled.jpg', 'Sabrina Heck', 'Sou estudante do 3\u00ba ano de Jornalismo. Entrei no projeto porque me interesso muito por fotojornalismo e enxerguei nele uma oportunidade de desenvolver meu olhar fotogr\u00e1fico, al\u00e9m de conhecer melhor a cidade.')\">\n    <img decoding=\"async\" src=\"https:\/\/projetos.uel.br\/ontemehoje\/wp-content\/uploads\/2025\/07\/MG_9944-scaled.jpg\" alt=\"Imagem 14\">\n    <div class=\"mosaico-caption\">Sabrina Heck<\/div>\n  <\/div>\n\n    <div class=\"mosaico-item\" onclick=\"abrirModal('https:\/\/projetos.uel.br\/ontemehoje\/wp-content\/uploads\/2025\/07\/MG_9857-scaled.jpg', 'Willian Augusto da Silva', 'Sou estudante de Jornalismo do 2\u00ba ano. Entrei no projeto pelo interesse em observar as mudan\u00e7as da cidade com o tempo.')\">\n    <img decoding=\"async\" src=\"https:\/\/projetos.uel.br\/ontemehoje\/wp-content\/uploads\/2025\/07\/MG_9857-scaled.jpg\" alt=\"Imagem 15\">\n    <div class=\"mosaico-caption\">Willian Augusto da Silva<\/div>\n  <\/div>\n\n    <div class=\"mosaico-item\" onclick=\"abrirModal('https:\/\/projetos.uel.br\/ontemehoje\/wp-content\/uploads\/2025\/07\/IMG_9796.jpg', 'Melissa Cortellassi', 'Eu sou estudante de Jornalismo do 2\u00ba ano. Entrei no projeto com o intuito de aprender mais sobre a fotografia e suas t\u00e9cnicas al\u00e9m de querer conhecer um pouco mais da cidade de Londrina.')\">\n    <img decoding=\"async\" src=\"https:\/\/projetos.uel.br\/ontemehoje\/wp-content\/uploads\/2025\/07\/IMG_9796.jpg\" alt=\"Imagem 16\">\n    <div class=\"mosaico-caption\">Melissa Cortellassi<\/div>\n  <\/div>\n\n    <div class=\"mosaico-item\" onclick=\"abrirModal('https:\/\/projetos.uel.br\/ontemehoje\/wp-content\/uploads\/2025\/07\/IMG_9754.jpg', 'Guilherme Thomazini', 'Ol\u00e1, eu sou estudante do 2\u00b0 ano de jornalismo. Entrei no projeto pois sempre gostei muito de fotografia, e unir isso ao meu cotidiano em Londrina  foi uma excelente experi\u00eancia!')\">\n    <img decoding=\"async\" src=\"https:\/\/projetos.uel.br\/ontemehoje\/wp-content\/uploads\/2025\/07\/IMG_9754.jpg\" alt=\"Imagem 17\">\n    <div class=\"mosaico-caption\">Guilherme Thomazini<\/div>\n  <\/div>\n\n    <div class=\"mosaico-item\" onclick=\"abrirModal('https:\/\/projetos.uel.br\/ontemehoje\/wp-content\/uploads\/2025\/07\/IMG_9776.jpg', 'Maycon Rocha', 'Eu sou estudante do 3\u00ba ano de jornalismo. Entrei no projeto, pois n\u00e3o sou de Londrina e queria conhecer mais sobre a hist\u00f3ria da cidade, por meio da fotografia e vi no projeto uma \u00f3tima oportunidade.')\">\n    <img decoding=\"async\" src=\"https:\/\/projetos.uel.br\/ontemehoje\/wp-content\/uploads\/2025\/07\/IMG_9776.jpg\" alt=\"Imagem 18\">\n    <div class=\"mosaico-caption\">Maycon Rocha<\/div>\n  <\/div>\n\n    <div class=\"mosaico-item\" onclick=\"abrirModal('https:\/\/projetos.uel.br\/ontemehoje\/wp-content\/uploads\/2025\/07\/IMG_9763.jpg', 'Luiz Fernando Abreu', 'Estudante do 3\u00ba ano de Jornalismo na UEL. Entrei no projeto porque sou apaixonado por fotografia, arquitetura e Londrina.')\">\n    <img decoding=\"async\" src=\"https:\/\/projetos.uel.br\/ontemehoje\/wp-content\/uploads\/2025\/07\/IMG_9763.jpg\" alt=\"Imagem 19\">\n    <div class=\"mosaico-caption\">Luiz Fernando Abreu<\/div>\n  <\/div>\n\n    <div class=\"mosaico-item\" onclick=\"abrirModal('https:\/\/projetos.uel.br\/ontemehoje\/wp-content\/uploads\/2025\/07\/IMG_9812.jpg', 'Ana J\u00falia Casasanta', 'Desde que entrei no curso de jornalismo me apaixonei pela fotografia, e encontrei no projeto \u201dOntem e Hoje\u201d a oportunidade de colocar em pr\u00e1tica as aulas do curso e tamb\u00e9m aprender mais sobre a hist\u00f3ria de Londrina.')\">\n    <img decoding=\"async\" src=\"https:\/\/projetos.uel.br\/ontemehoje\/wp-content\/uploads\/2025\/07\/IMG_9812.jpg\" alt=\"Imagem 20\">\n    <div class=\"mosaico-caption\">Ana J\u00falia Casasanta<\/div>\n  <\/div>\n\n    <div class=\"mosaico-item\" onclick=\"abrirModal('https:\/\/projetos.uel.br\/ontemehoje\/wp-content\/uploads\/2025\/07\/IMG_9826.jpg', 'Valentina Oliveira', 'Estou no 2\u00ba ano de Jornalismo na UEL. Entrei no projeto para me aprofundar na fotografia, j\u00e1 que cresci vendo a paix\u00e3o de minha m\u00e3e por essa arte.')\">\n    <img decoding=\"async\" src=\"https:\/\/projetos.uel.br\/ontemehoje\/wp-content\/uploads\/2025\/07\/IMG_9826.jpg\" alt=\"Imagem 21\">\n    <div class=\"mosaico-caption\">Valentina Oliveira<\/div>\n  <\/div>\n\n    <div class=\"mosaico-item\" onclick=\"abrirModal('https:\/\/projetos.uel.br\/ontemehoje\/wp-content\/uploads\/2025\/07\/IMG_9751.jpg', 'Henrique Pereira', 'Eu sou estudante do 2\u00ba ano de jornalismo. Entrei no projeto com as expectativas de conhecer um pouco mais da hist\u00f3ria da cidade e tamb\u00e9m exercitar a fotografia.')\">\n    <img decoding=\"async\" src=\"https:\/\/projetos.uel.br\/ontemehoje\/wp-content\/uploads\/2025\/07\/IMG_9751.jpg\" alt=\"Imagem 22\">\n    <div class=\"mosaico-caption\">Henrique Pereira<\/div>\n  <\/div>\n\n    <div class=\"mosaico-item\" onclick=\"abrirModal('https:\/\/projetos.uel.br\/ontemehoje\/wp-content\/uploads\/2025\/07\/IMG_9792.jpg', 'Jo\u00e3o Souza', 'Estudante de jornalismo do 2\u00b0 ano. Entrei no projeto porque sou apaixonado por fotografia e queria explorar novas formas de contar hist\u00f3rias da cidade atrav\u00e9s da reprodu\u00e7\u00e3o fotogr\u00e1fica.')\">\n    <img decoding=\"async\" src=\"https:\/\/projetos.uel.br\/ontemehoje\/wp-content\/uploads\/2025\/07\/IMG_9792.jpg\" alt=\"Imagem 23\">\n    <div class=\"mosaico-caption\">Jo\u00e3o Souza<\/div>\n  <\/div>\n\n    <div class=\"mosaico-item\" onclick=\"abrirModal('https:\/\/projetos.uel.br\/ontemehoje\/wp-content\/uploads\/2025\/07\/IMG_9762.jpg', 'Clara Borbalan', 'Estou no segundo ano de Jornalismo. Entrei no Projeto para explorar mais a fotografia, algo que eu sempre amei, e para descobrir mais a hist\u00f3ria de Londrina e suas mudan\u00e7as.')\">\n    <img decoding=\"async\" src=\"https:\/\/projetos.uel.br\/ontemehoje\/wp-content\/uploads\/2025\/07\/IMG_9762.jpg\" alt=\"Imagem 24\">\n    <div class=\"mosaico-caption\">Clara Borbalan<\/div>\n  <\/div>\n \n    <div class=\"mosaico-item\" onclick=\"abrirModal('https:\/\/projetos.uel.br\/ontemehoje\/wp-content\/uploads\/2025\/07\/IMG_9818.jpg', 'Bianca Justo', 'Oi eu sou Aluna do Primeiro ano de Jornalismo, eu entrei no projeto a procura de uma experi\u00eancia maior em rela\u00e7\u00e3o a fotografia por ser algo que aprecio muito des de pequena  e tamb\u00e9m saber mais sobre a hist\u00f3ria da cidade e a sua evolu\u00e7\u00e3o da paisagem conforme as d\u00e9cadas.')\">\n    <img decoding=\"async\" src=\"https:\/\/projetos.uel.br\/ontemehoje\/wp-content\/uploads\/2025\/07\/IMG_9818.jpg\" alt=\"Imagem 25\">\n    <div class=\"mosaico-caption\">Bianca Justo<\/div>\n  <\/div>\n\n    <div class=\"mosaico-item\" onclick=\"abrirModal('https:\/\/projetos.uel.br\/ontemehoje\/wp-content\/uploads\/2025\/07\/IMG_9821.jpg', 'Julia Trajano', 'Sou estudante de jornalismo do 1\u00b0 ano. Quando pensava em fazer jornal, nem passava pela minha cabe\u00e7a a a\u00e9rea da fotografia, mas depois da minha primeira aula com a Malu, isso mudou completamente. Decidi entrar no projeto, para aprender mais  sobre fotografia, al\u00e9m de ter gostado bastante do que havia sido proposto.')\">\n    <img decoding=\"async\" src=\"https:\/\/projetos.uel.br\/ontemehoje\/wp-content\/uploads\/2025\/07\/IMG_9821.jpg\" alt=\"Imagem 26\">\n    <div class=\"mosaico-caption\">Julia Trajano<\/div>\n  <\/div>\n\n    <div class=\"mosaico-item\" onclick=\"abrirModal('https:\/\/projetos.uel.br\/ontemehoje\/wp-content\/uploads\/2025\/09\/Yumi-Aoki-scaled.jpg', 'Yumi Aoki', 'Sou estudante do 3\u00ba ano de Jornalismo. Entrei no projeto pela minha paix\u00e3o pela fotografia, que vejo como um registro fundamental da hist\u00f3ria, da mem\u00f3ria e das transforma\u00e7\u00f5es da sociedade.')\">\n    <img decoding=\"async\" src=\"https:\/\/projetos.uel.br\/ontemehoje\/wp-content\/uploads\/2025\/09\/Yumi-Aoki-scaled.jpg\" alt=\"Imagem 27\">\n    <div class=\"mosaico-caption\">Yumi Aoki<\/div>\n  <\/div>\n\n    <div class=\"mosaico-item\" onclick=\"abrirModal('https:\/\/projetos.uel.br\/ontemehoje\/wp-content\/uploads\/2025\/09\/Clara-Dias-scaled.jpg', 'Clara Dias', 'Eu sou estudante do 3\u00ba ano de Jornalismo. Participo do projeto para contribuir com a hist\u00f3ria de Londrina por meio do resgate de sua mem\u00f3ria, unindo meu interesse pela fotografia \u00e0 valoriza\u00e7\u00e3o da evolu\u00e7\u00e3o da cidade e das pessoas que a constroem.')\">\n    <img decoding=\"async\" src=\"https:\/\/projetos.uel.br\/ontemehoje\/wp-content\/uploads\/2025\/09\/Clara-Dias-scaled.jpg\" alt=\"Imagem 28\">\n    <div class=\"mosaico-caption\">Clara Dias<\/div>\n  <\/div>\n\n    <div class=\"mosaico-item\" onclick=\"abrirModal('https:\/\/projetos.uel.br\/ontemehoje\/wp-content\/uploads\/2025\/09\/IMG_9833.jpg', 'Fernanda Camile Veloso', 'Sou estudante do 1\u2070 ano de Jornalismo. Escolhi o curso por me interessar muito por fotografia, e a participa\u00e7\u00e3o no projeto foi uma \u00f3tima oportunidade de me aprofundar na \u00e1rea, al\u00e9m de me permitir estabelecer rela\u00e7\u00f5es interdisciplinares entre fotografia e Hist\u00f3ria.')\">\n    <img decoding=\"async\" src=\"https:\/\/projetos.uel.br\/ontemehoje\/wp-content\/uploads\/2025\/09\/IMG_9833.jpg\" alt=\"Imagem 29\">\n    <div class=\"mosaico-caption\">Fernanda Camile Veloso<\/div>\n  <\/div>\n\n    <div class=\"mosaico-item\" onclick=\"abrirModal('https:\/\/projetos.uel.br\/ontemehoje\/wp-content\/uploads\/2025\/09\/Roberto-Mancuzo-scaled.jpg', 'Roberto Mancuzo', 'O uso da fotografia como ferramenta de educa\u00e7\u00e3o e cultura valoriza a nossa hist\u00f3ria. A democratiza\u00e7\u00e3o dessas imagens a partir deste projeto tamb\u00e9m amplia o conhecimento coletivo, conecta passado e presente e prepara as futuras gera\u00e7\u00f5es para compreender e preservar a identidade da nossa cidade com mais consci\u00eancia e pertencimento.')\">\n    <img decoding=\"async\" src=\"https:\/\/projetos.uel.br\/ontemehoje\/wp-content\/uploads\/2025\/09\/Roberto-Mancuzo-scaled.jpg\" alt=\"Imagem 30\">\n    <div class=\"mosaico-caption\">Roberto Mancuzo<\/div>\n  <\/div>\n\n    <div class=\"mosaico-item\" onclick=\"abrirModal('https:\/\/projetos.uel.br\/ontemehoje\/wp-content\/uploads\/2025\/09\/IMG_9950-scaled.jpg', 'Gemima Oliveira', 'Eu sou estudante do 3\u00ba ano de Jornalismo, e entrei no projeto porque sempre tive interesse por fotografia e hist\u00f3ria. Enxerguei no projeto \u201cOntem e Hoje\u201d a chance de aprender mais sobre a hist\u00f3ria da cidade e o poder da fotografia.')\">\n    <img decoding=\"async\" src=\"https:\/\/projetos.uel.br\/ontemehoje\/wp-content\/uploads\/2025\/09\/IMG_9950-scaled.jpg\" alt=\"Imagem 31\">\n    <div class=\"mosaico-caption\">Gemima Oliveira<\/div>\n  <\/div>\n\n    <div class=\"mosaico-item\" onclick=\"abrirModal('https:\/\/projetos.uel.br\/ontemehoje\/wp-content\/uploads\/2025\/09\/Celio-Costa-scaled.jpg', 'C\u00e9lio Costa', 'Me sinto extremamente feliz em participar de um projeto t\u00e3o importante como este. Fiz imagens a partir de um Drone, estudei o \u00e2ngulo,  perspectiva , composi\u00e7\u00e3o dos elementos,sempre tomando como  refer\u00eancia as fotografias antigas do fot\u00f3grafo Oswaldo Leite, nos registros fotogr\u00e1ficos que fez l\u00e1 pelos anos de 1956, 1957. Espero ter contribu\u00eddo com o desenvolvimento do projeto.')\">\n    <img decoding=\"async\" src=\"https:\/\/projetos.uel.br\/ontemehoje\/wp-content\/uploads\/2025\/09\/Celio-Costa-scaled.jpg\" alt=\"Imagem 32\">\n    <div class=\"mosaico-caption\">C\u00e9lio Costa<\/div>\n  <\/div>\n\n    <div class=\"mosaico-item\" onclick=\"abrirModal('https:\/\/projetos.uel.br\/ontemehoje\/wp-content\/uploads\/2025\/10\/2086f663-cef3-4313-b2ff-beec6695d118.jpg', 'Paulo Boni', 'Como um dos pioneiros no uso da fotografia para recupera\u00e7\u00e3o da hist\u00f3ria em Londrina, me senti muito feliz e honrado com o convite para participar do projeto. O que deixou mais empolgado foi ver o interesse e a dedica\u00e7\u00e3o dos e das estudantes em pesquisar, fotografar e contextualizar fotografias antigas e atuais no processo de recupera\u00e7\u00e3o e preserva\u00e7\u00e3o da hist\u00f3ria de Londrina. ')\">\n    <img decoding=\"async\" src=\"https:\/\/projetos.uel.br\/ontemehoje\/wp-content\/uploads\/2025\/10\/2086f663-cef3-4313-b2ff-beec6695d118.jpg\" alt=\"Imagem 33\">\n    <div class=\"mosaico-caption\">Paulo Boni<\/div>\n  <\/div>\n\n    <div class=\"mosaico-item\" onclick=\"abrirModal('https:\/\/projetos.uel.br\/ontemehoje\/wp-content\/uploads\/2025\/09\/Yasmin-Virgilio.jpg', 'Yasmin Virgilio', 'Tenho 21 anos e estou no terceiro ano de jornalismo noturno. Sempre tive curiosidade pelo mundo da fotografia, ent\u00e3o, quando comecei o curso foi inevit\u00e1vel n\u00e3o me aprofundar na \u00e1rea. Acredito que o projeto foi uma \u00f3tima oportunidade de me aproximar da fotografia e conhecer ainda mais a hist\u00f3ria de Londrina.')\">\n    <img decoding=\"async\" src=\"https:\/\/projetos.uel.br\/ontemehoje\/wp-content\/uploads\/2025\/09\/Yasmin-Virgilio.jpg\" alt=\"Imagem 32\">\n    <div class=\"mosaico-caption\">Yasmin Virgilio<\/div>\n  <\/div>\n\n<\/div>\n\n<div class=\"modal-mosaico\" id=\"modalMosaico\">\n  <div class=\"modal-content-mosaico\">\n    <span class=\"close-modal\" onclick=\"fecharModal()\">&times;<\/span>\n    <h2 id=\"modalTitulo\"><\/h2>\n    <img decoding=\"async\" id=\"modalImagem\" src=\"\" alt=\"Imagem Ampliada\">\n    <p id=\"modalDescricao\"><\/p>\n  <\/div>\n<\/div>\n\n<script>\n  function abrirModal(src, titulo, descricao) {\n    document.getElementById('modalImagem').src = src;\n    document.getElementById('modalTitulo').textContent = titulo;\n    document.getElementById('modalDescricao').textContent = descricao;\n    document.getElementById('modalMosaico').style.display = 'flex';\n  }\n\n  function fecharModal() {\n    document.getElementById('modalMosaico').style.display = 'none';\n  }\n\n  \/\/ Fechar modal clicando fora\n  window.onclick = function(event) {\n    const modal = document.getElementById('modalMosaico');\n    if (event.target === modal) {\n      modal.style.display = \"none\";\n    }\n  }\n<\/script>\n\n\n\n<p><\/p>\n","protected":false},"excerpt":{"rendered":"<p>Ana Beatriz Ribeiro Maria Luisa Hoffmann Manoel Neto Matheus Barreira Rebeca Mercuri Laura Gon\u00e7alves Isadora Foglia Vit\u00f3ria Fernandes Rebeca Felisberto Maria Luiza Garcia Pedro Rodrigues Mariana Oenning Ana Beatriz Leite Sabrina Heck Willian Augusto da Silva Melissa Cortellassi Guilherme Thomazini Maycon Rocha Luiz Fernando Abreu Ana J\u00falia Casasanta Valentina Oliveira Henrique Pereira Jo\u00e3o Souza Clara [&hellip;]<\/p>\n","protected":false},"author":10,"featured_media":0,"parent":0,"menu_order":0,"comment_status":"closed","ping_status":"closed","template":"","meta":{"_acf_changed":false,"footnotes":""},"class_list":["post-528","page","type-page","status-publish","hentry"],"acf":[],"_links":{"self":[{"href":"https:\/\/projetos.uel.br\/ontemehoje\/wp-json\/wp\/v2\/pages\/528","targetHints":{"allow":["GET"]}}],"collection":[{"href":"https:\/\/projetos.uel.br\/ontemehoje\/wp-json\/wp\/v2\/pages"}],"about":[{"href":"https:\/\/projetos.uel.br\/ontemehoje\/wp-json\/wp\/v2\/types\/page"}],"author":[{"embeddable":true,"href":"https:\/\/projetos.uel.br\/ontemehoje\/wp-json\/wp\/v2\/users\/10"}],"replies":[{"embeddable":true,"href":"https:\/\/projetos.uel.br\/ontemehoje\/wp-json\/wp\/v2\/comments?post=528"}],"version-history":[{"count":112,"href":"https:\/\/projetos.uel.br\/ontemehoje\/wp-json\/wp\/v2\/pages\/528\/revisions"}],"predecessor-version":[{"id":1262,"href":"https:\/\/projetos.uel.br\/ontemehoje\/wp-json\/wp\/v2\/pages\/528\/revisions\/1262"}],"wp:attachment":[{"href":"https:\/\/projetos.uel.br\/ontemehoje\/wp-json\/wp\/v2\/media?parent=528"}],"curies":[{"name":"wp","href":"https:\/\/api.w.org\/{rel}","templated":true}]}}