{"id":515,"date":"2025-07-25T14:37:16","date_gmt":"2025-07-25T17:37:16","guid":{"rendered":"https:\/\/projetos.uel.br\/ontemehoje\/?page_id=515"},"modified":"2025-12-09T21:24:53","modified_gmt":"2025-12-10T00:24:53","slug":"o-fotografo","status":"publish","type":"page","link":"https:\/\/projetos.uel.br\/ontemehoje\/o-fotografo\/","title":{"rendered":"O Fot\u00f3grafo"},"content":{"rendered":"\n<p class=\"has-text-align-center\"><strong>Oswaldo Leite, o fot\u00f3grafo<\/strong><\/p>\n\n\n\n<p><\/p>\n\n\n\n<style>\n  figure.minha-imagem-unica {\n    float: left;\n    margin: 0 20px 10px 0;\n    text-align: center;\n    font-size: 0.9em;\n    color: #555;\n    width: 298px;\n  }\n\n  figure.minha-imagem-unica img {\n    width: 100%;\n    height: auto;\n    display: block;\n  }\n\n  .texto-justificado {\n    text-align: justify;\n  }\n\n  @media (max-width: 600px) {\n    figure.minha-imagem-unica {\n      width: 45% !important;   \/* reduz largura no mobile *\/\n      float: left !important;   \/* mant\u00e9m flutuando *\/\n      margin: 0 12px 12px 0 !important; \/* espa\u00e7o ao lado *\/\n    }\n\n    figure.minha-imagem-unica img {\n      width: 100% !important;\n      height: auto !important;\n    }\n  }\n<\/style>\n\n<figure class=\"minha-imagem-unica\">\n  <img decoding=\"async\" src=\"https:\/\/lh7-rt.googleusercontent.com\/docsz\/AD_4nXfXIgMdKPaVofXRfendCKKxnDeDzmsfG9Jy4R_nwmG8Ckps8umz71IeGBrQfL8hhf8rcTqpxbCvSisAx5hJTRAoTRO_rU61gP4r0VS1LNqOmezjlvbQOCem0688OWueovDupLJ-xAoUs_KvJhc26EA?key=0w0vkteX5V57zg5mrinD1A\"\n       alt=\"Foto de Oswaldo Leite\" \/>\n<\/figure>\n\n<p class=\"texto-justificado\">\n  Oswaldo Leite n\u00e3o \u00e9 um nome muito conhecido entre os estudiosos e pesquisadores da hist\u00f3ria de Londrina, e muito menos entre os moradores da cidade. Mas, por conta de sua extensa obra fotogr\u00e1fica, produzida nos anos 1950, 1960 e 1970, \u00e9 uma refer\u00eancia e fonte de consulta importante para quem pesquisa e escreve sobre Londrina. Ele foi o primeiro fot\u00f3grafo contratado pela prefeitura para documentar as obras p\u00fablicas em andamento ou conclu\u00eddas na cidade. Aprendeu a fotografar sozinho, movido pela curiosidade e motivado pela metodologia da tentativa e erro (ou acerto). Nascido em Itu (SP), em 1921, chegou a Londrina em 1941. Trabalhou como saqueiro e pedreiro (ajudou a construir a Santa Casa) at\u00e9 ser contratado, em 1942, como fiscal do Departamento de Obras e Planejamento da prefeitura. Passou a escritur\u00e1rio e depois a oficial do mesmo departamento. Nessa fun\u00e7\u00e3o, tinha como incumb\u00eancia acompanhar as obras em andamento e, por conta pr\u00f3pria, come\u00e7ou a fotograf\u00e1-las, para que as fotografias servissem como \u201ccomprova\u00e7\u00e3o\u201d dos trabalhos realizados pelo executivo, pois, naquela \u00e9poca, o prefeito tinha que comparecer semestralmente \u00e0 C\u00e2mara de Vereadores para prestar contas das obras e servi\u00e7os realizados ou em andamento na cidade.\n<\/p>\n\n\n\n\n<style>\n  figure.minha-imagem-direita {\n    float: right;\n    margin: 0 0 10px 20px;\n    text-align: center;\n    font-size: 0.9em;\n    color: #555;\n    width: 298px;\n  }\n\n  figure.minha-imagem-direita img {\n    width: 100%;\n    height: auto;\n    display: block;\n  }\n\n  .texto-justificado {\n    text-align: justify;\n  }\n\n  @media (max-width: 600px) {\n    figure.minha-imagem-direita {\n      width: 45% !important;         \/* reduz largura no mobile *\/\n      float: right !important;        \/* mant\u00e9m flutua\u00e7\u00e3o *\/\n      margin: 0 0 12px 12px !important; \/* espa\u00e7o ao lado da imagem *\/\n    }\n\n    figure.minha-imagem-direita img {\n      width: 100% !important;\n      height: auto !important;\n    }\n  }\n<\/style>\n\n<figure class=\"minha-imagem-direita\">\n  <img decoding=\"async\" src=\"https:\/\/lh7-rt.googleusercontent.com\/docsz\/AD_4nXcvFFTUv0QqE2VqBQqo9eCB6P7N9gQE_35OwiGJ-VHS8w3GqdTIbbq369oyPCMgurOoOlMrGRhG6IHFzu0oLbh8pNqhQtoojZGAbFAYHwphTw97nlF_L7yOWxBSHDfREZokaFWXkKeU6cSYA68lGBo?key=0w0vkteX5V57zg5mrinD1A\" \n       alt=\"Foto de Oswaldo Leite 2\" \/>\n<\/figure>\n\n<p class=\"texto-justificado\">\n  Os sucessivos prefeitos gostaram das fotografias ilustrando \u2013 e comprovando \u2013 os relat\u00f3rios e Oswaldo Leite passou a fotografar cada vez mais, mesmo exercendo uma fun\u00e7\u00e3o burocr\u00e1tica. Somente em 1970, diante de milhares e milhares de fotografias que documentavam as transforma\u00e7\u00f5es urbanas e o progresso de Londrina, o ent\u00e3o prefeito Dalton Paranagu\u00e1, reconhecendo e valorizando seu trabalho, contratou-o como fot\u00f3grafo e ele retornou \u00e0 prefeitura (ele j\u00e1 havia se aposentado em 1967). \n  Oswaldo Leite foi um dos maiores documentadores visuais da expans\u00e3o urbana, do crescimento econ\u00f4mico e do desenvolvimento social de Londrina. A hist\u00f3ria da cidade deve muito a ele. Por sorte, hoje, suas milhares de fotografias est\u00e3o dispon\u00edveis para consulta e pesquisa no Museu Hist\u00f3rico de Londrina Padre Carlos Weiss. \n<\/p>\n\n","protected":false},"excerpt":{"rendered":"<p>Oswaldo Leite, o fot\u00f3grafo Oswaldo Leite n\u00e3o \u00e9 um nome muito conhecido entre os estudiosos e pesquisadores da hist\u00f3ria de Londrina, e muito menos entre os moradores da cidade. Mas, por conta de sua extensa obra fotogr\u00e1fica, produzida nos anos 1950, 1960 e 1970, \u00e9 uma refer\u00eancia e fonte de consulta importante para quem pesquisa [&hellip;]<\/p>\n","protected":false},"author":10,"featured_media":0,"parent":0,"menu_order":0,"comment_status":"closed","ping_status":"closed","template":"","meta":{"_acf_changed":false,"footnotes":""},"class_list":["post-515","page","type-page","status-publish","hentry"],"acf":[],"_links":{"self":[{"href":"https:\/\/projetos.uel.br\/ontemehoje\/wp-json\/wp\/v2\/pages\/515","targetHints":{"allow":["GET"]}}],"collection":[{"href":"https:\/\/projetos.uel.br\/ontemehoje\/wp-json\/wp\/v2\/pages"}],"about":[{"href":"https:\/\/projetos.uel.br\/ontemehoje\/wp-json\/wp\/v2\/types\/page"}],"author":[{"embeddable":true,"href":"https:\/\/projetos.uel.br\/ontemehoje\/wp-json\/wp\/v2\/users\/10"}],"replies":[{"embeddable":true,"href":"https:\/\/projetos.uel.br\/ontemehoje\/wp-json\/wp\/v2\/comments?post=515"}],"version-history":[{"count":114,"href":"https:\/\/projetos.uel.br\/ontemehoje\/wp-json\/wp\/v2\/pages\/515\/revisions"}],"predecessor-version":[{"id":1304,"href":"https:\/\/projetos.uel.br\/ontemehoje\/wp-json\/wp\/v2\/pages\/515\/revisions\/1304"}],"wp:attachment":[{"href":"https:\/\/projetos.uel.br\/ontemehoje\/wp-json\/wp\/v2\/media?parent=515"}],"curies":[{"name":"wp","href":"https:\/\/api.w.org\/{rel}","templated":true}]}}

O Fotógrafo

<p class="has-text-align-center"><strong>Oswaldo Leite, o fotógrafo</strong></p>



<p></p>



<style>
  figure.minha-imagem-unica {
    float: left;
    margin: 0 20px 10px 0;
    text-align: center;
    font-size: 0.9em;
    color: #555;
    width: 298px;
  }

  figure.minha-imagem-unica img {
    width: 100%;
    height: auto;
    display: block;
  }

  .texto-justificado {
    text-align: justify;
  }

  @media (max-width: 600px) {
    figure.minha-imagem-unica {
      width: 45% !important;   /* reduz largura no mobile */
      float: left !important;   /* mantém flutuando */
      margin: 0 12px 12px 0 !important; /* espaço ao lado */
    }

    figure.minha-imagem-unica img {
      width: 100% !important;
      height: auto !important;
    }
  }
</style>

<figure class="minha-imagem-unica">
  <img decoding="async" src="https://lh7-rt.googleusercontent.com/docsz/AD_4nXfXIgMdKPaVofXRfendCKKxnDeDzmsfG9Jy4R_nwmG8Ckps8umz71IeGBrQfL8hhf8rcTqpxbCvSisAx5hJTRAoTRO_rU61gP4r0VS1LNqOmezjlvbQOCem0688OWueovDupLJ-xAoUs_KvJhc26EA?key=0w0vkteX5V57zg5mrinD1A"
       alt="Foto de Oswaldo Leite" />
</figure>

<p class="texto-justificado">
  Oswaldo Leite não é um nome muito conhecido entre os estudiosos e pesquisadores da história de Londrina, e muito menos entre os moradores da cidade. Mas, por conta de sua extensa obra fotográfica, produzida nos anos 1950, 1960 e 1970, é uma referência e fonte de consulta importante para quem pesquisa e escreve sobre Londrina. Ele foi o primeiro fotógrafo contratado pela prefeitura para documentar as obras públicas em andamento ou concluídas na cidade. Aprendeu a fotografar sozinho, movido pela curiosidade e motivado pela metodologia da tentativa e erro (ou acerto). Nascido em Itu (SP), em 1921, chegou a Londrina em 1941. Trabalhou como saqueiro e pedreiro (ajudou a construir a Santa Casa) até ser contratado, em 1942, como fiscal do Departamento de Obras e Planejamento da prefeitura. Passou a escriturário e depois a oficial do mesmo departamento. Nessa função, tinha como incumbência acompanhar as obras em andamento e, por conta própria, começou a fotografá-las, para que as fotografias servissem como “comprovação” dos trabalhos realizados pelo executivo, pois, naquela época, o prefeito tinha que comparecer semestralmente à Câmara de Vereadores para prestar contas das obras e serviços realizados ou em andamento na cidade.
</p>




<style>
  figure.minha-imagem-direita {
    float: right;
    margin: 0 0 10px 20px;
    text-align: center;
    font-size: 0.9em;
    color: #555;
    width: 298px;
  }

  figure.minha-imagem-direita img {
    width: 100%;
    height: auto;
    display: block;
  }

  .texto-justificado {
    text-align: justify;
  }

  @media (max-width: 600px) {
    figure.minha-imagem-direita {
      width: 45% !important;         /* reduz largura no mobile */
      float: right !important;        /* mantém flutuação */
      margin: 0 0 12px 12px !important; /* espaço ao lado da imagem */
    }

    figure.minha-imagem-direita img {
      width: 100% !important;
      height: auto !important;
    }
  }
</style>

<figure class="minha-imagem-direita">
  <img decoding="async" src="https://lh7-rt.googleusercontent.com/docsz/AD_4nXcvFFTUv0QqE2VqBQqo9eCB6P7N9gQE_35OwiGJ-VHS8w3GqdTIbbq369oyPCMgurOoOlMrGRhG6IHFzu0oLbh8pNqhQtoojZGAbFAYHwphTw97nlF_L7yOWxBSHDfREZokaFWXkKeU6cSYA68lGBo?key=0w0vkteX5V57zg5mrinD1A" 
       alt="Foto de Oswaldo Leite 2" />
</figure>

<p class="texto-justificado">
  Os sucessivos prefeitos gostaram das fotografias ilustrando – e comprovando – os relatórios e Oswaldo Leite passou a fotografar cada vez mais, mesmo exercendo uma função burocrática. Somente em 1970, diante de milhares e milhares de fotografias que documentavam as transformações urbanas e o progresso de Londrina, o então prefeito Dalton Paranaguá, reconhecendo e valorizando seu trabalho, contratou-o como fotógrafo e ele retornou à prefeitura (ele já havia se aposentado em 1967). 
  Oswaldo Leite foi um dos maiores documentadores visuais da expansão urbana, do crescimento econômico e do desenvolvimento social de Londrina. A história da cidade deve muito a ele. Por sorte, hoje, suas milhares de fotografias estão disponíveis para consulta e pesquisa no Museu Histórico de Londrina Padre Carlos Weiss. 
</p>

<p>Oswaldo Leite, o fotógrafo Oswaldo Leite não é um nome muito conhecido entre os estudiosos e pesquisadores da história de Londrina, e muito menos entre os moradores da cidade. Mas, por conta de sua extensa obra fotográfica, produzida nos anos 1950, 1960 e 1970, é uma referência e fonte de consulta importante para quem pesquisa [&hellip;]</p>
