{"id":178,"date":"2025-07-10T17:29:05","date_gmt":"2025-07-10T20:29:05","guid":{"rendered":"https:\/\/projetos.uel.br\/ontemehoje\/?page_id=178"},"modified":"2025-12-14T21:57:22","modified_gmt":"2025-12-15T00:57:22","slug":"fotografias","status":"publish","type":"page","link":"https:\/\/projetos.uel.br\/ontemehoje\/fotografias\/","title":{"rendered":"As Fotografias"},"content":{"rendered":"\n<p class=\"has-text-align-center\"><strong>As Fotografias<\/strong><\/p>\n\n\n\n<!DOCTYPE html>\n<html lang=\"pt-BR\">\n<head>\n    <meta charset=\"UTF-8\" \/>\n    <meta name=\"viewport\" content=\"width=device-width, initial-scale=1.0\" \/>\n    <title>Mapa<\/title>\n    <link rel=\"stylesheet\" href=\"https:\/\/unpkg.com\/leaflet\/dist\/leaflet.css\" \/>\n\n    <style>\n        * {\n            margin: 0;\n            padding: 0;\n            box-sizing: border-box;\n        }\n\n        html, body {\n            height: 100%;\n            font-family: 'Segoe UI', Tahoma, Geneva, Verdana, sans-serif;\n            background: #f0f2f5;\n        }\n\n        #map {\n            height: 90vh;\n            width: 100%;\n            max-width: 1400px;\n            margin: 5vh auto 0 auto;\n            border: 2px solid #ccc;\n            border-radius: 20px;\n            box-shadow: 0 10px 30px rgba(0, 0, 0, 0.1);\n            transition: box-shadow 0.3s ease;\n        }\n\n        #map:hover {\n            box-shadow: 0 12px 40px rgba(0, 0, 0, 0.2);\n        }\n\n        .leaflet-container {\n            border-radius: 20px;\n        }\n    <\/style>\n<\/head>\n<body>\n\n    <div id=\"map\"><\/div>\n\n    <script>\n        setTimeout(function () {\n            const script = document.createElement('script');\n            script.src = \"https:\/\/unpkg.com\/leaflet\/dist\/leaflet.js\";\n            script.onload = function () {\n                const map = L.map('map').setView([-23.3120, -51.1596], 14);\n\n                L.tileLayer('https:\/\/{s}.tile.openstreetmap.org\/{z}\/{x}\/{y}.png', {\n                    attribution: '&copy; OpenStreetMap contributors'\n                }).addTo(map);\n\n                const customIcon = L.icon({\n                    iconUrl: 'https:\/\/unpkg.com\/leaflet@1.9.4\/dist\/images\/marker-icon.png',\n                    iconSize: [25, 41],\n                    iconAnchor: [12, 41],\n                    popupAnchor: [1, -34],\n                    shadowUrl: 'https:\/\/unpkg.com\/leaflet@1.9.4\/dist\/images\/marker-shadow.png',\n                    shadowSize: [41, 41]\n                });\n\n                const locais = [\n                    {\n                        nome: \"A CASA DA CRIAN\u00c7A\",\n                        coord: [-23.31285, -51.15814]\n                    },\n                    {\n                        nome: \"CONCHA AC\u00daSTICA\",\n                        coord: [-23.31318, -51.15801]\n                    },\n                    {\n                        nome: \"CAIXA D'\u00c1GUA 1\",\n                        coord: [-23.31063, -51.16562]\n                    },\n                    {\n                        nome: \"CAIXA D'\u00c1GUA 2\",\n                        coord: [-23.31073, -51.16562]\n                    },\n                    {\n                        nome: \"IGREJA NOSSA SENHORA DE F\u00c1TIMA\",\n                        coord: [-23.29876, -51.14541]\n                    },\n                    {\n                        nome: \"AV CELSO GARCIA\",\n                        coord: [-23.31289, -51.1564]\n                    },\n                    {\n                        nome: \"CATEDRAL - FUNDOS\",\n                        coord: [-23.31201, -51.16134]\n                    },\n                    {\n                        nome: \"SANTA CATARINA COM MINAS GERAIS, ATUAL BRADESCO\",\n                        coord: [-23.31185, -51.1575]\n                    },\n                    {\n                        nome: \"CENTRO DE SA\u00daDE 1\",\n                        coord: [-23.31195, -51.15735]\n                    },\n                    {\n                        nome: \"CENTRO DE SA\u00daDE 2\",\n                        coord: [-23.31196, -51.15759]\n                    },\n                    {\n                        nome: \"PR\u00c9DIO ATR\u00c1S DO OSCAR FUGANTI, RUA SANTA CATARINA\",\n                        coord: [-23.31185, -51.15787]\n                    },\n                    {\n                        nome: \"ESQUINA DA MODA, RIO DE JANEIRO EM FRENTE AO MUSEU DE ARTE\",\n                        coord: [-23.30977, -51.15909]\n                    },\n                    {\n                        nome: \"SERCOMTEL\",\n                        coord: [-23.3135, -51.16139]\n                    },\n                    {\n                        nome: \"BIBLIOTECA MUNICIPAL - TEATRO ZAQUEU DE MELO\",\n                        coord: [-23.31248, -51.15884]\n                    },\n                    {\n                        nome: \"BIBLIOTECA MUNICIPAL 1\",\n                        coord: [-23.31241, -51.15884]\n                    },\n                    {\n                        nome: \"BIBLIOTECA MUNICIPAL 2\",\n                        coord: [-23.31223, -51.15905]\n                    },\n                    {\n                        nome: \"CENTRO COMERCIAL\",\n                        coord: [-23.31318, -51.15886]\n                    },\n                    {\n                        nome: \"RUA SERGIPE COM HUGO CABRAL\",\n                        coord: [-23.3098, -51.16396]\n                    },\n                    {\n                        nome: \"ANTIGA RODOVI\u00c1RIA\",\n                        coord: [-23.30903, -51.15982]\n                    },\n                    {\n                        nome: \"UBS VILA FRATERNIDADE\",\n                        coord: [-23.309, -51.1468]\n                    },\n                    {\n                        nome: \"PRA\u00c7A ROCHA POMBO 1\",\n                        coord: [-23.30924, -51.15958]\n                    },\n                    {\n                        nome: \"CEMIT\u00c9RIO PADRE ANCHIETA\",\n                        coord: [-23.29795, -51.13886]\n                    },\n                    {\n                        nome: \"PREFEITURA\",\n                        coord: [-23.33493, -51.15142]\n                    },\n                    {\n                        nome: \"C\u00c2MARA MUNICIPAL\",\n                        coord: [-23.33382, -51.15111]\n                    },\n                    {\n                        nome: \"DUQUE DE CAXIAS COM JORGE VELHO\",\n                        coord: [-23.32198, -51.15496]\n                    },\n                    {\n                        nome: \"IEEL, CAMBAR\u00c1 COM RUA BRASIL\",\n                        coord: [-23.31875, -51.15385]\n                    },\n                    {\n                        nome: \"DUQUE DE CAXIAS COM A MARANH\u00c3O\",\n                        coord: [-23.31083, -51.15514]\n                    },\n                    {\n                        nome: \"INSTALA\u00c7\u00c3O DE ESGOTO NA RUA TUPI\",\n                        coord: [-23.31096, -51.16587]\n                    },\n                    {\n                        nome: \"PRA\u00c7A ROCHA POMBO 2\",\n                        coord: [-23.30919, -51.15904]\n                    },\n                    {\n                        nome: \"Avenida Higien\u00f3polis com Avenida Paran\u00e1, vista a\u00e9rea com drone\",\n                        coord: [-23.31097, -51.1655]\n                    },\n                    {\n                        nome: \"Alameda Manoel Ribas, vista para Catedral Metropolitana de Londrina-PR\",\n                        coord: [-23.31193, -51.15794]\n                    },\n                    {\n                        nome: \"Vista a\u00e9rea do anel central da pra\u00e7a Marechal Floriano Peixoto e Catedral Metropolitana de Londrina-PR\",\n                        coord: [-23.30973, -51.15655]\n                    }\n                ];\n\n                locais.forEach(local => {\n                    const marker = L.marker(local.coord, { icon: customIcon }).addTo(map);\n\n                    \/\/ Mostrar nome ao passar o mouse\n                    marker.bindTooltip(local.nome, {\n                        permanent: false,\n                        direction: 'top',\n                        offset: [0, -40],\n                        opacity: 0.9\n                    });\n\n                    \/\/ Redirecionar ao clicar\n                    marker.on(\"click\", () => {\n                        window.location.href = `https:\/\/projetos.uel.br\/ontemehoje\/comparacao\/?local=${local.nome}`;\n                    });\n                });\n            };\n            document.body.appendChild(script);\n        }, 0);\n    <\/script>\n\n<\/body>\n<\/html>\n","protected":false},"excerpt":{"rendered":"<p>As Fotografias Mapa<\/p>\n","protected":false},"author":10,"featured_media":0,"parent":0,"menu_order":0,"comment_status":"closed","ping_status":"closed","template":"","meta":{"_acf_changed":false,"footnotes":""},"class_list":["post-178","page","type-page","status-publish","hentry"],"acf":[],"_links":{"self":[{"href":"https:\/\/projetos.uel.br\/ontemehoje\/wp-json\/wp\/v2\/pages\/178","targetHints":{"allow":["GET"]}}],"collection":[{"href":"https:\/\/projetos.uel.br\/ontemehoje\/wp-json\/wp\/v2\/pages"}],"about":[{"href":"https:\/\/projetos.uel.br\/ontemehoje\/wp-json\/wp\/v2\/types\/page"}],"author":[{"embeddable":true,"href":"https:\/\/projetos.uel.br\/ontemehoje\/wp-json\/wp\/v2\/users\/10"}],"replies":[{"embeddable":true,"href":"https:\/\/projetos.uel.br\/ontemehoje\/wp-json\/wp\/v2\/comments?post=178"}],"version-history":[{"count":95,"href":"https:\/\/projetos.uel.br\/ontemehoje\/wp-json\/wp\/v2\/pages\/178\/revisions"}],"predecessor-version":[{"id":1323,"href":"https:\/\/projetos.uel.br\/ontemehoje\/wp-json\/wp\/v2\/pages\/178\/revisions\/1323"}],"wp:attachment":[{"href":"https:\/\/projetos.uel.br\/ontemehoje\/wp-json\/wp\/v2\/media?parent=178"}],"curies":[{"name":"wp","href":"https:\/\/api.w.org\/{rel}","templated":true}]}}