{"id":14,"date":"2025-08-27T15:15:55","date_gmt":"2025-08-27T18:15:55","guid":{"rendered":"https:\/\/projetos.uel.br\/espanhol-no-vestibular\/?page_id=14"},"modified":"2025-08-28T11:23:02","modified_gmt":"2025-08-28T14:23:02","slug":"sobre","status":"publish","type":"page","link":"https:\/\/projetos.uel.br\/espanhol-no-vestibular\/sobre\/","title":{"rendered":"Sobre o Projeto"},"content":{"rendered":"\n<hr class=\"wp-block-separator has-text-color has-verde-escuro-color has-alpha-channel-opacity has-verde-escuro-background-color has-background is-style-wide\"\/>\n\n\n\n<p><strong>ESPANHOL NO VESTIBULAR: APOIO DID\u00c1TICO E PEDAG\u00d3GICO AO ENSINO DE L\u00cdNGUA ESPANHOLA NO CEPV-UEL<\/strong><\/p>\n\n\n\n<hr class=\"wp-block-separator has-text-color has-verde-escuro-color has-alpha-channel-opacity has-verde-escuro-background-color has-background is-style-wide\"\/>\n\n\n\n<p>A prova de l\u00edngua espanhola no vestibular da <strong>Universidade Estadual de Londrina (UEL)<\/strong> representa uma alternativa para os estudantes do <strong>Curso Especial Pr\u00e9-Vestibular (CEPV-UEL)<\/strong> ingressarem na UEL. No entanto, muitos apresentam dificuldades com vocabul\u00e1rio, interpreta\u00e7\u00e3o textual e estrat\u00e9gias de leitura, especialmente por n\u00e3o terem tido contato pr\u00e9vio com a l\u00edngua, uma vez que s\u00e3o estudantes do terceiro ano do ensino m\u00e9dio da rede p\u00fablica de ensino do Paran\u00e1. <\/p>\n\n\n\n<p>O instrutor de espanhol do cursinho j\u00e1 desenvolve o trabalho do ensino da l\u00edngua, e o presente projeto de extens\u00e3o tem como proposta contribuir para o fortalecimento desse ensino, por meio de apoio did\u00e1tico e pedag\u00f3gico, produ\u00e7\u00e3o de materiais e a\u00e7\u00f5es complementares, envolvendo estudantes da gradua\u00e7\u00e3o em Letras\/Espanhol.<\/p>\n\n\n\n<p>A metodologia do projeto contempla o acompanhamento e apoio \u00e0s aulas regulares do cursinho, por meio de observa\u00e7\u00f5es, cocria\u00e7\u00e3o de aulas e propostas de atividades complementares. Tamb\u00e9m ser\u00e1 realizada a cria\u00e7\u00e3o de materiais did\u00e1ticos voltados \u00e0 leitura e interpreta\u00e7\u00e3o textual, al\u00e9m da organiza\u00e7\u00e3o de oficinas tem\u00e1ticas, grupos de estudo e plant\u00f5es de d\u00favidas. <\/p>\n\n\n\n<p>Est\u00e3o previstas ainda a aplica\u00e7\u00e3o de simulados extras baseados em provas anteriores da UEL e a realiza\u00e7\u00e3o de registros cont\u00ednuos das a\u00e7\u00f5es desenvolvidas, com avalia\u00e7\u00e3o sistem\u00e1tica dos resultados obtidos pelos alunos e das experi\u00eancias formativas dos licenciandos envolvidos.<\/p>\n\n\n\n<p><strong>Objetivo:<\/strong> apoiar o ensino de espanhol no CEPV-UEL por meio de a\u00e7\u00f5es pedag\u00f3gicas que contribuam para a aprendizagem dos estudantes e a forma\u00e7\u00e3o dos licenciandos.<\/p>\n\n\n\n<p><strong>Popula\u00e7\u00e3o-alvo:<\/strong> estudantes do terceiro ano do ensino m\u00e9dio da rede p\u00fablica de ensino do Paran\u00e1 que optam por espanhol como l\u00edngua estrangeira no vestibular.<\/p>\n\n\n\n<p><strong>Contato:<\/strong> laura.marques.espanhol@uel.br&nbsp;<\/p>\n\n\n\n<div class=\"wp-block-columns is-layout-flex wp-container-core-columns-is-layout-9d6595d7 wp-block-columns-is-layout-flex\">\n<div class=\"wp-block-column is-layout-flow wp-block-column-is-layout-flow\"><\/div>\n<\/div>\n","protected":false},"excerpt":{"rendered":"<p>ESPANHOL NO VESTIBULAR: APOIO DID\u00c1TICO E PEDAG\u00d3GICO AO ENSINO DE L\u00cdNGUA ESPANHOLA NO CEPV-UEL A prova de l\u00edngua espanhola no vestibular da Universidade Estadual de Londrina (UEL) representa uma alternativa para os estudantes do Curso Especial Pr\u00e9-Vestibular (CEPV-UEL) ingressarem na UEL. No entanto, muitos apresentam dificuldades com vocabul\u00e1rio, interpreta\u00e7\u00e3o textual e estrat\u00e9gias de leitura, especialmente [&hellip;]<\/p>\n","protected":false},"author":6,"featured_media":0,"parent":0,"menu_order":0,"comment_status":"closed","ping_status":"closed","template":"","meta":{"_acf_changed":false,"_themeisle_gutenberg_block_has_review":false,"footnotes":""},"class_list":["post-14","page","type-page","status-publish","hentry"],"acf":[],"_links":{"self":[{"href":"https:\/\/projetos.uel.br\/espanhol-no-vestibular\/wp-json\/wp\/v2\/pages\/14","targetHints":{"allow":["GET"]}}],"collection":[{"href":"https:\/\/projetos.uel.br\/espanhol-no-vestibular\/wp-json\/wp\/v2\/pages"}],"about":[{"href":"https:\/\/projetos.uel.br\/espanhol-no-vestibular\/wp-json\/wp\/v2\/types\/page"}],"author":[{"embeddable":true,"href":"https:\/\/projetos.uel.br\/espanhol-no-vestibular\/wp-json\/wp\/v2\/users\/6"}],"replies":[{"embeddable":true,"href":"https:\/\/projetos.uel.br\/espanhol-no-vestibular\/wp-json\/wp\/v2\/comments?post=14"}],"version-history":[{"count":12,"href":"https:\/\/projetos.uel.br\/espanhol-no-vestibular\/wp-json\/wp\/v2\/pages\/14\/revisions"}],"predecessor-version":[{"id":87,"href":"https:\/\/projetos.uel.br\/espanhol-no-vestibular\/wp-json\/wp\/v2\/pages\/14\/revisions\/87"}],"wp:attachment":[{"href":"https:\/\/projetos.uel.br\/espanhol-no-vestibular\/wp-json\/wp\/v2\/media?parent=14"}],"curies":[{"name":"wp","href":"https:\/\/api.w.org\/{rel}","templated":true}]}}

<hr class="wp-block-separator has-text-color has-verde-escuro-color has-alpha-channel-opacity has-verde-escuro-background-color has-background is-style-wide"/>



<p><strong>ESPANHOL NO VESTIBULAR: APOIO DIDÁTICO E PEDAGÓGICO AO ENSINO DE LÍNGUA ESPANHOLA NO CEPV-UEL</strong></p>



<hr class="wp-block-separator has-text-color has-verde-escuro-color has-alpha-channel-opacity has-verde-escuro-background-color has-background is-style-wide"/>



<p>A prova de língua espanhola no vestibular da <strong>Universidade Estadual de Londrina (UEL)</strong> representa uma alternativa para os estudantes do <strong>Curso Especial Pré-Vestibular (CEPV-UEL)</strong> ingressarem na UEL. No entanto, muitos apresentam dificuldades com vocabulário, interpretação textual e estratégias de leitura, especialmente por não terem tido contato prévio com a língua, uma vez que são estudantes do terceiro ano do ensino médio da rede pública de ensino do Paraná. </p>



<p>O instrutor de espanhol do cursinho já desenvolve o trabalho do ensino da língua, e o presente projeto de extensão tem como proposta contribuir para o fortalecimento desse ensino, por meio de apoio didático e pedagógico, produção de materiais e ações complementares, envolvendo estudantes da graduação em Letras/Espanhol.</p>



<p>A metodologia do projeto contempla o acompanhamento e apoio às aulas regulares do cursinho, por meio de observações, cocriação de aulas e propostas de atividades complementares. Também será realizada a criação de materiais didáticos voltados à leitura e interpretação textual, além da organização de oficinas temáticas, grupos de estudo e plantões de dúvidas. </p>



<p>Estão previstas ainda a aplicação de simulados extras baseados em provas anteriores da UEL e a realização de registros contínuos das ações desenvolvidas, com avaliação sistemática dos resultados obtidos pelos alunos e das experiências formativas dos licenciandos envolvidos.</p>



<p><strong>Objetivo:</strong> apoiar o ensino de espanhol no CEPV-UEL por meio de ações pedagógicas que contribuam para a aprendizagem dos estudantes e a formação dos licenciandos.</p>



<p><strong>População-alvo:</strong> estudantes do terceiro ano do ensino médio da rede pública de ensino do Paraná que optam por espanhol como língua estrangeira no vestibular.</p>



<p><strong>Contato:</strong> laura.marques.espanhol@uel.br&nbsp;</p>



<div class="wp-block-columns is-layout-flex wp-container-core-columns-is-layout-9d6595d7 wp-block-columns-is-layout-flex">
<div class="wp-block-column is-layout-flow wp-block-column-is-layout-flow"></div>
</div>

<p>ESPANHOL NO VESTIBULAR: APOIO DIDÁTICO E PEDAGÓGICO AO ENSINO DE LÍNGUA ESPANHOLA NO CEPV-UEL A prova de língua espanhola no vestibular da Universidade Estadual de Londrina (UEL) representa uma alternativa para os estudantes do Curso Especial Pré-Vestibular (CEPV-UEL) ingressarem na UEL. No entanto, muitos apresentam dificuldades com vocabulário, interpretação textual e estratégias de leitura, especialmente [&hellip;]</p>
