{"id":107,"date":"2025-08-28T15:48:17","date_gmt":"2025-08-28T18:48:17","guid":{"rendered":"https:\/\/projetos.uel.br\/espanhol-no-vestibular\/?page_id=107"},"modified":"2025-09-26T09:37:02","modified_gmt":"2025-09-26T12:37:02","slug":"aulas-e-oficinas","status":"publish","type":"page","link":"https:\/\/projetos.uel.br\/espanhol-no-vestibular\/aulas-e-oficinas\/","title":{"rendered":"Aulas e Oficinas"},"content":{"rendered":"\n<p>Fique atento, teremos aul\u00f5es a partir do m\u00eas que vem. <br>Acompanhe datas e hor\u00e1rios abaixo:<\/p>\n\n\n\n<p><strong>Dia 04\/10\/2025:<\/strong> das 14:00 \u00e0s 18:00 horas<br><strong>Dia 11\/10\/2025:<\/strong> das 14:00 \u00e0s 15:40 horas<br><strong>Dia 18\/10\/2025:<\/strong> das 14:00 \u00e0s 15:40 horas<\/p>\n\n\n\n<p><strong>Local:<\/strong> Curso Especial Pr\u00e9-Vestibular (CEPV-UEL) &#8211; Pr\u00e9dio do PDE<\/p>\n\n\n\n<p><\/p>\n","protected":false},"excerpt":{"rendered":"<p>Fique atento, teremos aul\u00f5es a partir do m\u00eas que vem. Acompanhe datas e hor\u00e1rios abaixo: Dia 04\/10\/2025: das 14:00 \u00e0s 18:00 horasDia 11\/10\/2025: das 14:00 \u00e0s 15:40 horasDia 18\/10\/2025: das 14:00 \u00e0s 15:40 horas Local: Curso Especial Pr\u00e9-Vestibular (CEPV-UEL) &#8211; Pr\u00e9dio do PDE<\/p>\n","protected":false},"author":6,"featured_media":0,"parent":0,"menu_order":0,"comment_status":"closed","ping_status":"closed","template":"","meta":{"_acf_changed":false,"_themeisle_gutenberg_block_has_review":false,"footnotes":""},"class_list":["post-107","page","type-page","status-publish","hentry"],"acf":[],"_links":{"self":[{"href":"https:\/\/projetos.uel.br\/espanhol-no-vestibular\/wp-json\/wp\/v2\/pages\/107","targetHints":{"allow":["GET"]}}],"collection":[{"href":"https:\/\/projetos.uel.br\/espanhol-no-vestibular\/wp-json\/wp\/v2\/pages"}],"about":[{"href":"https:\/\/projetos.uel.br\/espanhol-no-vestibular\/wp-json\/wp\/v2\/types\/page"}],"author":[{"embeddable":true,"href":"https:\/\/projetos.uel.br\/espanhol-no-vestibular\/wp-json\/wp\/v2\/users\/6"}],"replies":[{"embeddable":true,"href":"https:\/\/projetos.uel.br\/espanhol-no-vestibular\/wp-json\/wp\/v2\/comments?post=107"}],"version-history":[{"count":4,"href":"https:\/\/projetos.uel.br\/espanhol-no-vestibular\/wp-json\/wp\/v2\/pages\/107\/revisions"}],"predecessor-version":[{"id":155,"href":"https:\/\/projetos.uel.br\/espanhol-no-vestibular\/wp-json\/wp\/v2\/pages\/107\/revisions\/155"}],"wp:attachment":[{"href":"https:\/\/projetos.uel.br\/espanhol-no-vestibular\/wp-json\/wp\/v2\/media?parent=107"}],"curies":[{"name":"wp","href":"https:\/\/api.w.org\/{rel}","templated":true}]}}

<p>Fique atento, teremos aulões a partir do mês que vem. <br>Acompanhe datas e horários abaixo:</p>



<p><strong>Dia 04/10/2025:</strong> das 14:00 às 18:00 horas<br><strong>Dia 11/10/2025:</strong> das 14:00 às 15:40 horas<br><strong>Dia 18/10/2025:</strong> das 14:00 às 15:40 horas</p>



<p><strong>Local:</strong> Curso Especial Pré-Vestibular (CEPV-UEL) &#8211; Prédio do PDE</p>



<p></p>

<p>Fique atento, teremos aulões a partir do mês que vem. Acompanhe datas e horários abaixo: Dia 04/10/2025: das 14:00 às 18:00 horasDia 11/10/2025: das 14:00 às 15:40 horasDia 18/10/2025: das 14:00 às 15:40 horas Local: Curso Especial Pré-Vestibular (CEPV-UEL) &#8211; Prédio do PDE</p>
