{"id":22,"date":"2024-09-26T15:24:09","date_gmt":"2024-09-26T18:24:09","guid":{"rendered":"https:\/\/projetos.uel.br\/disque-gramatica\/?page_id=22"},"modified":"2025-07-01T23:43:10","modified_gmt":"2025-07-02T02:43:10","slug":"historico","status":"publish","type":"page","link":"https:\/\/projetos.uel.br\/disque-gramatica\/historico\/","title":{"rendered":"Hist\u00f3rico"},"content":{"rendered":"\n<h2 class=\"wp-block-heading\"><\/h2>\n\n\n\n<p class=\"has-verde-color has-text-color has-link-color has-medium-font-size wp-elements-27dbe12d6ab51a7bced6df996ea137a6\"><strong>Disque-Gram\u00e1tica: tr\u00eas d\u00e9cadas de \u201cliga\u00e7\u00f5es\u201d<\/strong><\/p>\n\n\n\n<p>O Programa de Extens\u00e3o <strong>Disque-Gram\u00e1tica<\/strong>, idealizado pelo Professor Joaquim Carvalho da Silva (<em>in memoriam<\/em>), do Departamento de Letras Vern\u00e1culas e Cl\u00e1ssicas da Universidade Estadual de Londrina (UEL), tem uma trajet\u00f3ria rica e longeva.<\/p>\n\n\n\n<p>Seu funcionamento teve in\u00edcio, oficialmente, em 1\u00ba de mar\u00e7o de 1995, como um Projeto de Ensino, intitulado <strong>Escrit\u00f3rio de Texto<\/strong> e implantado, segundo registros oficiais, \u201cpara atender consultas telef\u00f4nicas sobre dificuldades da L\u00edngua Portuguesa, para toda comunidade, e a revis\u00e3o de textos e orienta\u00e7\u00e3o sobre como redigir, para comunidade universit\u00e1ria\u201d.<\/p>\n\n\n\n<p>A partir de 1998, como Projeto de Extens\u00e3o, o nome <strong>Disque-Gram\u00e1tica<\/strong> foi oficializado, em continuidade a um percurso que consolidou o projeto como oferta permanente e que se adaptou \u00e0s transforma\u00e7\u00f5es sociais e tecnol\u00f3gicas para continuar oferecendo suporte qualificado no uso da L\u00edngua Portuguesa.<\/p>\n\n\n\n<p class=\"has-verde-color has-text-color has-link-color has-medium-font-size wp-elements-870562a3780c488bdba41b92cea67b71\"><strong>Da origem com o telefone<\/strong> <strong>\u00e0 era digital e multim\u00eddia<\/strong><\/p>\n\n\n\n<p>Com um nome que remete \u00e0 sua g\u00eanese (o verbo \u201cdiscar\u201d), o <strong>Disque-Gram\u00e1tica<\/strong> iniciou suas atividades com atendimento presencial e via telefone. Essa abordagem inicial refletia o cen\u00e1rio de comunica\u00e7\u00e3o da \u00e9poca. Contudo, em sintonia com a evolu\u00e7\u00e3o da sociedade e o advento de novas linguagens e recursos digitais, o projeto soube se reinventar.<\/p>\n\n\n\n<p>Gradativamente, suas a\u00e7\u00f5es foram expandidas para novos meios, como o r\u00e1dio, canal em que j\u00e1 marcou presen\u00e7a, com dois programas distintos veiculados pela Paiquer\u00ea 91,7 FM de Londrina: o <em>Fala Brasil<\/em>, que oferecia solu\u00e7\u00f5es para d\u00favidas gramaticais, e o <em>Letra e M\u00fasica<\/em>, que promovia reflex\u00f5es lingu\u00edsticas sobre letras de can\u00e7\u00f5es.<\/p>\n\n\n\n<p>Mais recentemente, o projeto tamb\u00e9m se infiltrou nas m\u00eddias digitais.<\/p>\n\n\n\n<p>Atualmente, o <strong>Disque-Gram\u00e1tica<\/strong> mant\u00e9m seus atendimentos por diversos canais, incluindo <em>e-mail<\/em> e aplicativo de comunica\u00e7\u00e3o instant\u00e2nea, al\u00e9m de produzir e disponibilizar materiais em diferentes formatos para consulta dos usu\u00e1rios. Essa constante atualiza\u00e7\u00e3o garante que o projeto continue acess\u00edvel e relevante para suas comunidades.<\/p>\n\n\n\n<p class=\"has-verde-color has-text-color has-link-color has-medium-font-size wp-elements-55bca2e63060458e448089735a1302e0\"><strong>Um farol para a l\u00edngua,<\/strong> <strong>para a forma\u00e7\u00e3o e para o mercado<\/strong><\/p>\n\n\n\n<p>As a\u00e7\u00f5es do <strong>Disque-Gram\u00e1tica<\/strong>, coordenadas por diferentes professores e com a colabora\u00e7\u00e3o de dezenas de alunos ao longo dos anos, concentram-se na oferta de servi\u00e7os relacionados ao uso da express\u00e3o corrente da L\u00edngua Portuguesa, com foco na variedade culta, e na reflex\u00e3o sobre sua heterogeneidade constitutiva. O objetivo central \u00e9 oferecer orienta\u00e7\u00e3o especializada para o aprimoramento do uso da l\u00edngua. Ao longo do tempo, o projeto tamb\u00e9m j\u00e1 ofertou diversos minicursos e tem trabalhado com revis\u00e3o textual.<\/p>\n\n\n\n<p>A popula\u00e7\u00e3o-alvo do projeto \u00e9 ampla, abrangendo tanto a comunidade externa (p\u00fablico n\u00e3o vinculado \u00e0 universidade, sejam falantes ou n\u00e3o de portugu\u00eas) quanto a comunidade interna da UEL (docentes, discentes e servidores).<\/p>\n\n\n\n<p>Al\u00e9m do atendimento direto, o <strong>Disque-Gram\u00e1tica<\/strong> \u00e9 um espa\u00e7o vital para o desenvolvimento de pesquisa e, principalmente, para a forma\u00e7\u00e3o para o ensino. A equipe de colaboradores, composta por alunos e professores, executa todas as a\u00e7\u00f5es com fundamenta\u00e7\u00e3o te\u00f3rica, oferecendo tamb\u00e9m cursos e outras atividades demandadas tanto pela institui\u00e7\u00e3o quanto pela comunidade.<\/p>\n\n\n\n<p class=\"has-verde-color has-text-color has-link-color has-medium-font-size wp-elements-08267b196eb088fba3828d73f9d6b9b5\"><strong>Perspectivas para o futuro:<\/strong> <strong>inova\u00e7\u00e3o e expans\u00e3o<\/strong><\/p>\n\n\n\n<p>O <strong>Disque-Gram\u00e1tica<\/strong> est\u00e1 em constante movimento e se prepara para avan\u00e7ar para novas atividades. As perspectivas para o futuro incluem explorar novas ferramentas e recursos tecnol\u00f3gicos, retomar programas de r\u00e1dio e sistematizar ainda mais o trabalho com revis\u00e3o textual, visando inclusive formar alunos para o mercado editorial.<\/p>\n\n\n\n<p>Assim, o <strong>Disque-Gram\u00e1tica<\/strong> transcende sua origem telef\u00f4nica, tornando-se um verdadeiro selo que marca a presen\u00e7a da \u00e1rea de Letras em pr\u00e1ticas extensionistas e em dimens\u00f5es indissoci\u00e1veis do ensino, da pesquisa e da extens\u00e3o universit\u00e1ria, sempre com um olhar atento \u00e0s necessidades da comunidade e \u00e0s inova\u00e7\u00f5es do campo da linguagem.<\/p>\n","protected":false},"excerpt":{"rendered":"<p>Disque-Gram\u00e1tica: tr\u00eas d\u00e9cadas de \u201cliga\u00e7\u00f5es\u201d O Programa de Extens\u00e3o Disque-Gram\u00e1tica, idealizado pelo Professor Joaquim Carvalho da Silva (in memoriam), do Departamento de Letras Vern\u00e1culas e Cl\u00e1ssicas da Universidade Estadual de Londrina (UEL), tem uma trajet\u00f3ria rica e longeva. Seu funcionamento teve in\u00edcio, oficialmente, em 1\u00ba de mar\u00e7o de 1995, como um Projeto de Ensino, intitulado [&hellip;]<\/p>\n","protected":false},"author":9,"featured_media":0,"parent":0,"menu_order":0,"comment_status":"closed","ping_status":"closed","template":"","meta":{"_acf_changed":false,"footnotes":""},"class_list":["post-22","page","type-page","status-publish","hentry"],"acf":[],"_links":{"self":[{"href":"https:\/\/projetos.uel.br\/disque-gramatica\/wp-json\/wp\/v2\/pages\/22","targetHints":{"allow":["GET"]}}],"collection":[{"href":"https:\/\/projetos.uel.br\/disque-gramatica\/wp-json\/wp\/v2\/pages"}],"about":[{"href":"https:\/\/projetos.uel.br\/disque-gramatica\/wp-json\/wp\/v2\/types\/page"}],"author":[{"embeddable":true,"href":"https:\/\/projetos.uel.br\/disque-gramatica\/wp-json\/wp\/v2\/users\/9"}],"replies":[{"embeddable":true,"href":"https:\/\/projetos.uel.br\/disque-gramatica\/wp-json\/wp\/v2\/comments?post=22"}],"version-history":[{"count":13,"href":"https:\/\/projetos.uel.br\/disque-gramatica\/wp-json\/wp\/v2\/pages\/22\/revisions"}],"predecessor-version":[{"id":161,"href":"https:\/\/projetos.uel.br\/disque-gramatica\/wp-json\/wp\/v2\/pages\/22\/revisions\/161"}],"wp:attachment":[{"href":"https:\/\/projetos.uel.br\/disque-gramatica\/wp-json\/wp\/v2\/media?parent=22"}],"curies":[{"name":"wp","href":"https:\/\/api.w.org\/{rel}","templated":true}]}}