{"id":82,"date":"2024-11-07T15:59:14","date_gmt":"2024-11-07T18:59:14","guid":{"rendered":"https:\/\/projetos.uel.br\/casalefamilia\/?page_id=82"},"modified":"2024-11-08T11:26:13","modified_gmt":"2024-11-08T14:26:13","slug":"historico","status":"publish","type":"page","link":"https:\/\/projetos.uel.br\/casalefamilia\/","title":{"rendered":"Hist\u00f3rico"},"content":{"rendered":"\n<p class=\"has-text-align-center\"><strong>Hist\u00f3rico<\/strong><\/p>\n\n\n\n<p>As atividades vinculadas \u00e0 Cl\u00ednica Psicanal\u00edtica de Casal e Fam\u00edlia coordenadas pela Profa. Associada <a href=\"http:\/\/lattes.cnpq.br\/5815968830020591\">Ma\u00edra Bonaf\u00e9 Sei<\/a> foram iniciadas na Universidade Estadual de Londrina em 2012, por meio da proposi\u00e7\u00e3o de <a href=\"https:\/\/www.sistemasweb.uel.br\/index.php?contents=system\/prj\/pex\/index.php&amp;pagina=pex_qry_participante3.php&amp;p_cod_participante=1330590&amp;p_nome=MA%CDRA%20BONAF%C9%20SEI\">projetos de extens\u00e3o<\/a>. O primeiro projeto de extens\u00e3o foi intitulado &#8220;Atendimento psicol\u00f3gico a fam\u00edlias por meio de recursos art\u00edstico-expressivos com base no referencial winnicottiano&#8221;, tendo em vista a influ\u00eancia da pesquisa de doutorado defendida pela docente junto ao Instituto de Psicologia, que prop\u00f4s a realiza\u00e7\u00e3o de Arteterapia com fam\u00edlias, influenciada pela psican\u00e1lise winnicottiana no contexto da viol\u00eancia familiar. Os projetos de extens\u00e3o seguintes foram intitulados de &#8220;A psicoterapia psicanal\u00edtica de casal e fam\u00edlia na Cl\u00ednica Psicol\u00f3gica da UEL&#8221; e &#8220;Cl\u00ednica Psicanal\u00edtica de Casal e Fam\u00edlia na Cl\u00ednica Psicol\u00f3gica da UEL&#8221;, com o \u00faltimo estando j\u00e1 em sua segunda fase.<\/p>\n\n\n\n<div class=\"wp-block-media-text is-stacked-on-mobile\" style=\"grid-template-columns:22% auto\"><figure class=\"wp-block-media-text__media\"><img loading=\"lazy\" decoding=\"async\" width=\"300\" height=\"200\" src=\"https:\/\/projetos.uel.br\/casalefamilia\/wp-content\/uploads\/2024\/11\/IMG_4074-300x200.jpg\" alt=\"\" class=\"wp-image-98 size-full\" srcset=\"https:\/\/projetos.uel.br\/casalefamilia\/wp-content\/uploads\/2024\/11\/IMG_4074-300x200.jpg 300w, https:\/\/projetos.uel.br\/casalefamilia\/wp-content\/uploads\/2024\/11\/IMG_4074-1024x683.jpg 1024w, https:\/\/projetos.uel.br\/casalefamilia\/wp-content\/uploads\/2024\/11\/IMG_4074-768x512.jpg 768w, https:\/\/projetos.uel.br\/casalefamilia\/wp-content\/uploads\/2024\/11\/IMG_4074-1536x1024.jpg 1536w, https:\/\/projetos.uel.br\/casalefamilia\/wp-content\/uploads\/2024\/11\/IMG_4074-2048x1365.jpg 2048w\" sizes=\"auto, (max-width: 300px) 100vw, 300px\" \/><\/figure><div class=\"wp-block-media-text__content\">\n<p>A capacita\u00e7\u00e3o junto ao colaboradores da primeira vers\u00e3o do projeto dava um enfoque maior ao uso de recursos art\u00edstico-expressivos, inseridos de forma mais livre nas sess\u00f5es. Com o passar do tempo, optou-se por utilizar de propostas delimitadas, tais como a linha da vida, genograma e espa\u00e7ograma nas entrevistas iniciais, delineando-se uma compreens\u00e3o acerca da din\u00e2mica familiar e da demanda pelo atendimento do casal ou da fam\u00edlia.<\/p>\n<\/div><\/div>\n\n\n\n<p>Entendendo-se que a universidade de funda a partir do trip\u00e9 ensino-pesquisa-extens\u00e3o e tendo em vista que a Psican\u00e1lise de Casal e Fam\u00edlia se apresenta como um conte\u00fado pouco abordado na gradua\u00e7\u00e3o em Psicologia, foram realizados cursos de extens\u00e3o para capacita\u00e7\u00e3o te\u00f3rica, grupos de supervis\u00e3o para discuss\u00e3o das sess\u00f5es realizadas e pesquisas cient\u00edficas para compreens\u00e3o e aprimoramento dos atendimentos realizados.<\/p>\n\n\n\n<p>Espera-se que o interesse por essa modalidade cl\u00ednica possa se ampliar cada vez mais, sedimentando uma pr\u00e1tica capaz de promover a sa\u00fade mental dos c\u00f4njuges e familiares.<\/p>\n","protected":false},"excerpt":{"rendered":"<p>Hist\u00f3rico As atividades vinculadas \u00e0 Cl\u00ednica Psicanal\u00edtica de Casal e Fam\u00edlia coordenadas pela Profa. Associada Ma\u00edra Bonaf\u00e9 Sei foram iniciadas na Universidade Estadual de Londrina em 2012, por meio da proposi\u00e7\u00e3o de projetos de extens\u00e3o. O primeiro projeto de extens\u00e3o foi intitulado &#8220;Atendimento psicol\u00f3gico a fam\u00edlias por meio de recursos art\u00edstico-expressivos com base no referencial [&hellip;]<\/p>\n","protected":false},"author":8,"featured_media":0,"parent":0,"menu_order":0,"comment_status":"closed","ping_status":"closed","template":"","meta":{"_acf_changed":false,"footnotes":""},"class_list":["post-82","page","type-page","status-publish","hentry"],"acf":[],"_links":{"self":[{"href":"https:\/\/projetos.uel.br\/casalefamilia\/wp-json\/wp\/v2\/pages\/82","targetHints":{"allow":["GET"]}}],"collection":[{"href":"https:\/\/projetos.uel.br\/casalefamilia\/wp-json\/wp\/v2\/pages"}],"about":[{"href":"https:\/\/projetos.uel.br\/casalefamilia\/wp-json\/wp\/v2\/types\/page"}],"author":[{"embeddable":true,"href":"https:\/\/projetos.uel.br\/casalefamilia\/wp-json\/wp\/v2\/users\/8"}],"replies":[{"embeddable":true,"href":"https:\/\/projetos.uel.br\/casalefamilia\/wp-json\/wp\/v2\/comments?post=82"}],"version-history":[{"count":6,"href":"https:\/\/projetos.uel.br\/casalefamilia\/wp-json\/wp\/v2\/pages\/82\/revisions"}],"predecessor-version":[{"id":103,"href":"https:\/\/projetos.uel.br\/casalefamilia\/wp-json\/wp\/v2\/pages\/82\/revisions\/103"}],"wp:attachment":[{"href":"https:\/\/projetos.uel.br\/casalefamilia\/wp-json\/wp\/v2\/media?parent=82"}],"curies":[{"name":"wp","href":"https:\/\/api.w.org\/{rel}","templated":true}]}}