{"id":15,"date":"2024-11-07T14:20:00","date_gmt":"2024-11-07T17:20:00","guid":{"rendered":"https:\/\/projetos.uel.br\/casalefamilia\/?page_id=15"},"modified":"2026-02-13T14:30:26","modified_gmt":"2026-02-13T17:30:26","slug":"publicacoes","status":"publish","type":"page","link":"https:\/\/projetos.uel.br\/casalefamilia\/publicacoes\/","title":{"rendered":"Publica\u00e7\u00f5es sobre o projeto"},"content":{"rendered":"\n<p><em><strong>Artigos<\/strong><\/em><\/p>\n\n\n\n<ul class=\"wp-block-list\">\n<li>BRASIL, A. A. ; SEI, M. B. ; RUIZ, R. V. O. ; CARVALHO, R. M. <a href=\"http:\/\/periodicos.unifil.br\/index.php\/Revistateste\/article\/view\/3376\/3171\">A cl\u00ednica psicanal\u00edtica de casal e fam\u00edlia em servi\u00e7o-escola: panorama da atua\u00e7\u00e3o de um projeto de extens\u00e3o (2020-2025)<\/a>. Revista Terra &amp; Cultura: Cadernos de Ensino e Pesquisa, v. 41, p. 01-13, 2025.<\/li>\n\n\n\n<li>MILLS, H. D. ; OLIVEIRA, I. B. ; SEI, M. B. <a href=\"http:\/\/periodicos.unifil.br\/index.php\/Revistateste\/article\/view\/3204\/2997\">Linha da Vida: aplica\u00e7\u00e3o na cl\u00ednica psicanal\u00edtica de casal e fam\u00edlia<\/a>. Revista Terra &amp; Cultura: cadernos de ensino e pesquisa, v. 40, p. 1-16, 2024.<\/li>\n\n\n\n<li>GOUVEIA, E. C. ; SEI, M. B. <a href=\"https:\/\/vinculo.nesme.org.br\/SPAGESP\/article\/view\/45\/24\">A forma\u00e7\u00e3o em psicoterapia psicanal\u00edtica de casal: perspectiva de discentes de gradua\u00e7\u00e3o<\/a>. REVISTA DA SPAGESP, v. 24, n. 1, p. 99-114, 2023.<\/li>\n\n\n\n<li>MACHADO, R. G. ; SEI, M. B. ; ZANETTI, S. A. S. <a href=\"http:\/\/ojs.univas.edu.br\/index.php\/argumentosproeducacao\/article\/view\/43\/65\">Primeira experi\u00eancia cl\u00ednica em psicoterapia de casal e fam\u00edlia: relatos de estudantes<\/a>. Argumentos Pr\u00f3-Educa\u00e7\u00e3o, v. 1, n. 1, p. 150-168, 2016.<\/li>\n\n\n\n<li>FERNANDES, A. C. Z. ; SEI, M. B. <a href=\"https:\/\/pepsic.bvsalud.org\/scielo.php?script=sci_arttext&amp;pid=S0103-56652016000200006\">A cl\u00ednica psicanal\u00edtica com adolescentes: considera\u00e7\u00f5es sobre a psicoterapia individual e a psicoterapia familiar<\/a>. Psicologia Clinica (PUCRJ I mpresso), v. 28, n. 2, p. 89-108, 2016.<\/li>\n\n\n\n<li>OSTI, N. M. ; SEI, M. B. ; ZANETTI, S. A. S. <a href=\"https:\/\/pepsic.bvsalud.org\/scielo.php?script=sci_arttext&amp;pid=S1808-42812016000300018\">Psicoterapia de casal em um servi\u00e7o-escola de Psicologia: uma ilustra\u00e7\u00e3o cl\u00ednica<\/a>. ESTUDOS E PESQUISAS EM PSICOLOGIA (ONLINE), v. 16, n. 3, p. 993-1012, 2016.<\/li>\n\n\n\n<li>FRANCO, R. S. ; ALMEIDA, M. C. D. S. ; SEI, M. B. <a href=\"https:\/\/pepsic.bvsalud.org\/scielo.php?script=sci_arttext&amp;pid=S1984-90442016000100004\">Recursos art\u00edstico-expressivos na terapia familiar: um estudo te\u00f3rico-cl\u00ednico<\/a>. Revista de Psicologia da UNESP, v. 15, n. 1, p. 40-52, 2016.<\/li>\n\n\n\n<li>VERCEZE, F. A. ; SILVA, J. M. ; OLIVEIRA, K. M. ; SEI, M. B. <a href=\"https:\/\/pepsic.bvsalud.org\/scielo.php?script=sci_arttext&amp;pid=S1677-29702015000100008\">Ado\u00e7\u00e3o e a psicoterapia familiar: uma compreens\u00e3o winnicottiana<\/a>. Revista da SPAGESP, v. 16, n. 1, p. 92-106, 2015.<\/li>\n\n\n\n<li>FRANCO, R. S. ; SEI, M. B. <a href=\"https:\/\/pepsic.bvsalud.org\/scielo.php?script=sci_arttext&amp;pid=S1983-82202015000300009\">O uso do genograma na psicoterapia psicanal\u00edtica familiar<\/a>. Gerais: Revista Interinstitucional de Psicologia, v. 8, n. 2, p. 399-414, 2015.<\/li>\n\n\n\n<li>SOUZA, B. M. ; SEI, M. B. <a href=\"https:\/\/revistas.uepg.br\/index.php\/conexao\/article\/view\/5546\/4033\">A localiza\u00e7\u00e3o da queixa familiar em um paciente identificado<\/a>. Revista Conex\u00e3o UEPG, v. 10, n. 1, p. 102-111, 2014.<\/li>\n\n\n\n<li>FERNANDES, A. C. Z. ; SEI, M. B. <a href=\"https:\/\/pepsic.bvsalud.org\/pdf\/vinculo\/v11n1\/n1a04.pdf\">Psicoterapia familiar psicanal\u00edtica: reflex\u00f5es sobre os fen\u00f4menos transferenciais e contratransferenciais em um servi\u00e7o-escola de psicologia<\/a>. V\u00ednculo (S\u00e3o Paulo. Impresso), v. 11, n. 1, p. 16-24, 2014.<\/li>\n<\/ul>\n\n\n\n<p><em><strong>Cap\u00edtulos<\/strong><\/em><\/p>\n\n\n\n<ul class=\"wp-block-list\">\n<li>SEI, M. B. <a href=\"https:\/\/unipazgoias.org.br\/wp-content\/uploads\/Livro_3.pdf\">Arteterapia com fam\u00edlias: caminhos de interven\u00e7\u00e3o<\/a>. In: Sonia Maria Bufarah Tommasi. (Org.). Di\u00e1logos na Unipaz 2020: com Sonia Tommasi. 1ed.Goi\u00e1s: Unipaz Goi\u00e1s, 2021, v. III, p. 10-18.<\/li>\n\n\n\n<li>SANCHES, M. G. M. ; SEI, M. B. <a href=\"https:\/\/pos.uel.br\/psicologia\/wp-content\/uploads\/2021\/06\/Pesquisa-em-Psicologia-tracados-iniciais.pdf\">O espa\u00e7ograma como recurso facilitador na compreens\u00e3o da din\u00e2mica familiar incestuosa: estudo de casos<\/a>. In: Fl\u00e1via Fernandes de Carvalhaes; Ma\u00edra Bonaf\u00e9 Sei; Rafael Bianchi Silva. (Org.). Pesquisa em Psicologia: tra\u00e7ados iniciais. 1ed.Londrina: Universidade Estadual de Londrina, 2020, v. 1, p. 79-99.<\/li>\n\n\n\n<li>SEI, M. B.; ZANETTI, S. A. S. <a href=\"https:\/\/www.culturaacademica.com.br\/catalogo\/perspectivas-psicanaliticas-atuais-para-o-trabalho-com-familias-e-grupos-na-universidade\/\">A psicoterapia psicanal\u00edtica de casal e fam\u00edlia na Universidade de Londrina<\/a>. In: Thassia Souza Emidio; Mary Yoko Okamoto. (Org.). Perspectivas Psicanal\u00edticas atuais para o trabalho com fam\u00edlias e grupos na universidade. 1ed.S\u00e3o Paulo: Cultura Acad\u00eamica, 2017, v. 1, p. 26-47.<\/li>\n<\/ul>\n\n\n\n<p><strong><em>Livros<\/em><\/strong><\/p>\n\n\n\n<ul class=\"wp-block-list\">\n<li><a href=\"https:\/\/projetos.uel.br\/casalefamilia\/wp-content\/uploads\/2024\/11\/Livro-Formacao-pesquisa-e-a-clinica-psicanalitica-de-casais-e-familias.pdf\">Forma\u00e7\u00e3o, pesquisa e a clinica psicanal\u00edtica de casais e fam\u00edlias<\/a><\/li>\n\n\n\n<li><a href=\"https:\/\/projetos.uel.br\/casalefamilia\/wp-content\/uploads\/2024\/11\/Clinica-Psicanalitica-de-Casal-e-Familia-na-Universidade-Estadual-de-Londrina_-um-manual.pdf\">Cl\u00ednica Psicanal\u00edtica de Casal e Fam\u00edlia na Universidade Estadual de Londrina: um manual<\/a><\/li>\n<\/ul>\n\n\n\n<p><\/p>\n","protected":false},"excerpt":{"rendered":"<p>Artigos Cap\u00edtulos Livros<\/p>\n","protected":false},"author":8,"featured_media":0,"parent":0,"menu_order":0,"comment_status":"closed","ping_status":"closed","template":"","meta":{"_acf_changed":false,"footnotes":""},"class_list":["post-15","page","type-page","status-publish","hentry"],"acf":[],"_links":{"self":[{"href":"https:\/\/projetos.uel.br\/casalefamilia\/wp-json\/wp\/v2\/pages\/15","targetHints":{"allow":["GET"]}}],"collection":[{"href":"https:\/\/projetos.uel.br\/casalefamilia\/wp-json\/wp\/v2\/pages"}],"about":[{"href":"https:\/\/projetos.uel.br\/casalefamilia\/wp-json\/wp\/v2\/types\/page"}],"author":[{"embeddable":true,"href":"https:\/\/projetos.uel.br\/casalefamilia\/wp-json\/wp\/v2\/users\/8"}],"replies":[{"embeddable":true,"href":"https:\/\/projetos.uel.br\/casalefamilia\/wp-json\/wp\/v2\/comments?post=15"}],"version-history":[{"count":13,"href":"https:\/\/projetos.uel.br\/casalefamilia\/wp-json\/wp\/v2\/pages\/15\/revisions"}],"predecessor-version":[{"id":136,"href":"https:\/\/projetos.uel.br\/casalefamilia\/wp-json\/wp\/v2\/pages\/15\/revisions\/136"}],"wp:attachment":[{"href":"https:\/\/projetos.uel.br\/casalefamilia\/wp-json\/wp\/v2\/media?parent=15"}],"curies":[{"name":"wp","href":"https:\/\/api.w.org\/{rel}","templated":true}]}}