{"id":43,"date":"2024-09-30T10:46:07","date_gmt":"2024-09-30T13:46:07","guid":{"rendered":"https:\/\/projetos.uel.br\/bibliotecacomum\/?page_id=43"},"modified":"2024-11-07T11:39:39","modified_gmt":"2024-11-07T14:39:39","slug":"biblioteca-comum","status":"publish","type":"page","link":"https:\/\/projetos.uel.br\/bibliotecacomum\/biblioteca-comum\/","title":{"rendered":"BIBLIOTECA COMUM"},"content":{"rendered":"\n<div style=\"height:24px\" aria-hidden=\"true\" class=\"wp-block-spacer\"><\/div>\n\n\n\n<div class=\"wp-block-buttons is-content-justification-center is-layout-flex wp-container-core-buttons-is-layout-16018d1d wp-block-buttons-is-layout-flex\">\n<div class=\"wp-block-button has-custom-width wp-block-button__width-25 has-custom-font-size is-style-outline has-small-font-size is-style-outline--1\"><a class=\"wp-block-button__link has-cinza-claro-color has-verde-background-color has-text-color has-background has-link-color has-text-align-center wp-element-button\" href=\"https:\/\/projetos.uel.br\/bibliotecacomum\/bc-texto\/\" target=\"_blank\" rel=\"noreferrer noopener\">ACESSE AQUI A BIBLIOTECA COMUM &#8211; <strong>TEXTO<\/strong><\/a><\/div>\n\n\n\n<div class=\"wp-block-button has-custom-width wp-block-button__width-25 has-custom-font-size is-style-outline has-small-font-size is-style-outline--2\"><a class=\"wp-block-button__link has-cinza-claro-color has-verde-background-color has-text-color has-background has-link-color has-text-align-center wp-element-button\" href=\"https:\/\/projetos.uel.br\/bibliotecacomum\/bc-vidmin\/\" target=\"_blank\" rel=\"noreferrer noopener\">ACESSE AQUI A BIBLIOTECA COMUM &#8211; <strong>V\u00cdDEO<\/strong><\/a><\/div>\n<\/div>\n\n\n\n<div style=\"height:57px\" aria-hidden=\"true\" class=\"wp-block-spacer\"><\/div>\n\n\n\n<p>&nbsp;&nbsp; A&nbsp; Biblioteca Comum (BC) \u00e9 um projeto de extens\u00e3o, realizado na Universidade Estadual de Londrina (UEL), cujo objetivo \u00e9 incrementar o acervo digital das bibliotecas escolares em busca da universaliza\u00e7\u00e3o de seu acesso, em conson\u00e2ncia com os esfor\u00e7os promulgados pela lei N\u00ba 12.244 de 24 de maio de 2010 e a lei Castilho, n.\u00ba 13.696, de 12 de julho de 2018, que prop\u00f5e um marco legal para a promo\u00e7\u00e3o do livro, da leitura e da biblioteca no Brasil. Para isso, buscamos Recursos Educacionais Abertos (obras em dom\u00ednio p\u00fablico ou sob a licen\u00e7a Creative Commons) e as integramos a um sistema aberto de gest\u00e3o de bibliotecas. O resultado, sempre em atualiza\u00e7\u00e3o, conta atualmente com mais de 4.100 livros cl\u00e1ssicos e cient\u00edficos, 500 v\u00eddeos did\u00e1ticos, 700 \u00e1udios e 15.000 ilustra\u00e7\u00f5es, selecionados para que caibam em um pen drive popular de 32 GB, orientados ao aprendizado cont\u00ednuo dos professores e ao aux\u00edlio na prepara\u00e7\u00e3o de suas aulas.<\/p>\n\n\n\n<p>&nbsp;&nbsp;&nbsp; As obras ficam no computador local, assim n\u00e3o \u00e9 preciso ter acesso \u00e0 internet para usar a biblioteca, que pode ser acessada inclusive pelos celulares e tablets dos alunos, em sua rede interna sem fio, evitando o controle das plataformas dominantes.&nbsp;O projeto \u00e9 constitu\u00eddo de quatro tarefas cont\u00ednuas:&nbsp;<strong>Coleta<\/strong>, em que buscamos, programaticamente, materiais digitais com licen\u00e7as abertas e os armazenamos em nosso diret\u00f3rio;&nbsp;<strong>Curadoria<\/strong>, em que selecionamos parte do material coletado, extra\u00edmos deles informa\u00e7\u00f5es relevantes e os disponibilizamos em pen drives populares, integrados a um sistema de recupera\u00e7\u00e3o de informa\u00e7\u00e3o \u2013 os buscadores;&nbsp;<strong>Cataloga\u00e7\u00e3o<\/strong>, em que profissionais da informa\u00e7\u00e3o catalogam os recursos de todos os buscadores, gerando um \u00fanico banco de dados integrado a um sistema de gest\u00e3o de bibliotecas \u2013 o biblivre; e a&nbsp;<strong>Distribui\u00e7\u00e3o<\/strong>, em que propomos o uso pr\u00e1tico dessa tecnologia como ferramenta pedag\u00f3gica em disciplinas no departamento de Ci\u00eancia da Informa\u00e7\u00e3o da UEL.<\/p>\n\n\n\n<p>&nbsp;&nbsp;&nbsp; Dos textos baixados durante a fase de coleta, selecionamos alguns para compor um acervo <a href=\"https:\/\/projetos.uel.br\/bibliotecacomum\/bc-texto\">inicial <\/a>(cl\u00e1ssicos e cient\u00edficos), atentando para caberem em pen drives de 32 GB. Segue a primeira vers\u00e3o do nosso buscador. Lembrando que ele poder\u00e1 acompanhar o acervo a ser distribu\u00eddo aos alunos e professores, sem que nada precise ser instalado, ou ser instalado em um servidor de web, na intranet da escola.<\/p>\n\n\n\n<p><\/p>\n\n\n\n<p>Mais <a href=\"https:\/\/sites.google.com\/view\/benjaminlfranklin\/projetos\/biblioteca-comum\">informa\u00e7\u00f5es<\/a>&#8230;<\/p>\n\n\n\n<p>Participaram desta vers\u00e3o:<\/p>\n\n\n\n<p><strong>1- Benjamin Luiz Franklin<\/strong><\/p>\n\n\n\n<p>&nbsp;&nbsp;&nbsp; Doutor pelo programa de Engenharia e Gest\u00e3o de Conhecimento da Universidade Federal de Santa Catarina (2011). Possui gradua\u00e7\u00e3o em An\u00e1lise de Sistemas pela Universidade Paulista (1996) e mestrado em Engenharia de Sistemas pelo Instituto de Pesquisas Tecnol\u00f3gicas do Estado de S\u00e3o Paulo (2001). Professor associado da Universidade Estadual de Londrina (UEL). Coordenador do projeto Biblioteca Comum.&nbsp;<\/p>\n\n\n\n<p>CV Lattes:&nbsp;<a href=\"https:\/\/precog.com.br\/bc-texto\/sobre\/Endere%E7o+para+acessar+este+CV:%20http:\/\/lattes.cnpq.br\/7192179175216123\">http:\/\/lattes.cnpq.br\/7192179175216123<\/a><\/p>\n","protected":false},"excerpt":{"rendered":"<p>&nbsp;&nbsp; A&nbsp; Biblioteca Comum (BC) \u00e9 um projeto de extens\u00e3o, realizado na Universidade Estadual de Londrina (UEL), cujo objetivo \u00e9 incrementar o acervo digital das bibliotecas escolares em busca da universaliza\u00e7\u00e3o de seu acesso, em conson\u00e2ncia com os esfor\u00e7os promulgados pela lei N\u00ba 12.244 de 24 de maio de 2010 e a lei Castilho, n.\u00ba [&hellip;]<\/p>\n","protected":false},"author":5,"featured_media":0,"parent":0,"menu_order":0,"comment_status":"closed","ping_status":"closed","template":"","meta":{"_acf_changed":false,"footnotes":""},"class_list":["post-43","page","type-page","status-publish","hentry"],"acf":[],"_links":{"self":[{"href":"https:\/\/projetos.uel.br\/bibliotecacomum\/wp-json\/wp\/v2\/pages\/43","targetHints":{"allow":["GET"]}}],"collection":[{"href":"https:\/\/projetos.uel.br\/bibliotecacomum\/wp-json\/wp\/v2\/pages"}],"about":[{"href":"https:\/\/projetos.uel.br\/bibliotecacomum\/wp-json\/wp\/v2\/types\/page"}],"author":[{"embeddable":true,"href":"https:\/\/projetos.uel.br\/bibliotecacomum\/wp-json\/wp\/v2\/users\/5"}],"replies":[{"embeddable":true,"href":"https:\/\/projetos.uel.br\/bibliotecacomum\/wp-json\/wp\/v2\/comments?post=43"}],"version-history":[{"count":14,"href":"https:\/\/projetos.uel.br\/bibliotecacomum\/wp-json\/wp\/v2\/pages\/43\/revisions"}],"predecessor-version":[{"id":74,"href":"https:\/\/projetos.uel.br\/bibliotecacomum\/wp-json\/wp\/v2\/pages\/43\/revisions\/74"}],"wp:attachment":[{"href":"https:\/\/projetos.uel.br\/bibliotecacomum\/wp-json\/wp\/v2\/media?parent=43"}],"curies":[{"name":"wp","href":"https:\/\/api.w.org\/{rel}","templated":true}]}}